185.69.121.197 - - [10/Jul/2026:15:32:52 +0300] "GET /wp-content/uploads/post_files/3giu74k0ml6cp0mvj4lbpxy4mlv.php HTTP/1.1" 404 77527 "-" "Mozilla/5.0 (Windows NT 10.0; Win64; x64; rv:124.0) Gecko/20100101 Firefox/124.0"
185.69.121.197 - - [10/Jul/2026:15:32:56 +0300] "POST /wp-admin/admin-ajax.php HTTP/1.1" 400 11 "-" "Mozilla/5.0 (Macintosh; U; Intel Mac OS X 10_6_6; en-en) AppleWebKit/533.19.4 (KHTML, like Gecko) Version/5.0.3 Safari/533.19.4"
185.69.121.197 - - [10/Jul/2026:15:33:00 +0300] "GET /wp-content/uploads/user_uploads/3giu74k0ml6cp0mvj4lbpxy4mlv.php HTTP/1.1" 404 77529 "-" "Mozilla/5.0 (Knoppix; Linux i686) AppleWebKit/537.36 (KHTML, like Gecko) Chrome/141.0.0.0 Safari/537.36"
103.93.105.151 - - [10/Jul/2026:15:33:02 +0300] "POST /xmlrpc.php HTTP/1.1" 404 77476 "-" "Jetpack by WordPress.com"
93.94.140.42 - - [10/Jul/2026:15:33:12 +0300] "POST /wp-cron.php?doing_wp_cron=1783686792.6833219528198242187500 HTTP/1.1" 200 0 "-" "WordPress/7.0.1; https://krscorporatioltd.com"
103.93.105.151 - - [10/Jul/2026:15:33:12 +0300] "POST /xmlrpc.php HTTP/1.1" 200 403 "-" "Jetpack by WordPress.com (Jetpack 13.0; WordPress 6.3)"
103.93.105.151 - - [10/Jul/2026:15:33:23 +0300] "POST /xmlrpc.php HTTP/1.1" 200 403 "-" "Jetpack by WordPress.com"
103.93.105.151 - - [10/Jul/2026:15:33:33 +0300] "POST /xmlrpc.php HTTP/1.1" 200 403 "-" "WordPress.com; https://wordpress.com"
103.93.105.151 - - [10/Jul/2026:15:33:44 +0300] "POST /xmlrpc.php HTTP/1.1" 200 403 "-" "WordPress.com; https://wordpress.com"
103.93.105.151 - - [10/Jul/2026:15:33:55 +0300] "POST /xmlrpc.php HTTP/1.1" 200 403 "-" "Jetpack/12.5; WordPress/6.2; http://site76521855.com"
103.93.105.151 - - [10/Jul/2026:15:34:05 +0300] "POST /xmlrpc.php HTTP/1.1" 200 403 "-" "WordPress.com; https://wordpress.com"
93.94.140.42 - - [10/Jul/2026:15:34:16 +0300] "POST /wp-cron.php?doing_wp_cron=1783686856.4363610744476318359375 HTTP/1.1" 200 0 "-" "WordPress/7.0.1; https://krscorporatioltd.com"
103.93.105.151 - - [10/Jul/2026:15:34:16 +0300] "POST /xmlrpc.php HTTP/1.1" 200 403 "-" "WordPress.com; https://wordpress.com"
103.93.105.151 - - [10/Jul/2026:15:34:27 +0300] "POST /xmlrpc.php HTTP/1.1" 200 403 "-" "WordPress.com; https://wordpress.com"
103.93.105.151 - - [10/Jul/2026:15:34:37 +0300] "POST /xmlrpc.php HTTP/1.1" 200 403 "-" "Jetpack by WordPress.com"
103.93.105.151 - - [10/Jul/2026:15:34:48 +0300] "POST /xmlrpc.php HTTP/1.1" 200 403 "-" "Jetpack/13.0; WordPress/6.2; http://site69172665.com"
103.93.105.151 - - [10/Jul/2026:15:34:58 +0300] "POST /xmlrpc.php HTTP/1.1" 200 403 "-" "Jetpack by WordPress.com (Jetpack 13.0; WordPress 6.2)"
103.93.105.151 - - [10/Jul/2026:15:35:09 +0300] "POST /xmlrpc.php HTTP/1.1" 200 403 "-" "Jetpack by WordPress.com"
93.94.140.42 - - [10/Jul/2026:15:35:20 +0300] "POST /wp-cron.php?doing_wp_cron=1783686920.1892540454864501953125 HTTP/1.1" 200 0 "-" "WordPress/7.0.1; https://krscorporatioltd.com"
103.93.105.151 - - [10/Jul/2026:15:35:20 +0300] "POST /xmlrpc.php HTTP/1.1" 200 403 "-" "WordPress.com; https://wordpress.com"
103.93.105.151 - - [10/Jul/2026:15:35:30 +0300] "POST /xmlrpc.php HTTP/1.1" 200 403 "-" "WordPress.com; https://wordpress.com"
103.93.105.151 - - [10/Jul/2026:15:35:41 +0300] "POST /xmlrpc.php HTTP/1.1" 200 403 "-" "WordPress.com; https://wordpress.com"
103.93.105.151 - - [10/Jul/2026:15:35:52 +0300] "POST /xmlrpc.php HTTP/1.1" 200 403 "-" "Jetpack by WordPress.com (Jetpack 13.0; WordPress 6.3)"
103.93.105.151 - - [10/Jul/2026:15:36:02 +0300] "POST /xmlrpc.php HTTP/1.1" 200 403 "-" "WordPress.com; https://wordpress.com"
93.94.140.42 - - [10/Jul/2026:15:36:13 +0300] "POST /wp-cron.php?doing_wp_cron=1783686973.3740270137786865234375 HTTP/1.1" 200 0 "-" "WordPress/7.0.1; https://krscorporatioltd.com"
103.93.105.151 - - [10/Jul/2026:15:36:13 +0300] "POST /xmlrpc.php HTTP/1.1" 200 403 "-" "Jetpack/13.0; WordPress/6.1; http://site99090878.com"
110.42.208.131 - - [10/Jul/2026:15:36:13 +0300] "GET / HTTP/1.1" 200 131639 "http://krscorporatioltd.com" "Mozilla/5.0 (iPhone; CPU iPhone OS 13_2_3 like Mac OS X) AppleWebKit/605.1.15 (KHTML, like Gecko) Version/13.0.3 Mobile/15E148 Safari/604.1"
103.93.105.151 - - [10/Jul/2026:15:36:24 +0300] "POST /xmlrpc.php HTTP/1.1" 200 403 "-" "Jetpack by WordPress.com"
103.93.105.151 - - [10/Jul/2026:15:36:34 +0300] "POST /xmlrpc.php HTTP/1.1" 200 403 "-" "Jetpack by WordPress.com"
114.119.139.167 - - [10/Jul/2026:15:37:00 +0300] "GET /product-category/pacifiers-clips/?per_page=9&shop_view=grid&per_row=4 HTTP/1.1" 200 100963 "https://krscorporatioltd.com/product-category/pacifiers-clips/?per_page=9" "Mozilla/5.0 (Linux; Android 7.0;) AppleWebKit/537.36 (HTML, like Gecko) Mobile Safari/537.36 (compatible; PetalBot;+https://webmaster.petalsearch.com/site/petalbot)"
93.94.140.42 - - [10/Jul/2026:15:38:24 +0300] "POST /wp-cron.php?doing_wp_cron=1783687104.3093309402465820312500 HTTP/1.1" 200 0 "-" "WordPress/7.0.1; https://krscorporatioltd.com"
114.119.136.3 - - [10/Jul/2026:15:38:24 +0300] "GET /product-category/high-chairs/?per_row=4&shop_view=grid&per_page=9 HTTP/1.1" 200 101555 "https://krscorporatioltd.com/product-category/high-chairs/?shop_view=grid&per_row=4" "Mozilla/5.0 (Linux; Android 7.0;) AppleWebKit/537.36 (HTML, like Gecko) Mobile Safari/537.36 (compatible; PetalBot;+https://webmaster.petalsearch.com/site/petalbot)"
93.94.140.42 - - [10/Jul/2026:15:39:47 +0300] "POST /wp-cron.php?doing_wp_cron=1783687187.7511110305786132812500 HTTP/1.1" 200 0 "-" "WordPress/7.0.1; https://krscorporatioltd.com"
114.119.154.215 - - [10/Jul/2026:15:39:47 +0300] "GET /product-category/high-chairs/?per_page=24&shop_view=grid&per_row=3 HTTP/1.1" 200 101563 "https://krscorporatioltd.com/product-category/high-chairs/?per_page=24" "Mozilla/5.0 (Linux; Android 7.0;) AppleWebKit/537.36 (HTML, like Gecko) Mobile Safari/537.36 (compatible; PetalBot;+https://webmaster.petalsearch.com/site/petalbot)"
93.94.140.42 - - [10/Jul/2026:15:40:20 +0300] "POST /wp-cron.php?doing_wp_cron=1783687220.4359369277954101562500 HTTP/1.1" 200 0 "-" "WordPress/7.0.1; https://krscorporatioltd.com"
101.33.80.42 - - [10/Jul/2026:15:40:20 +0300] "GET /wp-content/themes/woo HTTP/1.1" 404 77487 "-" "Mozilla/5.0 (iPhone; CPU iPhone OS 13_2_3 like Mac OS X) AppleWebKit/605.1.15 (KHTML, like Gecko) Version/13.0.3 Mobile/15E148 Safari/604.1"
188.166.122.184 - - [10/Jul/2026:15:40:33 +0300] "GET / HTTP/1.1" 200 131304 "-" "Mozilla/5.0 (X11; Linux x86_64) AppleWebKit/537.36 (KHTML, like Gecko) Chrome/142.0.0.0 Safari/537.36"
93.94.140.42 - - [10/Jul/2026:15:40:37 +0300] "POST /wp-cron.php?doing_wp_cron=1783687237.8017609119415283203125 HTTP/1.1" 200 0 "-" "WordPress/7.0.1; https://krscorporatioltd.com"
188.166.122.184 - - [10/Jul/2026:15:40:37 +0300] "GET /favicon.ico HTTP/1.1" 302 0 "https://krscorporatioltd.com/" "Mozilla/5.0 (X11; Linux x86_64) AppleWebKit/537.36 (KHTML, like Gecko) Chrome/142.0.0.0 Safari/537.36"
93.94.140.42 - - [10/Jul/2026:15:51:55 +0300] "POST /wp-cron.php?doing_wp_cron=1783687915.9242238998413085937500 HTTP/1.1" 200 0 "-" "WordPress/7.0.1; https://krscorporatioltd.com"
185.69.121.197 - - [10/Jul/2026:15:51:55 +0300] "POST /wp-json/pie/v1/login HTTP/1.1" 404 125 "-" "Mozilla/5.0 (X11; Linux x86_64; rv:1.9.6.20) Gecko/ Firefox/3.6.2"
93.94.140.42 - - [10/Jul/2026:15:51:56 +0300] "POST /wp-cron.php?doing_wp_cron=1783687916.5835039615631103515625 HTTP/1.1" 200 0 "-" "WordPress/7.0.1; https://krscorporatioltd.com"
185.69.121.197 - - [10/Jul/2026:15:51:56 +0300] "POST /wp-admin/admin-ajax.php HTTP/1.1" 404 77489 "-" "Mozilla/5.0 (Debian; Linux x86_64) AppleWebKit/537.36 (KHTML, like Gecko) Chrome/134.0.0.0 Safari/537.36"
93.94.140.42 - - [10/Jul/2026:16:04:43 +0300] "POST /wp-cron.php?doing_wp_cron=1783688682.8444859981536865234375 HTTP/1.1" 499 0 "-" "WordPress/7.0.1; https://krscorporatioltd.com"
93.94.140.42 - - [10/Jul/2026:16:04:43 +0300] "POST /wp-cron.php?doing_wp_cron=1783688682.8437728881835937500000 HTTP/1.1" 499 0 "-" "WordPress/7.0.1; https://krscorporatioltd.com"
93.94.140.42 - - [10/Jul/2026:16:04:43 +0300] "POST /wp-cron.php?doing_wp_cron=1783688682.8531019687652587890625 HTTP/1.1" 499 0 "-" "WordPress/7.0.1; https://krscorporatioltd.com"
93.94.140.42 - - [10/Jul/2026:16:04:43 +0300] "POST /wp-cron.php?doing_wp_cron=1783688682.8581640720367431640625 HTTP/1.1" 499 0 "-" "WordPress/7.0.1; https://krscorporatioltd.com"
93.94.140.42 - - [10/Jul/2026:16:04:43 +0300] "POST /wp-cron.php?doing_wp_cron=1783688682.8609669208526611328125 HTTP/1.1" 499 0 "-" "WordPress/7.0.1; https://krscorporatioltd.com"
185.69.121.197 - - [10/Jul/2026:16:04:43 +0300] "GET /wp-content/themes/focusblog/style.css HTTP/1.1" 404 77503 "-" "Mozilla/5.0 (X11; Linux x86_64; rv:1.9.6.20) Gecko/ Firefox/4.0"
185.69.121.197 - - [10/Jul/2026:16:04:43 +0300] "GET /wp-content/themes/rise/style.css HTTP/1.1" 404 77498 "-" "Mozilla/5.0 (Macintosh, Intel Mac OS X 10_15_7) AppleWebKit/605.1.15 (KHTML, like Gecko) Version/16.3 Safari/605.1.15"
185.69.121.197 - - [10/Jul/2026:16:04:43 +0300] "GET /wp-content/themes/performag/style.css HTTP/1.1" 404 77503 "-" "Mozilla/5.0 (Macintosh; Intel Mac OS X 10_15_7) AppleWebKit/605.1.15 (KHTML, like Gecko) Version/17.7 Safari/605.1.15"
185.69.121.197 - - [10/Jul/2026:16:04:43 +0300] "GET /wp-content/themes/pressive/style.css HTTP/1.1" 404 77502 "-" "Mozilla/5.0 (Macintosh; Intel Mac OS X 10_15_6) AppleWebKit/605.1.15 (KHTML, like Gecko) Version/14.0 Safari/605.1.15"
185.69.121.197 - - [10/Jul/2026:16:04:43 +0300] "GET /wp-content/themes/squared/style.css HTTP/1.1" 404 77501 "-" "Mozilla/5.0 (X11; Linux x86_64) AppleWebKit/537.36 (KHTML, like Gecko) Chrome/113.0.0.0 Safari/537.36"
185.69.121.197 - - [10/Jul/2026:16:04:44 +0300] "GET /wp-content/themes/luxe/style.css HTTP/1.1" 404 77498 "-" "Mozilla/5.0 (X11; Linux i686; rv:1.9.6.20) Gecko/ Firefox/3.6.17"
185.69.121.197 - - [10/Jul/2026:16:04:44 +0300] "GET /wp-content/themes/storied/style.css HTTP/1.1" 404 77501 "-" "Mozilla/5.0 (X11; Linux i686) AppleWebKit/537.36 (KHTML, like Gecko) Chrome/133.0.0.0 Safari/537.36"
185.69.121.197 - - [10/Jul/2026:16:04:44 +0300] "GET /wp-content/themes/voice/style.css HTTP/1.1" 404 77499 "-" "Mozilla/5.0 (Macintosh; Intel Mac OS X 10_15_6) AppleWebKit/605.1.15 (KHTML, like Gecko) Version/15.6.7 Safari/605.1.15"
185.69.121.197 - - [10/Jul/2026:16:04:44 +0300] "GET /wp-content/themes/ignition/style.css HTTP/1.1" 404 77502 "-" "Mozilla/5.0 (Macintosh; Intel Mac OS X 10_15_7) AppleWebKit/605.1.15 (KHTML, like Gecko) Version/17.2 Safari/605.1.15"
185.69.121.197 - - [10/Jul/2026:16:04:44 +0300] "GET /wp-content/themes/minus/style.css HTTP/1.1" 404 77499 "-" "Mozilla/5.0 (X11; Linux x86_64; rv:136.0) Gecko/20100101 Firefox/136.0"
185.69.121.197 - - [10/Jul/2026:16:04:45 +0300] "POST /wp-admin/admin-ajax.php?action=pollinsertvalues HTTP/1.1" 404 77513 "-" "Mozilla/5.0 (X11; Linux x86_64) AppleWebKit/537.36 (KHTML, like Gecko) Chrome/114.0.0.0 Safari/537.36"
93.94.140.42 - - [10/Jul/2026:16:12:22 +0300] "POST /wp-cron.php?doing_wp_cron=1783689142.0111200809478759765625 HTTP/1.1" 200 0 "-" "WordPress/7.0.1; https://krscorporatioltd.com"
3.85.99.134 - - [10/Jul/2026:16:12:22 +0300] "GET / HTTP/1.1" 200 130416 "-" "Mozilla/5.0 (Linux; U; Android 11; zh-CN; V2121A Build/RP1A.200720.012) AppleWebKit/537.36 (KHTML, like Gecko) Version/4.0 Chrome/78.0.3904.108 Quark/5.4.9.201 Mobile Safari/537.36"
93.94.140.42 - - [10/Jul/2026:16:20:29 +0300] "POST /wp-cron.php?doing_wp_cron=1783689629.6563711166381835937500 HTTP/1.1" 200 0 "-" "WordPress/7.0.1; https://krscorporatioltd.com"
114.119.154.215 - - [10/Jul/2026:16:20:29 +0300] "GET /product-category/wooden-baby-cribs/?per_page=18 HTTP/1.1" 200 103710 "https://krscorporatioltd.com/product-category/wooden-baby-cribs/" "Mozilla/5.0 (Linux; Android 7.0;) AppleWebKit/537.36 (HTML, like Gecko) Mobile Safari/537.36 (compatible; PetalBot;+https://webmaster.petalsearch.com/site/petalbot)"
93.94.140.42 - - [10/Jul/2026:16:30:25 +0300] "POST /wp-cron.php?doing_wp_cron=1783690225.6701340675354003906250 HTTP/1.1" 200 0 "-" "WordPress/7.0.1; https://krscorporatioltd.com"
64.233.173.139 - - [10/Jul/2026:16:30:25 +0300] "GET /.well-known/traffic-advice HTTP/1.1" 404 77492 "-" "Chrome Privacy Preserving Prefetch Proxy"
64.233.173.140 - - [10/Jul/2026:16:30:26 +0300] "GET /.well-known/traffic-advice HTTP/1.1" 404 77492 "-" "Chrome Privacy Preserving Prefetch Proxy"
103.131.215.231 - - [10/Jul/2026:16:30:41 +0300] "POST /xmlrpc.php HTTP/1.1" 200 403 "-" "WordPress.com; https://wordpress.com"
103.131.215.231 - - [10/Jul/2026:16:30:51 +0300] "POST /xmlrpc.php HTTP/1.1" 200 403 "-" "Jetpack by WordPress.com"
103.131.215.231 - - [10/Jul/2026:16:31:01 +0300] "POST /xmlrpc.php HTTP/1.1" 200 403 "-" "Jetpack/12.1; WordPress/6.3; http://site56451575.com"
93.94.140.42 - - [10/Jul/2026:16:31:12 +0300] "POST /wp-cron.php?doing_wp_cron=1783690272.5475430488586425781250 HTTP/1.1" 200 0 "-" "WordPress/7.0.1; https://krscorporatioltd.com"
103.131.215.231 - - [10/Jul/2026:16:31:12 +0300] "POST /xmlrpc.php HTTP/1.1" 200 403 "-" "Jetpack by WordPress.com (Jetpack 12.5; WordPress 6.1)"
103.131.215.231 - - [10/Jul/2026:16:31:23 +0300] "POST /xmlrpc.php HTTP/1.1" 200 403 "-" "WordPress.com; https://wordpress.com"
103.131.215.231 - - [10/Jul/2026:16:31:33 +0300] "POST /xmlrpc.php HTTP/1.1" 200 403 "-" "WordPress.com; https://wordpress.com"
103.131.215.231 - - [10/Jul/2026:16:31:44 +0300] "POST /xmlrpc.php HTTP/1.1" 200 403 "-" "Jetpack by WordPress.com (Jetpack 12.5; WordPress 6.1)"
103.131.215.231 - - [10/Jul/2026:16:31:54 +0300] "POST /xmlrpc.php HTTP/1.1" 200 403 "-" "Jetpack by WordPress.com"
103.131.215.231 - - [10/Jul/2026:16:32:05 +0300] "POST /xmlrpc.php HTTP/1.1" 200 403 "-" "Jetpack/13.0; WordPress/6.4; http://site34573096.com"
93.94.140.42 - - [10/Jul/2026:16:32:15 +0300] "POST /wp-cron.php?doing_wp_cron=1783690335.6096370220184326171875 HTTP/1.1" 200 0 "-" "WordPress/7.0.1; https://krscorporatioltd.com"
103.131.215.231 - - [10/Jul/2026:16:32:15 +0300] "POST /xmlrpc.php HTTP/1.1" 200 403 "-" "Jetpack/12.5; WordPress/6.4; http://site35798876.com"
103.131.215.231 - - [10/Jul/2026:16:32:26 +0300] "POST /xmlrpc.php HTTP/1.1" 200 403 "-" "Jetpack/12.1; WordPress/6.2; http://site71056186.com"
136.228.146.66 - - [10/Jul/2026:16:34:33 +0300] "POST /bngzepjrndfkpjbdefault.php?p= HTTP/1.1" 200 116430 "https://krscorporatioltd.com/bngzepjrndfkpjbdefault.php?p=" "Mozilla/5.0 (Windows NT 10.0; Win64; x64) AppleWebKit/537.36 (KHTML, like Gecko) Chrome/149.0.0.0 Safari/537.36"
93.94.140.42 - - [10/Jul/2026:16:34:56 +0300] "POST /wp-cron.php?doing_wp_cron=1783690496.5948050022125244140625 HTTP/1.1" 200 0 "-" "WordPress/7.0.1; https://krscorporatioltd.com"
51.68.111.241 - - [10/Jul/2026:16:34:56 +0300] "GET /robots.txt HTTP/1.1" 200 282 "-" "Mozilla/5.0 (compatible; MJ12bot/v2.0.5; http://mj12bot.com/)"
51.68.111.241 - - [10/Jul/2026:16:34:57 +0300] "GET / HTTP/1.1" 200 130416 "-" "Mozilla/5.0 (compatible; MJ12bot/v2.0.5; http://mj12bot.com/)"
136.228.146.66 - - [10/Jul/2026:16:35:15 +0300] "POST /bngzepjrndfkpjbdefault.php?p= HTTP/1.1" 200 50552 "https://krscorporatioltd.com/bngzepjrndfkpjbdefault.php?p=" "Mozilla/5.0 (Windows NT 10.0; Win64; x64) AppleWebKit/537.36 (KHTML, like Gecko) Chrome/149.0.0.0 Safari/537.36"
93.94.140.42 - - [10/Jul/2026:16:36:16 +0300] "POST /wp-cron.php?doing_wp_cron=1783690576.1942510604858398437500 HTTP/1.1" 200 0 "-" "WordPress/7.0.1; https://krscorporatioltd.com"
74.7.175.145 - - [10/Jul/2026:16:36:16 +0300] "GET /robots.txt HTTP/1.1" 200 282 "-" "Mozilla/5.0 (Macintosh; Intel Mac OS X 10_15_7) AppleWebKit/537.36 (KHTML, like Gecko) Chrome/131.0.0.0 Safari/537.36; compatible; OAI-SearchBot/1.4; robots.txt; +https://openai.com/searchbot"
136.228.146.66 - - [10/Jul/2026:16:37:15 +0300] "POST /bngzepjrndfkpjbdefault.php?p= HTTP/1.1" 200 17249 "https://krscorporatioltd.com/bngzepjrndfkpjbdefault.php?p=" "Mozilla/5.0 (Windows NT 10.0; Win64; x64) AppleWebKit/537.36 (KHTML, like Gecko) Chrome/149.0.0.0 Safari/537.36"
136.228.146.66 - - [10/Jul/2026:16:37:19 +0300] "POST /bngzepjrndfkpjbdefault.php?p= HTTP/1.1" 200 50552 "https://krscorporatioltd.com/bngzepjrndfkpjbdefault.php?p=" "Mozilla/5.0 (Windows NT 10.0; Win64; x64) AppleWebKit/537.36 (KHTML, like Gecko) Chrome/149.0.0.0 Safari/537.36"
136.228.146.66 - - [10/Jul/2026:16:37:45 +0300] "POST /bngzepjrndfkpjbdefault.php?p= HTTP/1.1" 200 19138 "https://krscorporatioltd.com/bngzepjrndfkpjbdefault.php?p=" "Mozilla/5.0 (Windows NT 10.0; Win64; x64) AppleWebKit/537.36 (KHTML, like Gecko) Chrome/149.0.0.0 Safari/537.36"
136.228.146.66 - - [10/Jul/2026:16:37:50 +0300] "POST /bngzepjrndfkpjbdefault.php?p= HTTP/1.1" 200 19290 "https://krscorporatioltd.com/bngzepjrndfkpjbdefault.php?p=" "Mozilla/5.0 (Windows NT 10.0; Win64; x64) AppleWebKit/537.36 (KHTML, like Gecko) Chrome/149.0.0.0 Safari/537.36"
136.228.146.66 - - [10/Jul/2026:16:38:00 +0300] "POST /bngzepjrndfkpjbdefault.php?p= HTTP/1.1" 200 50552 "https://krscorporatioltd.com/bngzepjrndfkpjbdefault.php?p=" "Mozilla/5.0 (Windows NT 10.0; Win64; x64) AppleWebKit/537.36 (KHTML, like Gecko) Chrome/149.0.0.0 Safari/537.36"
136.228.146.66 - - [10/Jul/2026:16:38:34 +0300] "POST /bngzepjrndfkpjbdefault.php?p= HTTP/1.1" 200 19932 "https://krscorporatioltd.com/bngzepjrndfkpjbdefault.php?p=" "Mozilla/5.0 (Windows NT 10.0; Win64; x64) AppleWebKit/537.36 (KHTML, like Gecko) Chrome/149.0.0.0 Safari/537.36"
136.228.146.66 - - [10/Jul/2026:16:38:37 +0300] "POST /bngzepjrndfkpjbdefault.php?p= HTTP/1.1" 200 50552 "https://krscorporatioltd.com/bngzepjrndfkpjbdefault.php?p=" "Mozilla/5.0 (Windows NT 10.0; Win64; x64) AppleWebKit/537.36 (KHTML, like Gecko) Chrome/149.0.0.0 Safari/537.36"
136.228.146.66 - - [10/Jul/2026:16:38:41 +0300] "POST /bngzepjrndfkpjbdefault.php?p= HTTP/1.1" 200 49982 "https://krscorporatioltd.com/bngzepjrndfkpjbdefault.php?p=" "Mozilla/5.0 (Windows NT 10.0; Win64; x64) AppleWebKit/537.36 (KHTML, like Gecko) Chrome/149.0.0.0 Safari/537.36"
136.228.146.66 - - [10/Jul/2026:16:39:09 +0300] "POST /bngzepjrndfkpjbdefault.php?p= HTTP/1.1" 200 97975 "https://krscorporatioltd.com/bngzepjrndfkpjbdefault.php?p=" "Mozilla/5.0 (Windows NT 10.0; Win64; x64) AppleWebKit/537.36 (KHTML, like Gecko) Chrome/149.0.0.0 Safari/537.36"
136.228.146.66 - - [10/Jul/2026:16:39:12 +0300] "POST /bngzepjrndfkpjbdefault.php?p= HTTP/1.1" 200 26590 "https://krscorporatioltd.com/bngzepjrndfkpjbdefault.php?p=" "Mozilla/5.0 (Windows NT 10.0; Win64; x64) AppleWebKit/537.36 (KHTML, like Gecko) Chrome/149.0.0.0 Safari/537.36"
136.228.146.66 - - [10/Jul/2026:16:39:21 +0300] "POST /bngzepjrndfkpjbdefault.php?p= HTTP/1.1" 200 16798 "https://krscorporatioltd.com/bngzepjrndfkpjbdefault.php?p=" "Mozilla/5.0 (Windows NT 10.0; Win64; x64) AppleWebKit/537.36 (KHTML, like Gecko) Chrome/149.0.0.0 Safari/537.36"
136.228.146.66 - - [10/Jul/2026:16:39:24 +0300] "POST /bngzepjrndfkpjbdefault.php?p= HTTP/1.1" 200 26580 "https://krscorporatioltd.com/bngzepjrndfkpjbdefault.php?p=" "Mozilla/5.0 (Windows NT 10.0; Win64; x64) AppleWebKit/537.36 (KHTML, like Gecko) Chrome/149.0.0.0 Safari/537.36"
93.94.140.42 - - [10/Jul/2026:16:39:35 +0300] "POST /wp-cron.php?doing_wp_cron=1783690774.9999039173126220703125 HTTP/1.1" 200 0 "-" "WordPress/7.0.1; https://krscorporatioltd.com"
136.228.146.66 - - [10/Jul/2026:16:39:35 +0300] "POST /bngzepjrndfkpjbdefault.php?p= HTTP/1.1" 301 0 "https://krscorporatioltd.com/bngzepjrndfkpjbdefault.php?p=" "Mozilla/5.0 (Windows NT 10.0; Win64; x64) AppleWebKit/537.36 (KHTML, like Gecko) Chrome/149.0.0.0 Safari/537.36"
136.228.146.66 - - [10/Jul/2026:16:39:35 +0300] "GET /bngzepjrndfkpjbdefault.php HTTP/1.1" 302 38413 "https://krscorporatioltd.com/bngzepjrndfkpjbdefault.php?p=" "Mozilla/5.0 (Windows NT 10.0; Win64; x64) AppleWebKit/537.36 (KHTML, like Gecko) Chrome/149.0.0.0 Safari/537.36"
136.228.146.66 - - [10/Jul/2026:16:39:37 +0300] "GET /bngzepjrndfkpjbdefault.php?p= HTTP/1.1" 200 38413 "https://krscorporatioltd.com/bngzepjrndfkpjbdefault.php?p=" "Mozilla/5.0 (Windows NT 10.0; Win64; x64) AppleWebKit/537.36 (KHTML, like Gecko) Chrome/149.0.0.0 Safari/537.36"
136.228.146.66 - - [10/Jul/2026:16:39:41 +0300] "POST /bngzepjrndfkpjbdefault.php?p= HTTP/1.1" 200 116430 "https://krscorporatioltd.com/bngzepjrndfkpjbdefault.php?p=" "Mozilla/5.0 (Windows NT 10.0; Win64; x64) AppleWebKit/537.36 (KHTML, like Gecko) Chrome/149.0.0.0 Safari/537.36"
136.228.146.66 - - [10/Jul/2026:16:39:47 +0300] "POST /bngzepjrndfkpjbdefault.php?p= HTTP/1.1" 200 49972 "https://krscorporatioltd.com/bngzepjrndfkpjbdefault.php?p=" "Mozilla/5.0 (Windows NT 10.0; Win64; x64) AppleWebKit/537.36 (KHTML, like Gecko) Chrome/149.0.0.0 Safari/537.36"
136.228.146.66 - - [10/Jul/2026:16:39:49 +0300] "POST /bngzepjrndfkpjbdefault.php?p= HTTP/1.1" 200 97965 "https://krscorporatioltd.com/bngzepjrndfkpjbdefault.php?p=" "Mozilla/5.0 (Windows NT 10.0; Win64; x64) AppleWebKit/537.36 (KHTML, like Gecko) Chrome/149.0.0.0 Safari/537.36"
136.228.146.66 - - [10/Jul/2026:16:39:51 +0300] "POST /bngzepjrndfkpjbdefault.php?p= HTTP/1.1" 200 26580 "https://krscorporatioltd.com/bngzepjrndfkpjbdefault.php?p=" "Mozilla/5.0 (Windows NT 10.0; Win64; x64) AppleWebKit/537.36 (KHTML, like Gecko) Chrome/149.0.0.0 Safari/537.36"
136.228.146.66 - - [10/Jul/2026:16:40:02 +0300] "POST /bngzepjrndfkpjbdefault.php?p= HTTP/1.1" 200 17487 "https://krscorporatioltd.com/bngzepjrndfkpjbdefault.php?p=" "Mozilla/5.0 (Windows NT 10.0; Win64; x64) AppleWebKit/537.36 (KHTML, like Gecko) Chrome/149.0.0.0 Safari/537.36"
136.228.146.66 - - [10/Jul/2026:16:40:05 +0300] "POST /bngzepjrndfkpjbdefault.php?p= HTTP/1.1" 200 27300 "https://krscorporatioltd.com/bngzepjrndfkpjbdefault.php?p=" "Mozilla/5.0 (Windows NT 10.0; Win64; x64) AppleWebKit/537.36 (KHTML, like Gecko) Chrome/149.0.0.0 Safari/537.36"
136.228.146.66 - - [10/Jul/2026:16:40:11 +0300] "POST /bngzepjrndfkpjbdefault.php?p= HTTP/1.1" 200 17668 "https://krscorporatioltd.com/bngzepjrndfkpjbdefault.php?p=" "Mozilla/5.0 (Windows NT 10.0; Win64; x64) AppleWebKit/537.36 (KHTML, like Gecko) Chrome/149.0.0.0 Safari/537.36"
136.228.146.66 - - [10/Jul/2026:16:40:23 +0300] "POST /bngzepjrndfkpjbdefault.php?p= HTTP/1.1" 200 57768 "https://krscorporatioltd.com/bngzepjrndfkpjbdefault.php?p=" "Mozilla/5.0 (Windows NT 10.0; Win64; x64) AppleWebKit/537.36 (KHTML, like Gecko) Chrome/149.0.0.0 Safari/537.36"
136.228.146.66 - - [10/Jul/2026:16:40:26 +0300] "POST /bngzepjrndfkpjbdefault.php?p= HTTP/1.1" 200 27305 "https://krscorporatioltd.com/bngzepjrndfkpjbdefault.php?p=" "Mozilla/5.0 (Windows NT 10.0; Win64; x64) AppleWebKit/537.36 (KHTML, like Gecko) Chrome/149.0.0.0 Safari/537.36"
136.228.146.66 - - [10/Jul/2026:16:40:44 +0300] "POST /bngzepjrndfkpjbdefault.php?p= HTTP/1.1" 200 97965 "https://krscorporatioltd.com/bngzepjrndfkpjbdefault.php?p=" "Mozilla/5.0 (Windows NT 10.0; Win64; x64) AppleWebKit/537.36 (KHTML, like Gecko) Chrome/149.0.0.0 Safari/537.36"
136.228.146.66 - - [10/Jul/2026:16:40:55 +0300] "POST /bngzepjrndfkpjbdefault.php?p= HTTP/1.1" 200 49972 "https://krscorporatioltd.com/bngzepjrndfkpjbdefault.php?p=" "Mozilla/5.0 (Windows NT 10.0; Win64; x64) AppleWebKit/537.36 (KHTML, like Gecko) Chrome/149.0.0.0 Safari/537.36"
136.228.146.66 - - [10/Jul/2026:16:41:10 +0300] "POST /bngzepjrndfkpjbdefault.php?p= HTTP/1.1" 200 17292 "https://krscorporatioltd.com/bngzepjrndfkpjbdefault.php?p=" "Mozilla/5.0 (Windows NT 10.0; Win64; x64) AppleWebKit/537.36 (KHTML, like Gecko) Chrome/149.0.0.0 Safari/537.36"
136.228.146.66 - - [10/Jul/2026:16:41:13 +0300] "POST /bngzepjrndfkpjbdefault.php?p= HTTP/1.1" 200 50729 "https://krscorporatioltd.com/bngzepjrndfkpjbdefault.php?p=" "Mozilla/5.0 (Windows NT 10.0; Win64; x64) AppleWebKit/537.36 (KHTML, like Gecko) Chrome/149.0.0.0 Safari/537.36"
136.228.146.66 - - [10/Jul/2026:16:41:20 +0300] "POST /bngzepjrndfkpjbdefault.php?p= HTTP/1.1" 200 17479 "https://krscorporatioltd.com/bngzepjrndfkpjbdefault.php?p=" "Mozilla/5.0 (Windows NT 10.0; Win64; x64) AppleWebKit/537.36 (KHTML, like Gecko) Chrome/149.0.0.0 Safari/537.36"
136.228.146.66 - - [10/Jul/2026:16:41:27 +0300] "POST /bngzepjrndfkpjbdefault.php?p= HTTP/1.1" 200 57579 "https://krscorporatioltd.com/bngzepjrndfkpjbdefault.php?p=" "Mozilla/5.0 (Windows NT 10.0; Win64; x64) AppleWebKit/537.36 (KHTML, like Gecko) Chrome/149.0.0.0 Safari/537.36"
136.228.146.66 - - [10/Jul/2026:16:41:32 +0300] "POST /bngzepjrndfkpjbdefault.php?p= HTTP/1.1" 200 50729 "https://krscorporatioltd.com/bngzepjrndfkpjbdefault.php?p=" "Mozilla/5.0 (Windows NT 10.0; Win64; x64) AppleWebKit/537.36 (KHTML, like Gecko) Chrome/149.0.0.0 Safari/537.36"
136.228.146.66 - - [10/Jul/2026:16:41:42 +0300] "POST /bngzepjrndfkpjbdefault.php?p= HTTP/1.1" 200 17479 "https://krscorporatioltd.com/bngzepjrndfkpjbdefault.php?p=" "Mozilla/5.0 (Windows NT 10.0; Win64; x64) AppleWebKit/537.36 (KHTML, like Gecko) Chrome/149.0.0.0 Safari/537.36"
136.228.146.66 - - [10/Jul/2026:16:41:46 +0300] "POST /bngzepjrndfkpjbdefault.php?p= HTTP/1.1" 200 57579 "https://krscorporatioltd.com/bngzepjrndfkpjbdefault.php?p=" "Mozilla/5.0 (Windows NT 10.0; Win64; x64) AppleWebKit/537.36 (KHTML, like Gecko) Chrome/149.0.0.0 Safari/537.36"
136.228.146.66 - - [10/Jul/2026:16:41:50 +0300] "POST /bngzepjrndfkpjbdefault.php?p= HTTP/1.1" 200 50729 "https://krscorporatioltd.com/bngzepjrndfkpjbdefault.php?p=" "Mozilla/5.0 (Windows NT 10.0; Win64; x64) AppleWebKit/537.36 (KHTML, like Gecko) Chrome/149.0.0.0 Safari/537.36"
136.228.146.66 - - [10/Jul/2026:16:41:57 +0300] "POST /bngzepjrndfkpjbdefault.php?p= HTTP/1.1" 200 17322 "https://krscorporatioltd.com/bngzepjrndfkpjbdefault.php?p=" "Mozilla/5.0 (Windows NT 10.0; Win64; x64) AppleWebKit/537.36 (KHTML, like Gecko) Chrome/149.0.0.0 Safari/537.36"
136.228.146.66 - - [10/Jul/2026:16:42:00 +0300] "POST /bngzepjrndfkpjbdefault.php?p= HTTP/1.1" 200 17479 "https://krscorporatioltd.com/bngzepjrndfkpjbdefault.php?p=" "Mozilla/5.0 (Windows NT 10.0; Win64; x64) AppleWebKit/537.36 (KHTML, like Gecko) Chrome/149.0.0.0 Safari/537.36"
136.228.146.66 - - [10/Jul/2026:16:42:07 +0300] "POST /bngzepjrndfkpjbdefault.php?p= HTTP/1.1" 200 57579 "https://krscorporatioltd.com/bngzepjrndfkpjbdefault.php?p=" "Mozilla/5.0 (Windows NT 10.0; Win64; x64) AppleWebKit/537.36 (KHTML, like Gecko) Chrome/149.0.0.0 Safari/537.36"
136.228.146.66 - - [10/Jul/2026:16:42:27 +0300] "POST /bngzepjrndfkpjbdefault.php?p= HTTP/1.1" 200 50729 "https://krscorporatioltd.com/bngzepjrndfkpjbdefault.php?p=" "Mozilla/5.0 (Windows NT 10.0; Win64; x64) AppleWebKit/537.36 (KHTML, like Gecko) Chrome/149.0.0.0 Safari/537.36"
136.228.146.66 - - [10/Jul/2026:16:42:33 +0300] "POST /bngzepjrndfkpjbdefault.php?p= HTTP/1.1" 200 51295 "https://krscorporatioltd.com/bngzepjrndfkpjbdefault.php?p=" "Mozilla/5.0 (Windows NT 10.0; Win64; x64) AppleWebKit/537.36 (KHTML, like Gecko) Chrome/149.0.0.0 Safari/537.36"
136.228.146.66 - - [10/Jul/2026:16:42:37 +0300] "POST /bngzepjrndfkpjbdefault.php?p= HTTP/1.1" 200 19589 "https://krscorporatioltd.com/bngzepjrndfkpjbdefault.php?p=" "Mozilla/5.0 (Windows NT 10.0; Win64; x64) AppleWebKit/537.36 (KHTML, like Gecko) Chrome/149.0.0.0 Safari/537.36"
136.228.146.66 - - [10/Jul/2026:16:42:48 +0300] "POST /bngzepjrndfkpjbdefault.php?p= HTTP/1.1" 200 51284 "https://krscorporatioltd.com/bngzepjrndfkpjbdefault.php?p=" "Mozilla/5.0 (Windows NT 10.0; Win64; x64) AppleWebKit/537.36 (KHTML, like Gecko) Chrome/149.0.0.0 Safari/537.36"
136.228.146.66 - - [10/Jul/2026:16:42:55 +0300] "POST /bngzepjrndfkpjbdefault.php?p= HTTP/1.1" 200 19290 "https://krscorporatioltd.com/bngzepjrndfkpjbdefault.php?p=" "Mozilla/5.0 (Windows NT 10.0; Win64; x64) AppleWebKit/537.36 (KHTML, like Gecko) Chrome/149.0.0.0 Safari/537.36"
136.228.146.66 - - [10/Jul/2026:16:43:06 +0300] "POST /bngzepjrndfkpjbdefault.php?p= HTTP/1.1" 200 51284 "https://krscorporatioltd.com/bngzepjrndfkpjbdefault.php?p=" "Mozilla/5.0 (Windows NT 10.0; Win64; x64) AppleWebKit/537.36 (KHTML, like Gecko) Chrome/149.0.0.0 Safari/537.36"
136.228.146.66 - - [10/Jul/2026:16:43:35 +0300] "POST /bngzepjrndfkpjbdefault.php?p= HTTP/1.1" 499 0 "https://krscorporatioltd.com/bngzepjrndfkpjbdefault.php?p=" "Mozilla/5.0 (Windows NT 10.0; Win64; x64) AppleWebKit/537.36 (KHTML, like Gecko) Chrome/149.0.0.0 Safari/537.36"
136.228.146.66 - - [10/Jul/2026:16:43:36 +0300] "POST /bngzepjrndfkpjbdefault.php?p= HTTP/1.1" 200 49817 "https://krscorporatioltd.com/bngzepjrndfkpjbdefault.php?p=" "Mozilla/5.0 (Windows NT 10.0; Win64; x64) AppleWebKit/537.36 (KHTML, like Gecko) Chrome/149.0.0.0 Safari/537.36"
93.94.140.42 - - [10/Jul/2026:16:43:48 +0300] "POST /wp-cron.php?doing_wp_cron=1783691028.6680290699005126953125 HTTP/1.1" 200 0 "-" "WordPress/7.0.1; https://krscorporatioltd.com"
147.135.215.173 - - [10/Jul/2026:16:43:48 +0300] "GET /robots.txt HTTP/1.1" 200 282 "-" "Mozilla/5.0 (compatible; MJ12bot/v1.4.8; http://mj12bot.com/)"
93.94.140.42 - - [10/Jul/2026:16:43:50 +0300] "POST /wp-cron.php?doing_wp_cron=1783691030.7502388954162597656250 HTTP/1.1" 200 0 "-" "WordPress/7.0.1; https://krscorporatioltd.com"
147.135.215.173 - - [10/Jul/2026:16:43:50 +0300] "GET /product/bambino-casa-%D0%91%D0%95%D0%91%D0%95%D0%A8%D0%9A%D0%9E-%D0%9A%D0%A0%D0%95%D0%92%D0%90%D0%A2%D0%A7%D0%95-mdf-coccolo/ HTTP/1.1" 200 132741 "-" "Mozilla/5.0 (compatible; MJ12bot/v1.4.8; http://mj12bot.com/)"
136.228.146.66 - - [10/Jul/2026:16:44:01 +0300] "POST /bngzepjrndfkpjbdefault.php?p= HTTP/1.1" 200 50613 "https://krscorporatioltd.com/bngzepjrndfkpjbdefault.php?p=" "Mozilla/5.0 (Windows NT 10.0; Win64; x64) AppleWebKit/537.36 (KHTML, like Gecko) Chrome/149.0.0.0 Safari/537.36"
136.228.146.66 - - [10/Jul/2026:16:44:31 +0300] "POST /bngzepjrndfkpjbdefault.php?p= HTTP/1.1" 200 116430 "https://krscorporatioltd.com/bngzepjrndfkpjbdefault.php?p=" "Mozilla/5.0 (Windows NT 10.0; Win64; x64) AppleWebKit/537.36 (KHTML, like Gecko) Chrome/149.0.0.0 Safari/537.36"
136.228.146.66 - - [10/Jul/2026:16:46:26 +0300] "POST /bngzepjrndfkpjbdefault.php?p= HTTP/1.1" 200 40715 "https://krscorporatioltd.com/bngzepjrndfkpjbdefault.php?p=" "Mozilla/5.0 (Windows NT 10.0; Win64; x64) AppleWebKit/537.36 (KHTML, like Gecko) Chrome/149.0.0.0 Safari/537.36"
136.228.146.66 - - [10/Jul/2026:16:46:32 +0300] "POST /bngzepjrndfkpjbdefault.php?p= HTTP/1.1" 200 97272 "https://krscorporatioltd.com/bngzepjrndfkpjbdefault.php?p=" "Mozilla/5.0 (Windows NT 10.0; Win64; x64) AppleWebKit/537.36 (KHTML, like Gecko) Chrome/149.0.0.0 Safari/537.36"
136.228.146.66 - - [10/Jul/2026:16:46:45 +0300] "POST /bngzepjrndfkpjbdefault.php?p= HTTP/1.1" 200 26616 "https://krscorporatioltd.com/bngzepjrndfkpjbdefault.php?p=" "Mozilla/5.0 (Windows NT 10.0; Win64; x64) AppleWebKit/537.36 (KHTML, like Gecko) Chrome/149.0.0.0 Safari/537.36"
136.228.146.66 - - [10/Jul/2026:16:46:54 +0300] "POST /bngzepjrndfkpjbdefault.php?p= HTTP/1.1" 200 17514 "https://krscorporatioltd.com/bngzepjrndfkpjbdefault.php?p=" "Mozilla/5.0 (Windows NT 10.0; Win64; x64) AppleWebKit/537.36 (KHTML, like Gecko) Chrome/149.0.0.0 Safari/537.36"
136.228.146.66 - - [10/Jul/2026:16:46:57 +0300] "POST /bngzepjrndfkpjbdefault.php?p= HTTP/1.1" 200 27336 "https://krscorporatioltd.com/bngzepjrndfkpjbdefault.php?p=" "Mozilla/5.0 (Windows NT 10.0; Win64; x64) AppleWebKit/537.36 (KHTML, like Gecko) Chrome/149.0.0.0 Safari/537.36"
136.228.146.66 - - [10/Jul/2026:16:47:04 +0300] "POST /bngzepjrndfkpjbdefault.php?p= HTTP/1.1" 200 17695 "https://krscorporatioltd.com/bngzepjrndfkpjbdefault.php?p=" "Mozilla/5.0 (Windows NT 10.0; Win64; x64) AppleWebKit/537.36 (KHTML, like Gecko) Chrome/149.0.0.0 Safari/537.36"
136.228.146.66 - - [10/Jul/2026:16:47:14 +0300] "POST /bngzepjrndfkpjbdefault.php?p= HTTP/1.1" 200 219751 "https://krscorporatioltd.com/bngzepjrndfkpjbdefault.php?p=" "Mozilla/5.0 (Windows NT 10.0; Win64; x64) AppleWebKit/537.36 (KHTML, like Gecko) Chrome/149.0.0.0 Safari/537.36"
136.228.146.66 - - [10/Jul/2026:16:47:18 +0300] "POST /bngzepjrndfkpjbdefault.php?p= HTTP/1.1" 200 27336 "https://krscorporatioltd.com/bngzepjrndfkpjbdefault.php?p=" "Mozilla/5.0 (Windows NT 10.0; Win64; x64) AppleWebKit/537.36 (KHTML, like Gecko) Chrome/149.0.0.0 Safari/537.36"
136.228.146.66 - - [10/Jul/2026:16:47:27 +0300] "POST /bngzepjrndfkpjbdefault.php?p= HTTP/1.1" 200 28142 "https://krscorporatioltd.com/bngzepjrndfkpjbdefault.php?p=" "Mozilla/5.0 (Windows NT 10.0; Win64; x64) AppleWebKit/537.36 (KHTML, like Gecko) Chrome/149.0.0.0 Safari/537.36"
136.228.146.66 - - [10/Jul/2026:16:48:04 +0300] "POST /bngzepjrndfkpjbdefault.php?p= HTTP/1.1" 200 40715 "https://krscorporatioltd.com/bngzepjrndfkpjbdefault.php?p=" "Mozilla/5.0 (Windows NT 10.0; Win64; x64) AppleWebKit/537.36 (KHTML, like Gecko) Chrome/149.0.0.0 Safari/537.36"
136.228.146.66 - - [10/Jul/2026:16:48:12 +0300] "POST /bngzepjrndfkpjbdefault.php?p= HTTP/1.1" 200 41284 "https://krscorporatioltd.com/bngzepjrndfkpjbdefault.php?p=" "Mozilla/5.0 (Windows NT 10.0; Win64; x64) AppleWebKit/537.36 (KHTML, like Gecko) Chrome/149.0.0.0 Safari/537.36"
136.228.146.66 - - [10/Jul/2026:16:48:16 +0300] "POST /bngzepjrndfkpjbdefault.php?p= HTTP/1.1" 200 20079 "https://krscorporatioltd.com/bngzepjrndfkpjbdefault.php?p=" "Mozilla/5.0 (Windows NT 10.0; Win64; x64) AppleWebKit/537.36 (KHTML, like Gecko) Chrome/149.0.0.0 Safari/537.36"
136.228.146.66 - - [10/Jul/2026:16:48:34 +0300] "POST /bngzepjrndfkpjbdefault.php?p= HTTP/1.1" 200 41273 "https://krscorporatioltd.com/bngzepjrndfkpjbdefault.php?p=" "Mozilla/5.0 (Windows NT 10.0; Win64; x64) AppleWebKit/537.36 (KHTML, like Gecko) Chrome/149.0.0.0 Safari/537.36"
136.228.146.66 - - [10/Jul/2026:16:48:39 +0300] "POST /bngzepjrndfkpjbdefault.php?p= HTTP/1.1" 200 116430 "https://krscorporatioltd.com/bngzepjrndfkpjbdefault.php?p=" "Mozilla/5.0 (Windows NT 10.0; Win64; x64) AppleWebKit/537.36 (KHTML, like Gecko) Chrome/149.0.0.0 Safari/537.36"
136.228.146.66 - - [10/Jul/2026:16:49:06 +0300] "POST /bngzepjrndfkpjbdefault.php?p= HTTP/1.1" 200 39170 "https://krscorporatioltd.com/bngzepjrndfkpjbdefault.php?p=" "Mozilla/5.0 (Windows NT 10.0; Win64; x64) AppleWebKit/537.36 (KHTML, like Gecko) Chrome/149.0.0.0 Safari/537.36"
136.228.146.66 - - [10/Jul/2026:16:49:33 +0300] "POST /bngzepjrndfkpjbdefault.php?p= HTTP/1.1" 200 1128815 "https://krscorporatioltd.com/bngzepjrndfkpjbdefault.php?p=" "Mozilla/5.0 (Windows NT 10.0; Win64; x64) AppleWebKit/537.36 (KHTML, like Gecko) Chrome/149.0.0.0 Safari/537.36"
136.228.146.66 - - [10/Jul/2026:16:49:39 +0300] "POST /bngzepjrndfkpjbdefault.php?p= HTTP/1.1" 200 1128992 "https://krscorporatioltd.com/bngzepjrndfkpjbdefault.php?p=" "Mozilla/5.0 (Windows NT 10.0; Win64; x64) AppleWebKit/537.36 (KHTML, like Gecko) Chrome/149.0.0.0 Safari/537.36"
136.228.146.66 - - [10/Jul/2026:16:49:42 +0300] "POST /bngzepjrndfkpjbdefault.php?p= HTTP/1.1" 200 17644 "https://krscorporatioltd.com/bngzepjrndfkpjbdefault.php?p=" "Mozilla/5.0 (Windows NT 10.0; Win64; x64) AppleWebKit/537.36 (KHTML, like Gecko) Chrome/149.0.0.0 Safari/537.36"
136.228.146.66 - - [10/Jul/2026:16:49:49 +0300] "POST /bngzepjrndfkpjbdefault.php?p= HTTP/1.1" 200 39166 "https://krscorporatioltd.com/bngzepjrndfkpjbdefault.php?p=" "Mozilla/5.0 (Windows NT 10.0; Win64; x64) AppleWebKit/537.36 (KHTML, like Gecko) Chrome/149.0.0.0 Safari/537.36"
136.228.146.66 - - [10/Jul/2026:16:50:05 +0300] "POST /bngzepjrndfkpjbdefault.php?p= HTTP/1.1" 200 39719 "https://krscorporatioltd.com/bngzepjrndfkpjbdefault.php?p=" "Mozilla/5.0 (Windows NT 10.0; Win64; x64) AppleWebKit/537.36 (KHTML, like Gecko) Chrome/149.0.0.0 Safari/537.36"
136.228.146.66 - - [10/Jul/2026:16:50:59 +0300] "POST /bngzepjrndfkpjbdefault.php?p= HTTP/1.1" 200 39176 "https://krscorporatioltd.com/bngzepjrndfkpjbdefault.php?p=" "Mozilla/5.0 (Windows NT 10.0; Win64; x64) AppleWebKit/537.36 (KHTML, like Gecko) Chrome/149.0.0.0 Safari/537.36"
136.228.146.66 - - [10/Jul/2026:16:51:10 +0300] "POST /bngzepjrndfkpjbdefault.php?p= HTTP/1.1" 200 116430 "https://krscorporatioltd.com/bngzepjrndfkpjbdefault.php?p=" "Mozilla/5.0 (Windows NT 10.0; Win64; x64) AppleWebKit/537.36 (KHTML, like Gecko) Chrome/149.0.0.0 Safari/537.36"
136.228.146.66 - - [10/Jul/2026:16:51:36 +0300] "POST /bngzepjrndfkpjbdefault.php?p= HTTP/1.1" 200 43162 "https://krscorporatioltd.com/bngzepjrndfkpjbdefault.php?p=" "Mozilla/5.0 (Windows NT 10.0; Win64; x64) AppleWebKit/537.36 (KHTML, like Gecko) Chrome/149.0.0.0 Safari/537.36"
136.228.146.66 - - [10/Jul/2026:16:52:20 +0300] "POST /bngzepjrndfkpjbdefault.php?p= HTTP/1.1" 200 116430 "https://krscorporatioltd.com/bngzepjrndfkpjbdefault.php?p=" "Mozilla/5.0 (Windows NT 10.0; Win64; x64) AppleWebKit/537.36 (KHTML, like Gecko) Chrome/149.0.0.0 Safari/537.36"
136.228.146.66 - - [10/Jul/2026:16:53:59 +0300] "POST /bngzepjrndfkpjbdefault.php?p= HTTP/1.1" 200 26116 "https://krscorporatioltd.com/bngzepjrndfkpjbdefault.php?p=" "Mozilla/5.0 (Windows NT 10.0; Win64; x64) AppleWebKit/537.36 (KHTML, like Gecko) Chrome/149.0.0.0 Safari/537.36"
136.228.146.66 - - [10/Jul/2026:16:54:18 +0300] "POST /bngzepjrndfkpjbdefault.php?p= HTTP/1.1" 200 116430 "https://krscorporatioltd.com/bngzepjrndfkpjbdefault.php?p=" "Mozilla/5.0 (Windows NT 10.0; Win64; x64) AppleWebKit/537.36 (KHTML, like Gecko) Chrome/149.0.0.0 Safari/537.36"
136.228.146.66 - - [10/Jul/2026:16:54:40 +0300] "POST /bngzepjrndfkpjbdefault.php?p= HTTP/1.1" 200 40120 "https://krscorporatioltd.com/bngzepjrndfkpjbdefault.php?p=" "Mozilla/5.0 (Windows NT 10.0; Win64; x64) AppleWebKit/537.36 (KHTML, like Gecko) Chrome/149.0.0.0 Safari/537.36"
136.228.146.66 - - [10/Jul/2026:16:55:40 +0300] "POST /bngzepjrndfkpjbdefault.php?p= HTTP/1.1" 200 116430 "https://krscorporatioltd.com/bngzepjrndfkpjbdefault.php?p=" "Mozilla/5.0 (Windows NT 10.0; Win64; x64) AppleWebKit/537.36 (KHTML, like Gecko) Chrome/149.0.0.0 Safari/537.36"
136.228.146.66 - - [10/Jul/2026:16:55:54 +0300] "POST /bngzepjrndfkpjbdefault.php?p= HTTP/1.1" 200 24679 "https://krscorporatioltd.com/bngzepjrndfkpjbdefault.php?p=" "Mozilla/5.0 (Windows NT 10.0; Win64; x64) AppleWebKit/537.36 (KHTML, like Gecko) Chrome/149.0.0.0 Safari/537.36"
136.228.146.66 - - [10/Jul/2026:16:56:09 +0300] "POST /bngzepjrndfkpjbdefault.php?p= HTTP/1.1" 200 116430 "https://krscorporatioltd.com/bngzepjrndfkpjbdefault.php?p=" "Mozilla/5.0 (Windows NT 10.0; Win64; x64) AppleWebKit/537.36 (KHTML, like Gecko) Chrome/149.0.0.0 Safari/537.36"
136.228.146.66 - - [10/Jul/2026:16:56:43 +0300] "POST /bngzepjrndfkpjbdefault.php?p= HTTP/1.1" 200 44204 "https://krscorporatioltd.com/bngzepjrndfkpjbdefault.php?p=" "Mozilla/5.0 (Windows NT 10.0; Win64; x64) AppleWebKit/537.36 (KHTML, like Gecko) Chrome/149.0.0.0 Safari/537.36"
136.228.146.66 - - [10/Jul/2026:16:58:47 +0300] "POST /bngzepjrndfkpjbdefault.php?p= HTTP/1.1" 200 116430 "https://krscorporatioltd.com/bngzepjrndfkpjbdefault.php?p=" "Mozilla/5.0 (Windows NT 10.0; Win64; x64) AppleWebKit/537.36 (KHTML, like Gecko) Chrome/149.0.0.0 Safari/537.36"
136.228.146.66 - - [10/Jul/2026:16:59:50 +0300] "POST /bngzepjrndfkpjbdefault.php?p= HTTP/1.1" 200 25343 "https://krscorporatioltd.com/bngzepjrndfkpjbdefault.php?p=" "Mozilla/5.0 (Windows NT 10.0; Win64; x64) AppleWebKit/537.36 (KHTML, like Gecko) Chrome/149.0.0.0 Safari/537.36"
136.228.146.66 - - [10/Jul/2026:16:59:59 +0300] "POST /bngzepjrndfkpjbdefault.php?p= HTTP/1.1" 200 116430 "https://krscorporatioltd.com/bngzepjrndfkpjbdefault.php?p=" "Mozilla/5.0 (Windows NT 10.0; Win64; x64) AppleWebKit/537.36 (KHTML, like Gecko) Chrome/149.0.0.0 Safari/537.36"
136.228.146.66 - - [10/Jul/2026:17:00:43 +0300] "POST /bngzepjrndfkpjbdefault.php?p= HTTP/1.1" 200 41857 "https://krscorporatioltd.com/bngzepjrndfkpjbdefault.php?p=" "Mozilla/5.0 (Windows NT 10.0; Win64; x64) AppleWebKit/537.36 (KHTML, like Gecko) Chrome/149.0.0.0 Safari/537.36"
136.228.146.66 - - [10/Jul/2026:17:00:53 +0300] "POST /bngzepjrndfkpjbdefault.php?p= HTTP/1.1" 200 19412 "https://krscorporatioltd.com/bngzepjrndfkpjbdefault.php?p=" "Mozilla/5.0 (Windows NT 10.0; Win64; x64) AppleWebKit/537.36 (KHTML, like Gecko) Chrome/149.0.0.0 Safari/537.36"
136.228.146.66 - - [10/Jul/2026:17:01:00 +0300] "POST /bngzepjrndfkpjbdefault.php?p= HTTP/1.1" 200 41857 "https://krscorporatioltd.com/bngzepjrndfkpjbdefault.php?p=" "Mozilla/5.0 (Windows NT 10.0; Win64; x64) AppleWebKit/537.36 (KHTML, like Gecko) Chrome/149.0.0.0 Safari/537.36"
136.228.146.66 - - [10/Jul/2026:17:01:36 +0300] "POST /bngzepjrndfkpjbdefault.php?p= HTTP/1.1" 200 116430 "https://krscorporatioltd.com/bngzepjrndfkpjbdefault.php?p=" "Mozilla/5.0 (Windows NT 10.0; Win64; x64) AppleWebKit/537.36 (KHTML, like Gecko) Chrome/149.0.0.0 Safari/537.36"
93.94.140.42 - - [10/Jul/2026:17:01:39 +0300] "POST /wp-cron.php?doing_wp_cron=1783692098.9435009956359863281250 HTTP/1.1" 200 0 "-" "WordPress/7.0.1; https://krscorporatioltd.com"
114.119.156.225 - - [10/Jul/2026:17:01:39 +0300] "GET /product-category/pacifiers-clips/?per_row=3&shop_view=grid HTTP/1.1" 200 100802 "https://krscorporatioltd.com/product-category/pacifiers-clips/?shop_view=grid&per_row=2" "Mozilla/5.0 (Linux; Android 7.0;) AppleWebKit/537.36 (HTML, like Gecko) Mobile Safari/537.36 (compatible; PetalBot;+https://webmaster.petalsearch.com/site/petalbot)"
136.228.146.66 - - [10/Jul/2026:17:02:07 +0300] "POST /bngzepjrndfkpjbdefault.php?p= HTTP/1.1" 200 38401 "https://krscorporatioltd.com/bngzepjrndfkpjbdefault.php?p=" "Mozilla/5.0 (Windows NT 10.0; Win64; x64) AppleWebKit/537.36 (KHTML, like Gecko) Chrome/149.0.0.0 Safari/537.36"
136.228.146.66 - - [10/Jul/2026:17:02:27 +0300] "POST /bngzepjrndfkpjbdefault.php?p= HTTP/1.1" 200 116430 "https://krscorporatioltd.com/bngzepjrndfkpjbdefault.php?p=" "Mozilla/5.0 (Windows NT 10.0; Win64; x64) AppleWebKit/537.36 (KHTML, like Gecko) Chrome/149.0.0.0 Safari/537.36"
136.228.146.66 - - [10/Jul/2026:17:03:53 +0300] "POST /bngzepjrndfkpjbdefault.php?p= HTTP/1.1" 200 37785 "https://krscorporatioltd.com/bngzepjrndfkpjbdefault.php?p=" "Mozilla/5.0 (Windows NT 10.0; Win64; x64) AppleWebKit/537.36 (KHTML, like Gecko) Chrome/149.0.0.0 Safari/537.36"
93.94.140.42 - - [10/Jul/2026:17:04:20 +0300] "POST /wp-cron.php?doing_wp_cron=1783692260.3636651039123535156250 HTTP/1.1" 200 0 "-" "WordPress/7.0.1; https://krscorporatioltd.com"
185.69.121.197 - - [10/Jul/2026:17:04:20 +0300] "POST /%7B%7Bpath%7D%7D/?key=%3Ca%3E HTTP/1.1" 404 77495 "-" "Mozilla/5.0 (Windows NT 10.0; Win64; x64) AppleWebKit/537.36 (KHTML, like Gecko) Chrome/96.0.4664.45 Safari/537.36"
45.153.34.223 - - [10/Jul/2026:17:06:24 +0300] "GET / HTTP/1.1" 200 131304 "http://mail.krscorporatioltd.com" "Mozilla/5.0 (Macintosh; Intel Mac OS X 10_15_7) AppleWebKit/605.1.15 (KHTML, like Gecko) Version/15.1 Safari/605.1.15"
45.153.34.223 - - [10/Jul/2026:17:06:24 +0300] "GET /wp-content/themes/woodmart/js/libs/swiper.min.js?ver=8.2.7 HTTP/1.1" 200 105014 "-" "Mozilla/5.0 (Windows NT 10.0; Win64; x64) AppleWebKit/537.36 Chrome/114.0.5735.110 Safari/537.36"
45.153.34.223 - - [10/Jul/2026:17:06:24 +0300] "GET /wp-content/themes/woodmart/js/scripts/global/swiperInit.min.js?ver=8.2.7 HTTP/1.1" 200 7024 "-" "Mozilla/5.0 (X11; Linux x86_64) AppleWebKit/537.36 Chrome/113.0.0.0 Safari/537.36"
45.153.34.223 - - [10/Jul/2026:17:06:24 +0300] "GET /wp-content/themes/woodmart/js/libs/tooltips.min.js?ver=8.2.7 HTTP/1.1" 200 12815 "-" "Mozilla/5.0 (Macintosh; Intel Mac OS X 10_15_7) AppleWebKit/605.1.15 (KHTML, like Gecko) Version/15.1 Safari/605.1.15"
45.153.34.223 - - [10/Jul/2026:17:06:25 +0300] "GET /wp-content/themes/woodmart/js/scripts/wc/woocommerceQuantity.min.js?ver=8.2.7 HTTP/1.1" 200 994 "-" "Mozilla/5.0 (Macintosh; Intel Mac OS X 10_15_7) AppleWebKit/605.1.15 (KHTML, like Gecko) Version/15.1 Safari/605.1.15"
45.153.34.223 - - [10/Jul/2026:17:06:25 +0300] "GET /wp-content/themes/woodmart/js/scripts/wc/loginDropdown.min.js?ver=8.2.7 HTTP/1.1" 200 1114 "-" "Mozilla/5.0 (Windows NT 10.0; Win64; x64) AppleWebKit/537.36 Chrome/114.0.5735.110 Safari/537.36"
45.153.34.223 - - [10/Jul/2026:17:06:25 +0300] "GET /wp-content/themes/woodmart/js/scripts/wc/onRemoveFromCart.min.js?ver=8.2.7 HTTP/1.1" 200 348 "-" "Mozilla/5.0 (Windows NT 10.0; Win64; x64) AppleWebKit/537.36 Chrome/114.0.5735.110 Safari/537.36"
45.153.34.223 - - [10/Jul/2026:17:06:25 +0300] "GET /wp-content/plugins/woocommerce/assets/js/jquery-blockui/jquery.blockUI.min.js?ver=2.7.0-wc.10.2.1 HTTP/1.1" 200 9636 "-" "Mozilla/5.0 (Macintosh; Intel Mac OS X 10_15_7) AppleWebKit/605.1.15 (KHTML, like Gecko) Version/15.1 Safari/605.1.15"
45.153.34.223 - - [10/Jul/2026:17:06:25 +0300] "GET /wp-content/plugins/woocommerce/assets/js/js-cookie/js.cookie.min.js?ver=2.1.4-wc.10.2.1 HTTP/1.1" 200 1720 "-" "Mozilla/5.0 (X11; Linux x86_64) AppleWebKit/537.36 Chrome/113.0.0.0 Safari/537.36"
45.153.34.223 - - [10/Jul/2026:17:06:25 +0300] "GET /wp-content/themes/woodmart/js/scripts/global/scrollBar.min.js?ver=8.2.7 HTTP/1.1" 200 307 "-" "Mozilla/5.0 (Macintosh; Intel Mac OS X 10_15_7) AppleWebKit/605.1.15 (KHTML, like Gecko) Version/15.1 Safari/605.1.15"
45.153.34.223 - - [10/Jul/2026:17:06:25 +0300] "GET /wp-content/themes/woodmart/js/scripts/global/helpers.min.js?ver=8.2.7 HTTP/1.1" 200 6840 "-" "Mozilla/5.0 (Macintosh; Intel Mac OS X 10_15_7) AppleWebKit/605.1.15 (KHTML, like Gecko) Version/15.1 Safari/605.1.15"
45.153.34.223 - - [10/Jul/2026:17:06:25 +0300] "GET /wp-content/themes/woodmart/js/scripts/wc/woocommerceNotices.min.js?ver=8.2.7 HTTP/1.1" 200 485 "-" "Mozilla/5.0 (Windows NT 10.0; Win64; x64) AppleWebKit/537.36 Chrome/114.0.5735.110 Safari/537.36"
45.153.34.223 - - [10/Jul/2026:17:06:25 +0300] "GET /wp-content/themes/woodmart/js/scripts/menu/menuSetUp.min.js?ver=8.2.7 HTTP/1.1" 200 1664 "-" "Mozilla/5.0 (X11; Linux x86_64) AppleWebKit/537.36 Chrome/113.0.0.0 Safari/537.36"
45.153.34.223 - - [10/Jul/2026:17:06:25 +0300] "GET /wp-content/plugins/woocommerce/assets/js/frontend/order-attribution.min.js?ver=10.2.1 HTTP/1.1" 200 2346 "-" "Mozilla/5.0 (X11; Linux x86_64) AppleWebKit/537.36 Chrome/113.0.0.0 Safari/537.36"
45.153.34.223 - - [10/Jul/2026:17:06:25 +0300] "GET /wp-content/plugins/elementor-pro/assets/js/elements-handlers.min.js?ver=3.32.1 HTTP/1.1" 200 44670 "-" "Mozilla/5.0 (Macintosh; Intel Mac OS X 10_15_7) AppleWebKit/605.1.15 (KHTML, like Gecko) Version/15.1 Safari/605.1.15"
45.153.34.223 - - [10/Jul/2026:17:06:25 +0300] "GET /wp-content/themes/woodmart/js/scripts/header/headerBuilder.min.js?ver=8.2.7 HTTP/1.1" 200 2606 "-" "Mozilla/5.0 (X11; Linux x86_64) AppleWebKit/537.36 Chrome/113.0.0.0 Safari/537.36"
45.153.34.223 - - [10/Jul/2026:17:06:25 +0300] "GET /wp-content/themes/woodmart/js/scripts/menu/menuOffsets.min.js?ver=8.2.7 HTTP/1.1" 200 3149 "-" "Mozilla/5.0 (Windows NT 10.0; Win64; x64) AppleWebKit/537.36 Chrome/114.0.5735.110 Safari/537.36"
45.153.34.223 - - [10/Jul/2026:17:06:25 +0300] "GET /wp-includes/js/underscore.min.js?ver=1.13.8 HTTP/1.1" 200 19012 "-" "Mozilla/5.0 (Windows NT 10.0; Win64; x64) AppleWebKit/537.36 Chrome/114.0.5735.110 Safari/537.36"
45.153.34.223 - - [10/Jul/2026:17:06:25 +0300] "GET /wp-content/plugins/woocommerce/assets/js/frontend/add-to-cart-variation.min.js?ver=10.2.1 HTTP/1.1" 200 14751 "-" "Mozilla/5.0 (Windows NT 10.0; Win64; x64) AppleWebKit/537.36 Chrome/114.0.5735.110 Safari/537.36"
45.153.34.223 - - [10/Jul/2026:17:06:25 +0300] "GET /wp-content/themes/woodmart/js/scripts/wc/actionAfterAddToCart.min.js?ver=8.2.7 HTTP/1.1" 200 1914 "-" "Mozilla/5.0 (Macintosh; Intel Mac OS X 10_15_7) AppleWebKit/605.1.15 (KHTML, like Gecko) Version/15.1 Safari/605.1.15"
45.153.34.223 - - [10/Jul/2026:17:06:25 +0300] "GET /wp-content/themes/woodmart/js/scripts/wc/productImagesGallery.min.js?ver=8.2.7 HTTP/1.1" 200 7588 "-" "Mozilla/5.0 (Macintosh; Intel Mac OS X 10_15_7) AppleWebKit/605.1.15 (KHTML, like Gecko) Version/15.1 Safari/605.1.15"
45.153.34.223 - - [10/Jul/2026:17:06:25 +0300] "GET /wp-content/plugins/woocommerce/assets/js/frontend/woocommerce.min.js?ver=10.2.1 HTTP/1.1" 200 3915 "-" "Mozilla/5.0 (Macintosh; Intel Mac OS X 10_15_7) AppleWebKit/605.1.15 (KHTML, like Gecko) Version/15.1 Safari/605.1.15"
45.153.34.223 - - [10/Jul/2026:17:06:26 +0300] "GET /xmlrpc.php?rsd HTTP/1.1" 200 846 "-" "Mozilla/5.0 (Macintosh; Intel Mac OS X 10_15_7) AppleWebKit/605.1.15 (KHTML, like Gecko) Version/15.1 Safari/605.1.15"
45.153.34.223 - - [10/Jul/2026:17:06:26 +0300] "GET /wp-includes/js/wp-util.min.js?ver=7.0.1 HTTP/1.1" 200 1431 "-" "Mozilla/5.0 (Windows NT 10.0; Win64; x64) AppleWebKit/537.36 Chrome/114.0.5735.110 Safari/537.36"
45.153.34.223 - - [10/Jul/2026:17:06:26 +0300] "GET /wp-content/themes/woodmart/js/scripts/global/btnsToolTips.min.js?ver=8.2.7 HTTP/1.1" 200 3346 "-" "Mozilla/5.0 (Windows NT 10.0; Win64; x64) AppleWebKit/537.36 Chrome/114.0.5735.110 Safari/537.36"
45.153.34.223 - - [10/Jul/2026:17:06:26 +0300] "GET /wp-content/themes/woodmart/js/scripts/global/searchFullScreen.min.js?ver=8.2.7 HTTP/1.1" 200 1840 "-" "Mozilla/5.0 (Windows NT 10.0; Win64; x64) AppleWebKit/537.36 Chrome/114.0.5735.110 Safari/537.36"
45.153.34.223 - - [10/Jul/2026:17:06:26 +0300] "GET /wp-admin/admin-ajax.php HTTP/1.1" 400 11 "-" "Mozilla/5.0 (Windows NT 10.0; Win64; x64) AppleWebKit/537.36 Chrome/114.0.5735.110 Safari/537.36"
45.153.34.223 - - [10/Jul/2026:17:06:26 +0300] "GET /wp-content/plugins/elementor-pro/assets/js/webpack-pro.runtime.min.js?ver=3.32.1 HTTP/1.1" 200 6248 "-" "Mozilla/5.0 (Windows NT 10.0; Win64; x64) AppleWebKit/537.36 Chrome/114.0.5735.110 Safari/537.36"
45.153.34.223 - - [10/Jul/2026:17:06:26 +0300] "GET /wp-includes/js/dist/i18n.min.js?ver=781d11515ad3d91786ec HTTP/1.1" 200 5732 "-" "Mozilla/5.0 (X11; Linux x86_64) AppleWebKit/537.36 Chrome/113.0.0.0 Safari/537.36"
45.153.34.223 - - [10/Jul/2026:17:06:27 +0300] "GET /wp-content/plugins/elementor-pro/assets/js/frontend.min.js?ver=3.32.1 HTTP/1.1" 200 24288 "-" "Mozilla/5.0 (Macintosh; Intel Mac OS X 10_15_7) AppleWebKit/605.1.15 (KHTML, like Gecko) Version/15.1 Safari/605.1.15"
