104.207.49.185 - - [10/Jul/2026:19:22:02 +0300] "HEAD /wp-content/plugins/download-manager/readme.txt HTTP/1.1" 404 0 "-" "Mozilla/5.0 (Windows NT 10.0; Win64; x64; rv:133.0) Gecko/20100101 Firefox/133.0"
93.94.140.42 - - [10/Jul/2026:19:29:23 +0300] "POST /wp-cron.php?doing_wp_cron=1783700963.2919549942016601562500 HTTP/1.1" 200 0 "-" "WordPress/7.0.1; https://krscorporatioltd.com"
94.154.43.184 - - [10/Jul/2026:19:29:23 +0300] "GET / HTTP/1.1" 301 0 "-" "Mozilla/5.0 (Windows NT 10.0; Win64; x64) AppleWebKit/537.36 (KHTML, like Gecko) Chrome/147.0.0.0 Safari/537.36"
94.154.43.177 - - [10/Jul/2026:19:29:24 +0300] "GET / HTTP/1.1" 200 131201 "-" "Mozilla/5.0 (Windows NT 10.0; Win64; x64) AppleWebKit/537.36 (KHTML, like Gecko) Chrome/147.0.0.0 Safari/537.36"
47.254.92.190 - - [10/Jul/2026:19:30:23 +0300] "GET / HTTP/1.1" 200 130949 "http://www.krscorporatioltd.com" "Mozilla/5.0 (iPhone; CPU iPhone OS 13_2_3 like Mac OS X) AppleWebKit/605.1.15 (KHTML, like Gecko) Version/13.0.3 Mobile/15E148 Safari/604.1"
93.94.140.42 - - [10/Jul/2026:19:56:42 +0300] "POST /wp-cron.php?doing_wp_cron=1783702602.0458710193634033203125 HTTP/1.1" 200 0 "-" "WordPress/7.0.1; https://krscorporatioltd.com"
66.249.68.70 - - [10/Jul/2026:19:56:42 +0300] "GET /?s47575523882809/&add-to-cart=104 HTTP/1.1" 301 0 "-" "Mozilla/5.0 (Linux; Android 6.0.1; Nexus 5X Build/MMB29P) AppleWebKit/537.36 (KHTML, like Gecko) Chrome/150.0.7871.46 Mobile Safari/537.36 (compatible; Googlebot/2.1; +http://www.google.com/bot.html)"
66.249.68.71 - - [10/Jul/2026:19:56:45 +0300] "GET /?s47575523882809%2F&add-to-cart=104 HTTP/1.1" 200 130821 "-" "Mozilla/5.0 (Linux; Android 6.0.1; Nexus 5X Build/MMB29P) AppleWebKit/537.36 (KHTML, like Gecko) Chrome/150.0.7871.46 Mobile Safari/537.36 (compatible; Googlebot/2.1; +http://www.google.com/bot.html)"
93.94.140.42 - - [10/Jul/2026:20:29:05 +0300] "POST /wp-cron.php?doing_wp_cron=1783704545.9088780879974365234375 HTTP/1.1" 200 0 "-" "WordPress/7.0.1; https://krscorporatioltd.com"
199.45.155.97 - - [10/Jul/2026:20:29:06 +0300] "GET / HTTP/1.1" 200 130416 "-" "Mozilla/5.0 (compatible; CensysInspect/1.1; +https://about.censys.io/)"
93.94.140.42 - - [10/Jul/2026:20:29:12 +0300] "POST /wp-cron.php?doing_wp_cron=1783704552.8416318893432617187500 HTTP/1.1" 200 0 "-" "WordPress/7.0.1; https://krscorporatioltd.com"
199.45.155.97 - - [10/Jul/2026:20:29:12 +0300] "GET /favicon.ico HTTP/1.1" 302 0 "-" "Mozilla/5.0 (compatible; CensysInspect/1.1; +https://about.censys.io/)"
199.45.155.97 - - [10/Jul/2026:20:29:48 +0300] "GET /wp-json/?_fields=name,description,home,gmt_offset,timezone_string,namespaces HTTP/1.1" 200 488 "-" "Mozilla/5.0 (compatible; CensysInspect/1.1; +https://about.censys.io/)"
91.92.241.196 - - [10/Jul/2026:20:33:13 +0300] "GET /.git/HEAD HTTP/1.1" 499 0 "-" "Mozilla/5.0 (Windows NT 10.0; Win64; x64) AppleWebKit/537.36"
93.94.140.42 - - [10/Jul/2026:20:33:13 +0300] "POST /wp-cron.php?doing_wp_cron=1783704793.7931039333343505859375 HTTP/1.1" 200 0 "-" "WordPress/7.0.1; https://krscorporatioltd.com"
93.94.140.42 - - [10/Jul/2026:20:37:33 +0300] "POST /wp-cron.php?doing_wp_cron=1783705053.2901289463043212890625 HTTP/1.1" 200 0 "-" "WordPress/7.0.1; https://krscorporatioltd.com"
114.119.139.167 - - [10/Jul/2026:20:37:33 +0300] "GET /product-category/wooden-baby-cribs/?per_row=3&per_page=24&shop_view=grid HTTP/1.1" 200 104126 "https://krscorporatioltd.com/product-category/wooden-baby-cribs/?per_row=3&shop_view=grid&per_page=24" "Mozilla/5.0 (Linux; Android 7.0;) AppleWebKit/537.36 (HTML, like Gecko) Mobile Safari/537.36 (compatible; PetalBot;+https://webmaster.petalsearch.com/site/petalbot)"
93.94.140.42 - - [10/Jul/2026:20:46:23 +0300] "POST /wp-cron.php?doing_wp_cron=1783705583.8181450366973876953125 HTTP/1.1" 200 0 "-" "WordPress/7.0.1; https://krscorporatioltd.com"
185.69.121.197 - - [10/Jul/2026:20:46:23 +0300] "POST /wp-json/ImageHoverUltimate/v1/oxi_settings HTTP/1.1" 404 125 "-" "Mozilla/5.0 (Kubuntu; Linux i686) AppleWebKit/537.36 (KHTML, like Gecko) Chrome/141.0.0.0 Safari/537.36"
171.3.52.199 - - [10/Jul/2026:20:46:54 +0300] "GET /contents/event/kansyasai/ HTTP/1.1" 404 77491 "https://www.google.com/" "Mozilla/5.0 (iPhone; CPU iPhone OS 18_7 like Mac OS X) AppleWebKit/605.1.15 (KHTML, like Gecko) Version/18.7.5 Mobile/15E148 Safari/604.1"
171.3.52.199 - - [10/Jul/2026:20:46:55 +0300] "GET /wp-content/plugins/woocommerce/assets/client/blocks/wc-blocks.css?ver=wc-10.2.1 HTTP/1.1" 200 14006 "https://krscorporatioltd.com/contents/event/kansyasai/" "Mozilla/5.0 (iPhone; CPU iPhone OS 18_7 like Mac OS X) AppleWebKit/605.1.15 (KHTML, like Gecko) Version/18.7.5 Mobile/15E148 Safari/604.1"
171.3.52.199 - - [10/Jul/2026:20:46:55 +0300] "GET /wp-content/uploads/elementor/css/post-7.css?ver=1783646091 HTTP/1.1" 200 1229 "https://krscorporatioltd.com/contents/event/kansyasai/" "Mozilla/5.0 (iPhone; CPU iPhone OS 18_7 like Mac OS X) AppleWebKit/605.1.15 (KHTML, like Gecko) Version/18.7.5 Mobile/15E148 Safari/604.1"
171.3.52.199 - - [10/Jul/2026:20:46:55 +0300] "GET /wp-content/uploads/elementor/css/post-110.css?ver=1783646091 HTTP/1.1" 200 6388 "https://krscorporatioltd.com/contents/event/kansyasai/" "Mozilla/5.0 (iPhone; CPU iPhone OS 18_7 like Mac OS X) AppleWebKit/605.1.15 (KHTML, like Gecko) Version/18.7.5 Mobile/15E148 Safari/604.1"
171.3.52.199 - - [10/Jul/2026:20:46:55 +0300] "GET /wp-content/plugins/elementor/assets/css/frontend.min.css?ver=3.32.2 HTTP/1.1" 200 53614 "https://krscorporatioltd.com/contents/event/kansyasai/" "Mozilla/5.0 (iPhone; CPU iPhone OS 18_7 like Mac OS X) AppleWebKit/605.1.15 (KHTML, like Gecko) Version/18.7.5 Mobile/15E148 Safari/604.1"
171.3.52.199 - - [10/Jul/2026:20:46:55 +0300] "GET /wp-content/plugins/elementor/assets/css/widget-icon-list.min.css?ver=3.32.2 HTTP/1.1" 200 10470 "https://krscorporatioltd.com/contents/event/kansyasai/" "Mozilla/5.0 (iPhone; CPU iPhone OS 18_7 like Mac OS X) AppleWebKit/605.1.15 (KHTML, like Gecko) Version/18.7.5 Mobile/15E148 Safari/604.1"
171.3.52.199 - - [10/Jul/2026:20:46:55 +0300] "GET /wp-content/plugins/elementor/assets/css/widget-image.min.css?ver=3.32.2 HTTP/1.1" 200 254 "https://krscorporatioltd.com/contents/event/kansyasai/" "Mozilla/5.0 (iPhone; CPU iPhone OS 18_7 like Mac OS X) AppleWebKit/605.1.15 (KHTML, like Gecko) Version/18.7.5 Mobile/15E148 Safari/604.1"
171.3.52.199 - - [10/Jul/2026:20:46:55 +0300] "GET /wp-content/plugins/elementor/assets/css/widget-divider.min.css?ver=3.32.2 HTTP/1.1" 200 4298 "https://krscorporatioltd.com/contents/event/kansyasai/" "Mozilla/5.0 (iPhone; CPU iPhone OS 18_7 like Mac OS X) AppleWebKit/605.1.15 (KHTML, like Gecko) Version/18.7.5 Mobile/15E148 Safari/604.1"
171.3.52.199 - - [10/Jul/2026:20:46:55 +0300] "GET /wp-content/plugins/elementor/assets/css/widget-heading.min.css?ver=3.32.2 HTTP/1.1" 200 600 "https://krscorporatioltd.com/contents/event/kansyasai/" "Mozilla/5.0 (iPhone; CPU iPhone OS 18_7 like Mac OS X) AppleWebKit/605.1.15 (KHTML, like Gecko) Version/18.7.5 Mobile/15E148 Safari/604.1"
171.3.52.199 - - [10/Jul/2026:20:46:56 +0300] "GET /wp-content/themes/woodmart/css/parts/base.min.css?ver=8.2.7 HTTP/1.1" 200 42518 "https://krscorporatioltd.com/contents/event/kansyasai/" "Mozilla/5.0 (iPhone; CPU iPhone OS 18_7 like Mac OS X) AppleWebKit/605.1.15 (KHTML, like Gecko) Version/18.7.5 Mobile/15E148 Safari/604.1"
171.3.52.199 - - [10/Jul/2026:20:46:56 +0300] "GET /wp-content/themes/woodmart/css/parts/page-404.min.css?ver=8.2.7 HTTP/1.1" 200 685 "https://krscorporatioltd.com/contents/event/kansyasai/" "Mozilla/5.0 (iPhone; CPU iPhone OS 18_7 like Mac OS X) AppleWebKit/605.1.15 (KHTML, like Gecko) Version/18.7.5 Mobile/15E148 Safari/604.1"
171.3.52.199 - - [10/Jul/2026:20:46:56 +0300] "GET /wp-content/themes/woodmart/css/parts/int-elementor-pro.min.css?ver=8.2.7 HTTP/1.1" 200 6579 "https://krscorporatioltd.com/contents/event/kansyasai/" "Mozilla/5.0 (iPhone; CPU iPhone OS 18_7 like Mac OS X) AppleWebKit/605.1.15 (KHTML, like Gecko) Version/18.7.5 Mobile/15E148 Safari/604.1"
171.3.52.199 - - [10/Jul/2026:20:46:56 +0300] "GET /wp-content/themes/woodmart/css/parts/int-elem-base.min.css?ver=8.2.7 HTTP/1.1" 200 5181 "https://krscorporatioltd.com/contents/event/kansyasai/" "Mozilla/5.0 (iPhone; CPU iPhone OS 18_7 like Mac OS X) AppleWebKit/605.1.15 (KHTML, like Gecko) Version/18.7.5 Mobile/15E148 Safari/604.1"
171.3.52.199 - - [10/Jul/2026:20:46:56 +0300] "GET /wp-content/themes/woodmart/css/parts/helpers-wpb-elem.min.css?ver=8.2.7 HTTP/1.1" 200 957 "https://krscorporatioltd.com/contents/event/kansyasai/" "Mozilla/5.0 (iPhone; CPU iPhone OS 18_7 like Mac OS X) AppleWebKit/605.1.15 (KHTML, like Gecko) Version/18.7.5 Mobile/15E148 Safari/604.1"
171.3.52.199 - - [10/Jul/2026:20:46:56 +0300] "GET /wp-content/themes/woodmart/css/parts/wp-blocks.min.css?ver=8.2.7 HTTP/1.1" 200 3636 "https://krscorporatioltd.com/contents/event/kansyasai/" "Mozilla/5.0 (iPhone; CPU iPhone OS 18_7 like Mac OS X) AppleWebKit/605.1.15 (KHTML, like Gecko) Version/18.7.5 Mobile/15E148 Safari/604.1"
171.3.52.199 - - [10/Jul/2026:20:46:56 +0300] "GET /wp-content/themes/woodmart/css/parts/woocommerce-base.min.css?ver=8.2.7 HTTP/1.1" 200 6689 "https://krscorporatioltd.com/contents/event/kansyasai/" "Mozilla/5.0 (iPhone; CPU iPhone OS 18_7 like Mac OS X) AppleWebKit/605.1.15 (KHTML, like Gecko) Version/18.7.5 Mobile/15E148 Safari/604.1"
171.3.52.199 - - [10/Jul/2026:20:46:56 +0300] "GET /wp-content/themes/woodmart/css/parts/mod-star-rating.min.css?ver=8.2.7 HTTP/1.1" 200 535 "https://krscorporatioltd.com/contents/event/kansyasai/" "Mozilla/5.0 (iPhone; CPU iPhone OS 18_7 like Mac OS X) AppleWebKit/605.1.15 (KHTML, like Gecko) Version/18.7.5 Mobile/15E148 Safari/604.1"
171.3.52.199 - - [10/Jul/2026:20:46:56 +0300] "GET /wp-content/themes/woodmart/css/parts/header-base.min.css?ver=8.2.7 HTTP/1.1" 200 13164 "https://krscorporatioltd.com/contents/event/kansyasai/" "Mozilla/5.0 (iPhone; CPU iPhone OS 18_7 like Mac OS X) AppleWebKit/605.1.15 (KHTML, like Gecko) Version/18.7.5 Mobile/15E148 Safari/604.1"
171.3.52.199 - - [10/Jul/2026:20:46:56 +0300] "GET /wp-content/themes/woodmart/css/parts/woo-mod-block-notices.min.css?ver=8.2.7 HTTP/1.1" 200 2199 "https://krscorporatioltd.com/contents/event/kansyasai/" "Mozilla/5.0 (iPhone; CPU iPhone OS 18_7 like Mac OS X) AppleWebKit/605.1.15 (KHTML, like Gecko) Version/18.7.5 Mobile/15E148 Safari/604.1"
171.3.52.199 - - [10/Jul/2026:20:46:56 +0300] "GET /wp-content/themes/woodmart/css/parts/mod-tools.min.css?ver=8.2.7 HTTP/1.1" 200 4934 "https://krscorporatioltd.com/contents/event/kansyasai/" "Mozilla/5.0 (iPhone; CPU iPhone OS 18_7 like Mac OS X) AppleWebKit/605.1.15 (KHTML, like Gecko) Version/18.7.5 Mobile/15E148 Safari/604.1"
171.3.52.199 - - [10/Jul/2026:20:46:57 +0300] "GET /wp-content/themes/woodmart/css/parts/el-social-icons.min.css?ver=8.2.7 HTTP/1.1" 200 3771 "https://krscorporatioltd.com/contents/event/kansyasai/" "Mozilla/5.0 (iPhone; CPU iPhone OS 18_7 like Mac OS X) AppleWebKit/605.1.15 (KHTML, like Gecko) Version/18.7.5 Mobile/15E148 Safari/604.1"
171.3.52.199 - - [10/Jul/2026:20:46:57 +0300] "GET /wp-content/themes/woodmart/css/parts/woo-mod-login-form.min.css?ver=8.2.7 HTTP/1.1" 200 2275 "https://krscorporatioltd.com/contents/event/kansyasai/" "Mozilla/5.0 (iPhone; CPU iPhone OS 18_7 like Mac OS X) AppleWebKit/605.1.15 (KHTML, like Gecko) Version/18.7.5 Mobile/15E148 Safari/604.1"
171.3.52.199 - - [10/Jul/2026:20:46:57 +0300] "GET /wp-content/themes/woodmart/css/parts/header-el-base.min.css?ver=8.2.7 HTTP/1.1" 200 897 "https://krscorporatioltd.com/contents/event/kansyasai/" "Mozilla/5.0 (iPhone; CPU iPhone OS 18_7 like Mac OS X) AppleWebKit/605.1.15 (KHTML, like Gecko) Version/18.7.5 Mobile/15E148 Safari/604.1"
171.3.52.199 - - [10/Jul/2026:20:46:57 +0300] "GET /wp-content/themes/woodmart/css/parts/header-el-my-account-dropdown.min.css?ver=8.2.7 HTTP/1.1" 200 553 "https://krscorporatioltd.com/contents/event/kansyasai/" "Mozilla/5.0 (iPhone; CPU iPhone OS 18_7 like Mac OS X) AppleWebKit/605.1.15 (KHTML, like Gecko) Version/18.7.5 Mobile/15E148 Safari/604.1"
171.3.52.199 - - [10/Jul/2026:20:46:57 +0300] "GET /wp-content/themes/woodmart/css/parts/header-el-my-account.min.css?ver=8.2.7 HTTP/1.1" 200 353 "https://krscorporatioltd.com/contents/event/kansyasai/" "Mozilla/5.0 (iPhone; CPU iPhone OS 18_7 like Mac OS X) AppleWebKit/605.1.15 (KHTML, like Gecko) Version/18.7.5 Mobile/15E148 Safari/604.1"
171.3.52.199 - - [10/Jul/2026:20:46:57 +0300] "GET /wp-content/themes/woodmart/css/parts/header-el-search.min.css?ver=8.2.7 HTTP/1.1" 200 1431 "https://krscorporatioltd.com/contents/event/kansyasai/" "Mozilla/5.0 (iPhone; CPU iPhone OS 18_7 like Mac OS X) AppleWebKit/605.1.15 (KHTML, like Gecko) Version/18.7.5 Mobile/15E148 Safari/604.1"
171.3.52.199 - - [10/Jul/2026:20:46:57 +0300] "GET /wp-content/themes/woodmart/css/parts/header-el-cart-side.min.css?ver=8.2.7 HTTP/1.1" 200 1008 "https://krscorporatioltd.com/contents/event/kansyasai/" "Mozilla/5.0 (iPhone; CPU iPhone OS 18_7 like Mac OS X) AppleWebKit/605.1.15 (KHTML, like Gecko) Version/18.7.5 Mobile/15E148 Safari/604.1"
171.3.52.199 - - [10/Jul/2026:20:46:57 +0300] "GET /wp-content/themes/woodmart/css/parts/header-el-cart.min.css?ver=8.2.7 HTTP/1.1" 200 2095 "https://krscorporatioltd.com/contents/event/kansyasai/" "Mozilla/5.0 (iPhone; CPU iPhone OS 18_7 like Mac OS X) AppleWebKit/605.1.15 (KHTML, like Gecko) Version/18.7.5 Mobile/15E148 Safari/604.1"
171.3.52.199 - - [10/Jul/2026:20:46:57 +0300] "GET /wp-content/themes/woodmart/css/parts/woo-widget-shopping-cart.min.css?ver=8.2.7 HTTP/1.1" 200 5696 "https://krscorporatioltd.com/contents/event/kansyasai/" "Mozilla/5.0 (iPhone; CPU iPhone OS 18_7 like Mac OS X) AppleWebKit/605.1.15 (KHTML, like Gecko) Version/18.7.5 Mobile/15E148 Safari/604.1"
171.3.52.199 - - [10/Jul/2026:20:46:57 +0300] "GET /wp-content/themes/woodmart/css/parts/woo-widget-product-list.min.css?ver=8.2.7 HTTP/1.1" 200 1062 "https://krscorporatioltd.com/contents/event/kansyasai/" "Mozilla/5.0 (iPhone; CPU iPhone OS 18_7 like Mac OS X) AppleWebKit/605.1.15 (KHTML, like Gecko) Version/18.7.5 Mobile/15E148 Safari/604.1"
171.3.52.199 - - [10/Jul/2026:20:46:57 +0300] "GET /wp-content/themes/woodmart/css/parts/header-el-mobile-nav-dropdown.min.css?ver=8.2.7 HTTP/1.1" 200 90 "https://krscorporatioltd.com/contents/event/kansyasai/" "Mozilla/5.0 (iPhone; CPU iPhone OS 18_7 like Mac OS X) AppleWebKit/605.1.15 (KHTML, like Gecko) Version/18.7.5 Mobile/15E148 Safari/604.1"
171.3.52.199 - - [10/Jul/2026:20:46:57 +0300] "GET /wp-content/themes/woodmart/css/parts/page-title.min.css?ver=8.2.7 HTTP/1.1" 200 600 "https://krscorporatioltd.com/contents/event/kansyasai/" "Mozilla/5.0 (iPhone; CPU iPhone OS 18_7 like Mac OS X) AppleWebKit/605.1.15 (KHTML, like Gecko) Version/18.7.5 Mobile/15E148 Safari/604.1"
171.3.52.199 - - [10/Jul/2026:20:46:57 +0300] "GET /wp-content/themes/woodmart/css/parts/wd-search-form.min.css?ver=8.2.7 HTTP/1.1" 200 2125 "https://krscorporatioltd.com/contents/event/kansyasai/" "Mozilla/5.0 (iPhone; CPU iPhone OS 18_7 like Mac OS X) AppleWebKit/605.1.15 (KHTML, like Gecko) Version/18.7.5 Mobile/15E148 Safari/604.1"
171.3.52.199 - - [10/Jul/2026:20:46:57 +0300] "GET /wp-content/themes/woodmart/css/parts/wd-search-dropdown.min.css?ver=8.2.7 HTTP/1.1" 200 2637 "https://krscorporatioltd.com/contents/event/kansyasai/" "Mozilla/5.0 (iPhone; CPU iPhone OS 18_7 like Mac OS X) AppleWebKit/605.1.15 (KHTML, like Gecko) Version/18.7.5 Mobile/15E148 Safari/604.1"
171.3.52.199 - - [10/Jul/2026:20:46:57 +0300] "GET /wp-content/themes/woodmart/css/parts/opt-widget-collapse.min.css?ver=8.2.7 HTTP/1.1" 200 1001 "https://krscorporatioltd.com/contents/event/kansyasai/" "Mozilla/5.0 (iPhone; CPU iPhone OS 18_7 like Mac OS X) AppleWebKit/605.1.15 (KHTML, like Gecko) Version/18.7.5 Mobile/15E148 Safari/604.1"
171.3.52.199 - - [10/Jul/2026:20:46:57 +0300] "GET /wp-content/themes/woodmart/css/parts/el-text-block.min.css?ver=8.2.7 HTTP/1.1" 200 300 "https://krscorporatioltd.com/contents/event/kansyasai/" "Mozilla/5.0 (iPhone; CPU iPhone OS 18_7 like Mac OS X) AppleWebKit/605.1.15 (KHTML, like Gecko) Version/18.7.5 Mobile/15E148 Safari/604.1"
171.3.52.199 - - [10/Jul/2026:20:46:57 +0300] "GET /wp-content/themes/woodmart/css/parts/opt-scrolltotop.min.css?ver=8.2.7 HTTP/1.1" 200 740 "https://krscorporatioltd.com/contents/event/kansyasai/" "Mozilla/5.0 (iPhone; CPU iPhone OS 18_7 like Mac OS X) AppleWebKit/605.1.15 (KHTML, like Gecko) Version/18.7.5 Mobile/15E148 Safari/604.1"
171.3.52.199 - - [10/Jul/2026:20:46:58 +0300] "GET /wp-content/themes/woodmart/css/parts/header-el-search-fullscreen-general.min.css?ver=8.2.7 HTTP/1.1" 200 2414 "https://krscorporatioltd.com/contents/event/kansyasai/" "Mozilla/5.0 (iPhone; CPU iPhone OS 18_7 like Mac OS X) AppleWebKit/605.1.15 (KHTML, like Gecko) Version/18.7.5 Mobile/15E148 Safari/604.1"
171.3.52.199 - - [10/Jul/2026:20:46:58 +0300] "GET /wp-content/themes/woodmart/css/parts/wd-search-results.min.css?ver=8.2.7 HTTP/1.1" 200 2512 "https://krscorporatioltd.com/contents/event/kansyasai/" "Mozilla/5.0 (iPhone; CPU iPhone OS 18_7 like Mac OS X) AppleWebKit/605.1.15 (KHTML, like Gecko) Version/18.7.5 Mobile/15E148 Safari/604.1"
171.3.52.199 - - [10/Jul/2026:20:46:58 +0300] "GET /wp-content/themes/woodmart/css/parts/header-el-search-fullscreen-1.min.css?ver=8.2.7 HTTP/1.1" 200 3514 "https://krscorporatioltd.com/contents/event/kansyasai/" "Mozilla/5.0 (iPhone; CPU iPhone OS 18_7 like Mac OS X) AppleWebKit/605.1.15 (KHTML, like Gecko) Version/18.7.5 Mobile/15E148 Safari/604.1"
171.3.52.199 - - [10/Jul/2026:20:46:58 +0300] "GET /wp-content/themes/woodmart/css/parts/opt-bottom-toolbar.min.css?ver=8.2.7 HTTP/1.1" 200 2346 "https://krscorporatioltd.com/contents/event/kansyasai/" "Mozilla/5.0 (iPhone; CPU iPhone OS 18_7 like Mac OS X) AppleWebKit/605.1.15 (KHTML, like Gecko) Version/18.7.5 Mobile/15E148 Safari/604.1"
171.3.52.199 - - [10/Jul/2026:20:46:58 +0300] "GET /wp-content/uploads/2025/12/xts-theme_settings_default-1766572167.css?ver=8.2.7 HTTP/1.1" 200 3958 "https://krscorporatioltd.com/contents/event/kansyasai/" "Mozilla/5.0 (iPhone; CPU iPhone OS 18_7 like Mac OS X) AppleWebKit/605.1.15 (KHTML, like Gecko) Version/18.7.5 Mobile/15E148 Safari/604.1"
171.3.52.199 - - [10/Jul/2026:20:46:58 +0300] "GET /wp-content/uploads/2025/11/xts-default_header-1763363278.css?ver=8.2.7 HTTP/1.1" 200 1421 "https://krscorporatioltd.com/contents/event/kansyasai/" "Mozilla/5.0 (iPhone; CPU iPhone OS 18_7 like Mac OS X) AppleWebKit/605.1.15 (KHTML, like Gecko) Version/18.7.5 Mobile/15E148 Safari/604.1"
171.3.52.199 - - [10/Jul/2026:20:46:58 +0300] "GET /wp-includes/js/jquery/jquery.min.js?ver=3.7.1 HTTP/1.1" 200 87553 "https://krscorporatioltd.com/contents/event/kansyasai/" "Mozilla/5.0 (iPhone; CPU iPhone OS 18_7 like Mac OS X) AppleWebKit/605.1.15 (KHTML, like Gecko) Version/18.7.5 Mobile/15E148 Safari/604.1"
171.3.52.199 - - [10/Jul/2026:20:46:58 +0300] "GET /wp-includes/js/jquery/jquery-migrate.min.js?ver=3.4.1 HTTP/1.1" 200 13577 "https://krscorporatioltd.com/contents/event/kansyasai/" "Mozilla/5.0 (iPhone; CPU iPhone OS 18_7 like Mac OS X) AppleWebKit/605.1.15 (KHTML, like Gecko) Version/18.7.5 Mobile/15E148 Safari/604.1"
171.3.52.199 - - [10/Jul/2026:20:46:58 +0300] "GET /wp-content/plugins/woocommerce/assets/js/jquery-blockui/jquery.blockUI.min.js?ver=2.7.0-wc.10.2.1 HTTP/1.1" 200 9636 "https://krscorporatioltd.com/contents/event/kansyasai/" "Mozilla/5.0 (iPhone; CPU iPhone OS 18_7 like Mac OS X) AppleWebKit/605.1.15 (KHTML, like Gecko) Version/18.7.5 Mobile/15E148 Safari/604.1"
171.3.52.199 - - [10/Jul/2026:20:46:58 +0300] "GET /wp-content/plugins/woocommerce/assets/js/frontend/add-to-cart.min.js?ver=10.2.1 HTTP/1.1" 200 4035 "https://krscorporatioltd.com/contents/event/kansyasai/" "Mozilla/5.0 (iPhone; CPU iPhone OS 18_7 like Mac OS X) AppleWebKit/605.1.15 (KHTML, like Gecko) Version/18.7.5 Mobile/15E148 Safari/604.1"
171.3.52.199 - - [10/Jul/2026:20:46:58 +0300] "GET /wp-content/plugins/woocommerce/assets/js/js-cookie/js.cookie.min.js?ver=2.1.4-wc.10.2.1 HTTP/1.1" 200 1720 "https://krscorporatioltd.com/contents/event/kansyasai/" "Mozilla/5.0 (iPhone; CPU iPhone OS 18_7 like Mac OS X) AppleWebKit/605.1.15 (KHTML, like Gecko) Version/18.7.5 Mobile/15E148 Safari/604.1"
171.3.52.199 - - [10/Jul/2026:20:46:58 +0300] "GET /wp-content/plugins/woocommerce/assets/js/frontend/woocommerce.min.js?ver=10.2.1 HTTP/1.1" 200 3915 "https://krscorporatioltd.com/contents/event/kansyasai/" "Mozilla/5.0 (iPhone; CPU iPhone OS 18_7 like Mac OS X) AppleWebKit/605.1.15 (KHTML, like Gecko) Version/18.7.5 Mobile/15E148 Safari/604.1"
171.3.52.199 - - [10/Jul/2026:20:46:58 +0300] "GET /wp-content/uploads/2025/09/krscorpo.png HTTP/1.1" 200 20328 "https://krscorporatioltd.com/contents/event/kansyasai/" "Mozilla/5.0 (iPhone; CPU iPhone OS 18_7 like Mac OS X) AppleWebKit/605.1.15 (KHTML, like Gecko) Version/18.7.5 Mobile/15E148 Safari/604.1"
171.3.52.199 - - [10/Jul/2026:20:46:58 +0300] "GET /wp-content/themes/woodmart/js/scripts/global/scrollBar.min.js?ver=8.2.7 HTTP/1.1" 200 307 "https://krscorporatioltd.com/contents/event/kansyasai/" "Mozilla/5.0 (iPhone; CPU iPhone OS 18_7 like Mac OS X) AppleWebKit/605.1.15 (KHTML, like Gecko) Version/18.7.5 Mobile/15E148 Safari/604.1"
171.3.52.199 - - [10/Jul/2026:20:46:58 +0300] "GET /wp-content/themes/woodmart/js/scripts/wc/updateCartFragmentsFix.js?ver=8.2.7 HTTP/1.1" 200 1666 "https://krscorporatioltd.com/contents/event/kansyasai/" "Mozilla/5.0 (iPhone; CPU iPhone OS 18_7 like Mac OS X) AppleWebKit/605.1.15 (KHTML, like Gecko) Version/18.7.5 Mobile/15E148 Safari/604.1"
171.3.52.199 - - [10/Jul/2026:20:46:58 +0300] "GET /wp-includes/js/jquery/ui/core.min.js?ver=1.13.3 HTTP/1.1" 200 21464 "https://krscorporatioltd.com/contents/event/kansyasai/" "Mozilla/5.0 (iPhone; CPU iPhone OS 18_7 like Mac OS X) AppleWebKit/605.1.15 (KHTML, like Gecko) Version/18.7.5 Mobile/15E148 Safari/604.1"
171.3.52.199 - - [10/Jul/2026:20:46:58 +0300] "GET /wp-content/plugins/elementor/assets/js/webpack.runtime.min.js?ver=3.32.2 HTTP/1.1" 200 5707 "https://krscorporatioltd.com/contents/event/kansyasai/" "Mozilla/5.0 (iPhone; CPU iPhone OS 18_7 like Mac OS X) AppleWebKit/605.1.15 (KHTML, like Gecko) Version/18.7.5 Mobile/15E148 Safari/604.1"
171.3.52.199 - - [10/Jul/2026:20:46:59 +0300] "GET /wp-content/plugins/elementor/assets/js/frontend.min.js?ver=3.32.2 HTTP/1.1" 200 32362 "https://krscorporatioltd.com/contents/event/kansyasai/" "Mozilla/5.0 (iPhone; CPU iPhone OS 18_7 like Mac OS X) AppleWebKit/605.1.15 (KHTML, like Gecko) Version/18.7.5 Mobile/15E148 Safari/604.1"
171.3.52.199 - - [10/Jul/2026:20:46:59 +0300] "GET /wp-content/plugins/woocommerce/assets/js/sourcebuster/sourcebuster.min.js?ver=10.2.1 HTTP/1.1" 200 15315 "https://krscorporatioltd.com/contents/event/kansyasai/" "Mozilla/5.0 (iPhone; CPU iPhone OS 18_7 like Mac OS X) AppleWebKit/605.1.15 (KHTML, like Gecko) Version/18.7.5 Mobile/15E148 Safari/604.1"
171.3.52.199 - - [10/Jul/2026:20:46:59 +0300] "GET /wp-content/plugins/woocommerce/assets/js/frontend/order-attribution.min.js?ver=10.2.1 HTTP/1.1" 200 2346 "https://krscorporatioltd.com/contents/event/kansyasai/" "Mozilla/5.0 (iPhone; CPU iPhone OS 18_7 like Mac OS X) AppleWebKit/605.1.15 (KHTML, like Gecko) Version/18.7.5 Mobile/15E148 Safari/604.1"
171.3.52.199 - - [10/Jul/2026:20:46:59 +0300] "GET /wp-content/plugins/elementor/assets/js/frontend-modules.min.js?ver=3.32.2 HTTP/1.1" 200 59579 "https://krscorporatioltd.com/contents/event/kansyasai/" "Mozilla/5.0 (iPhone; CPU iPhone OS 18_7 like Mac OS X) AppleWebKit/605.1.15 (KHTML, like Gecko) Version/18.7.5 Mobile/15E148 Safari/604.1"
171.3.52.199 - - [10/Jul/2026:20:46:59 +0300] "GET /wp-includes/js/dist/hooks.min.js?ver=7496969728ca0f95732d HTTP/1.1" 200 5050 "https://krscorporatioltd.com/contents/event/kansyasai/" "Mozilla/5.0 (iPhone; CPU iPhone OS 18_7 like Mac OS X) AppleWebKit/605.1.15 (KHTML, like Gecko) Version/18.7.5 Mobile/15E148 Safari/604.1"
171.3.52.199 - - [10/Jul/2026:20:46:59 +0300] "GET /wp-content/plugins/elementor-pro/assets/js/webpack-pro.runtime.min.js?ver=3.32.1 HTTP/1.1" 200 6248 "https://krscorporatioltd.com/contents/event/kansyasai/" "Mozilla/5.0 (iPhone; CPU iPhone OS 18_7 like Mac OS X) AppleWebKit/605.1.15 (KHTML, like Gecko) Version/18.7.5 Mobile/15E148 Safari/604.1"
171.3.52.199 - - [10/Jul/2026:20:46:59 +0300] "GET /wp-includes/js/dist/i18n.min.js?ver=781d11515ad3d91786ec HTTP/1.1" 200 5732 "https://krscorporatioltd.com/contents/event/kansyasai/" "Mozilla/5.0 (iPhone; CPU iPhone OS 18_7 like Mac OS X) AppleWebKit/605.1.15 (KHTML, like Gecko) Version/18.7.5 Mobile/15E148 Safari/604.1"
171.3.52.199 - - [10/Jul/2026:20:46:59 +0300] "GET /wp-content/plugins/elementor-pro/assets/js/frontend.min.js?ver=3.32.1 HTTP/1.1" 200 24288 "https://krscorporatioltd.com/contents/event/kansyasai/" "Mozilla/5.0 (iPhone; CPU iPhone OS 18_7 like Mac OS X) AppleWebKit/605.1.15 (KHTML, like Gecko) Version/18.7.5 Mobile/15E148 Safari/604.1"
171.3.52.199 - - [10/Jul/2026:20:46:59 +0300] "GET /wp-content/plugins/elementor-pro/assets/js/elements-handlers.min.js?ver=3.32.1 HTTP/1.1" 200 44670 "https://krscorporatioltd.com/contents/event/kansyasai/" "Mozilla/5.0 (iPhone; CPU iPhone OS 18_7 like Mac OS X) AppleWebKit/605.1.15 (KHTML, like Gecko) Version/18.7.5 Mobile/15E148 Safari/604.1"
171.3.52.199 - - [10/Jul/2026:20:46:59 +0300] "GET /wp-content/themes/woodmart/js/scripts/global/helpers.min.js?ver=8.2.7 HTTP/1.1" 200 6840 "https://krscorporatioltd.com/contents/event/kansyasai/" "Mozilla/5.0 (iPhone; CPU iPhone OS 18_7 like Mac OS X) AppleWebKit/605.1.15 (KHTML, like Gecko) Version/18.7.5 Mobile/15E148 Safari/604.1"
171.3.52.199 - - [10/Jul/2026:20:46:59 +0300] "GET /wp-content/themes/woodmart/js/scripts/wc/woocommerceNotices.min.js?ver=8.2.7 HTTP/1.1" 200 485 "https://krscorporatioltd.com/contents/event/kansyasai/" "Mozilla/5.0 (iPhone; CPU iPhone OS 18_7 like Mac OS X) AppleWebKit/605.1.15 (KHTML, like Gecko) Version/18.7.5 Mobile/15E148 Safari/604.1"
171.3.52.199 - - [10/Jul/2026:20:46:59 +0300] "GET /wp-content/themes/woodmart/js/scripts/header/headerBuilder.min.js?ver=8.2.7 HTTP/1.1" 200 2606 "https://krscorporatioltd.com/contents/event/kansyasai/" "Mozilla/5.0 (iPhone; CPU iPhone OS 18_7 like Mac OS X) AppleWebKit/605.1.15 (KHTML, like Gecko) Version/18.7.5 Mobile/15E148 Safari/604.1"
171.3.52.199 - - [10/Jul/2026:20:46:59 +0300] "GET /wp-content/themes/woodmart/js/scripts/menu/menuSetUp.min.js?ver=8.2.7 HTTP/1.1" 200 1664 "https://krscorporatioltd.com/contents/event/kansyasai/" "Mozilla/5.0 (iPhone; CPU iPhone OS 18_7 like Mac OS X) AppleWebKit/605.1.15 (KHTML, like Gecko) Version/18.7.5 Mobile/15E148 Safari/604.1"
171.3.52.199 - - [10/Jul/2026:20:46:59 +0300] "GET /wp-content/themes/woodmart/js/scripts/menu/menuOffsets.min.js?ver=8.2.7 HTTP/1.1" 200 3149 "https://krscorporatioltd.com/contents/event/kansyasai/" "Mozilla/5.0 (iPhone; CPU iPhone OS 18_7 like Mac OS X) AppleWebKit/605.1.15 (KHTML, like Gecko) Version/18.7.5 Mobile/15E148 Safari/604.1"
171.3.52.199 - - [10/Jul/2026:20:46:59 +0300] "GET /wp-content/themes/woodmart/js/scripts/wc/loginDropdown.min.js?ver=8.2.7 HTTP/1.1" 200 1114 "https://krscorporatioltd.com/contents/event/kansyasai/" "Mozilla/5.0 (iPhone; CPU iPhone OS 18_7 like Mac OS X) AppleWebKit/605.1.15 (KHTML, like Gecko) Version/18.7.5 Mobile/15E148 Safari/604.1"
171.3.52.199 - - [10/Jul/2026:20:46:59 +0300] "GET /wp-content/themes/woodmart/js/scripts/wc/onRemoveFromCart.min.js?ver=8.2.7 HTTP/1.1" 200 348 "https://krscorporatioltd.com/contents/event/kansyasai/" "Mozilla/5.0 (iPhone; CPU iPhone OS 18_7 like Mac OS X) AppleWebKit/605.1.15 (KHTML, like Gecko) Version/18.7.5 Mobile/15E148 Safari/604.1"
171.3.52.199 - - [10/Jul/2026:20:47:00 +0300] "GET /wp-content/themes/woodmart/js/scripts/global/scrollTop.min.js?ver=8.2.7 HTTP/1.1" 200 362 "https://krscorporatioltd.com/contents/event/kansyasai/" "Mozilla/5.0 (iPhone; CPU iPhone OS 18_7 like Mac OS X) AppleWebKit/605.1.15 (KHTML, like Gecko) Version/18.7.5 Mobile/15E148 Safari/604.1"
171.3.52.199 - - [10/Jul/2026:20:47:00 +0300] "GET /wp-content/themes/woodmart/js/scripts/global/widgetCollapse.min.js?ver=8.2.7 HTTP/1.1" 200 955 "https://krscorporatioltd.com/contents/event/kansyasai/" "Mozilla/5.0 (iPhone; CPU iPhone OS 18_7 like Mac OS X) AppleWebKit/605.1.15 (KHTML, like Gecko) Version/18.7.5 Mobile/15E148 Safari/604.1"
171.3.52.199 - - [10/Jul/2026:20:47:00 +0300] "GET /wp-content/themes/woodmart/js/scripts/global/clearSearch.min.js?ver=8.2.7 HTTP/1.1" 200 1279 "https://krscorporatioltd.com/contents/event/kansyasai/" "Mozilla/5.0 (iPhone; CPU iPhone OS 18_7 like Mac OS X) AppleWebKit/605.1.15 (KHTML, like Gecko) Version/18.7.5 Mobile/15E148 Safari/604.1"
171.3.52.199 - - [10/Jul/2026:20:47:00 +0300] "GET /wp-content/themes/woodmart/js/libs/autocomplete.min.js?ver=8.2.7 HTTP/1.1" 200 13595 "https://krscorporatioltd.com/contents/event/kansyasai/" "Mozilla/5.0 (iPhone; CPU iPhone OS 18_7 like Mac OS X) AppleWebKit/605.1.15 (KHTML, like Gecko) Version/18.7.5 Mobile/15E148 Safari/604.1"
171.3.52.199 - - [10/Jul/2026:20:47:00 +0300] "GET /wp-content/themes/woodmart/js/scripts/global/searchFullScreen.min.js?ver=8.2.7 HTTP/1.1" 200 1840 "https://krscorporatioltd.com/contents/event/kansyasai/" "Mozilla/5.0 (iPhone; CPU iPhone OS 18_7 like Mac OS X) AppleWebKit/605.1.15 (KHTML, like Gecko) Version/18.7.5 Mobile/15E148 Safari/604.1"
171.3.52.199 - - [10/Jul/2026:20:47:00 +0300] "GET /wp-content/themes/woodmart/js/scripts/global/ajaxSearch.min.js?ver=8.2.7 HTTP/1.1" 200 4610 "https://krscorporatioltd.com/contents/event/kansyasai/" "Mozilla/5.0 (iPhone; CPU iPhone OS 18_7 like Mac OS X) AppleWebKit/605.1.15 (KHTML, like Gecko) Version/18.7.5 Mobile/15E148 Safari/604.1"
171.3.52.199 - - [10/Jul/2026:20:47:00 +0300] "GET /wp-content/themes/woodmart/js/scripts/menu/mobileNavigation.min.js?ver=8.2.7 HTTP/1.1" 200 6976 "https://krscorporatioltd.com/contents/event/kansyasai/" "Mozilla/5.0 (iPhone; CPU iPhone OS 18_7 like Mac OS X) AppleWebKit/605.1.15 (KHTML, like Gecko) Version/18.7.5 Mobile/15E148 Safari/604.1"
171.3.52.199 - - [10/Jul/2026:20:47:00 +0300] "GET /wp-content/themes/woodmart/js/scripts/global/hiddenSidebar.min.js?ver=8.2.7 HTTP/1.1" 200 1993 "https://krscorporatioltd.com/contents/event/kansyasai/" "Mozilla/5.0 (iPhone; CPU iPhone OS 18_7 like Mac OS X) AppleWebKit/605.1.15 (KHTML, like Gecko) Version/18.7.5 Mobile/15E148 Safari/604.1"
171.3.52.199 - - [10/Jul/2026:20:47:00 +0300] "GET /wp-content/themes/woodmart/js/scripts/wc/cartWidget.min.js?ver=8.2.7 HTTP/1.1" 200 1008 "https://krscorporatioltd.com/contents/event/kansyasai/" "Mozilla/5.0 (iPhone; CPU iPhone OS 18_7 like Mac OS X) AppleWebKit/605.1.15 (KHTML, like Gecko) Version/18.7.5 Mobile/15E148 Safari/604.1"
171.3.52.199 - - [10/Jul/2026:20:47:00 +0300] "GET /wp-content/plugins/woocommerce/assets/js/frontend/cart-fragments.min.js?ver=10.2.1 HTTP/1.1" 200 2939 "https://krscorporatioltd.com/contents/event/kansyasai/" "Mozilla/5.0 (iPhone; CPU iPhone OS 18_7 like Mac OS X) AppleWebKit/605.1.15 (KHTML, like Gecko) Version/18.7.5 Mobile/15E148 Safari/604.1"
171.3.52.199 - - [10/Jul/2026:20:47:00 +0300] "GET /wp-content/themes/woodmart/js/scripts/wc/stickySidebarBtn.min.js?ver=8.2.7 HTTP/1.1" 200 592 "https://krscorporatioltd.com/contents/event/kansyasai/" "Mozilla/5.0 (iPhone; CPU iPhone OS 18_7 like Mac OS X) AppleWebKit/605.1.15 (KHTML, like Gecko) Version/18.7.5 Mobile/15E148 Safari/604.1"
171.3.52.199 - - [10/Jul/2026:20:47:00 +0300] "GET /wp-content/themes/woodmart/fonts/woodmart-font-1-400.woff2?v=8.2.7 HTTP/1.1" 200 12080 "https://krscorporatioltd.com/contents/event/kansyasai/" "Mozilla/5.0 (iPhone; CPU iPhone OS 18_7 like Mac OS X) AppleWebKit/605.1.15 (KHTML, like Gecko) Version/18.7.5 Mobile/15E148 Safari/604.1"
171.3.52.199 - - [10/Jul/2026:20:47:00 +0300] "GET /wp-content/plugins/elementor/assets/js/shared-frontend-handlers.4c8abccc3e268b0767b2.bundle.min.js HTTP/1.1" 200 8525 "https://krscorporatioltd.com/contents/event/kansyasai/" "Mozilla/5.0 (iPhone; CPU iPhone OS 18_7 like Mac OS X) AppleWebKit/605.1.15 (KHTML, like Gecko) Version/18.7.5 Mobile/15E148 Safari/604.1"
171.3.52.199 - - [10/Jul/2026:20:47:01 +0300] "POST /?wc-ajax=get_refreshed_fragments HTTP/1.1" 499 0 "https://krscorporatioltd.com/contents/event/kansyasai/" "Mozilla/5.0 (iPhone; CPU iPhone OS 18_7 like Mac OS X) AppleWebKit/605.1.15 (KHTML, like Gecko) Version/18.7.5 Mobile/15E148 Safari/604.1"
93.94.140.42 - - [10/Jul/2026:20:59:01 +0300] "POST /wp-cron.php?doing_wp_cron=1783706341.4218618869781494140625 HTTP/1.1" 200 0 "-" "WordPress/7.0.1; https://krscorporatioltd.com"
185.69.121.197 - - [10/Jul/2026:20:59:01 +0300] "POST /wp-admin/admin.php HTTP/1.1" 302 0 "-" "Mozilla/5.0 (X11; Linux x86_64; rv:1.9.6.20) Gecko/ Firefox/3.6.14"
192.71.12.112 - - [10/Jul/2026:21:02:43 +0300] "GET / HTTP/1.1" 200 131811 "http://krscorporatioltd.com/" "Mozilla/5.0 (Android 14; Mobile; rv:123.0) Gecko/123.0 Firefox/123"
192.71.12.181 - - [10/Jul/2026:21:02:44 +0300] "GET /product/avent-ultra-soft-pacifiers-0-6m-with-swan-design-and-inscription/ HTTP/1.1" 200 137065 "-" "Mozilla/5.0 (Android 14; Mobile; rv:123.0) Gecko/123.0 Firefox/123"
192.71.142.146 - - [10/Jul/2026:21:02:46 +0300] "GET /product/bambino-casa-%d0%91%d0%95%d0%91%d0%95%d0%a8%d0%9a%d0%9e-%d0%9a%d0%a0%d0%95%d0%92%d0%90%d0%a2%d0%a7%d0%95-mdf-coccolo/ HTTP/1.1" 200 132741 "-" "Mozilla/5.0 (Android 14; Mobile; rv:123.0) Gecko/123.0 Firefox/123"
192.71.12.10 - - [10/Jul/2026:21:02:47 +0300] "GET /product/canpol-silicone-pacifier-pastelove-with-symmetrical-shape-0-6m/ HTTP/1.1" 200 131649 "-" "Mozilla/5.0 (Android 14; Mobile; rv:123.0) Gecko/123.0 Firefox/123"
93.94.140.42 - - [10/Jul/2026:21:07:14 +0300] "POST /wp-cron.php?doing_wp_cron=1783706834.0672450065612792968750 HTTP/1.1" 200 0 "-" "WordPress/7.0.1; https://krscorporatioltd.com"
177.107.254.156 - - [10/Jul/2026:21:07:14 +0300] "POST /xmlrpc.php HTTP/1.1" 200 403 "-" "Jetpack by WordPress.com (Jetpack 12.0; WordPress 6.1)"
177.107.254.156 - - [10/Jul/2026:21:07:14 +0300] "GET /wp-json/wp/v2/users?ver=0.570512267738253 HTTP/1.1" 200 3150 "-" "Jetpack by WordPress.com (Jetpack 13.0; WordPress 6.2)"
177.107.254.156 - - [10/Jul/2026:21:07:15 +0300] "GET /feed/ HTTP/1.1" 200 1744 "-" "WordPress.com; https://wordpress.com"
177.107.254.156 - - [10/Jul/2026:21:07:15 +0300] "GET /wp-sitemap-users-1.xml HTTP/1.1" 200 337 "-" "Jetpack by WordPress.com (Jetpack 12.5; WordPress 6.3)"
177.107.254.156 - - [10/Jul/2026:21:07:16 +0300] "GET /wp-json/wp/v2/users?ver=0.41753739815607954 HTTP/1.1" 200 3150 "-" "WordPress.com; https://wordpress.com"
93.94.140.42 - - [10/Jul/2026:21:09:04 +0300] "POST /wp-cron.php?doing_wp_cron=1783706944.6080090999603271484375 HTTP/1.1" 200 0 "-" "WordPress/7.0.1; https://krscorporatioltd.com"
66.249.68.71 - - [10/Jul/2026:21:09:04 +0300] "GET /items/G175421135 HTTP/1.1" 404 77482 "-" "Mozilla/5.0 (Linux; Android 6.0.1; Nexus 5X Build/MMB29P) AppleWebKit/537.36 (KHTML, like Gecko) Chrome/150.0.7871.46 Mobile Safari/537.36 (compatible; Googlebot/2.1; +http://www.google.com/bot.html)"
93.94.140.42 - - [10/Jul/2026:21:13:41 +0300] "POST /wp-cron.php?doing_wp_cron=1783707221.6434800624847412109375 HTTP/1.1" 200 0 "-" "WordPress/7.0.1; https://krscorporatioltd.com"
185.69.121.197 - - [10/Jul/2026:21:13:41 +0300] "GET /?rest_route=/pmpro/v1/checkout_level&level_id=3&discount_code=%27%20%20union%20select%20sleep(6)%20--%20g HTTP/1.1" 301 0 "-" "Mozilla/5.0 (Fedora; Linux i686) AppleWebKit/537.36 (KHTML, like Gecko) Chrome/131.0.0.0 Safari/537.36"
185.69.121.197 - - [10/Jul/2026:21:13:44 +0300] "GET /wp-content/plugins/paid-memberships-pro/js/pmpro-checkout.js HTTP/1.1" 404 77526 "-" "Mozilla/5.0 (Windows NT 6.2; rv:128.12) Gecko/20100101 Firefox/128.12"
93.94.140.42 - - [10/Jul/2026:21:26:47 +0300] "POST /wp-cron.php?doing_wp_cron=1783708006.9908790588378906250000 HTTP/1.1" 200 0 "-" "WordPress/7.0.1; https://krscorporatioltd.com"
72.167.132.114 - - [10/Jul/2026:21:26:47 +0300] "GET /wp-login.php HTTP/1.1" 404 68171 "-" "Mozilla/5.0 (Windows NT 10.0; Win64; x64) AppleWebKit/537.36 (KHTML, like Gecko) Chrome/133.0.0.0 Safari/537.36"
93.94.140.42 - - [10/Jul/2026:21:30:59 +0300] "POST /wp-cron.php?doing_wp_cron=1783708259.7435100078582763671875 HTTP/1.1" 200 0 "-" "WordPress/7.0.1; https://krscorporatioltd.com"
66.249.68.70 - - [10/Jul/2026:21:30:59 +0300] "GET /items/G225903185 HTTP/1.1" 404 77482 "-" "Mozilla/5.0 (Linux; Android 6.0.1; Nexus 5X Build/MMB29P) AppleWebKit/537.36 (KHTML, like Gecko) Chrome/150.0.7871.46 Mobile Safari/537.36 (compatible; Googlebot/2.1; +http://www.google.com/bot.html)"
93.94.140.42 - - [10/Jul/2026:21:50:16 +0300] "POST /wp-cron.php?doing_wp_cron=1783709416.7454640865325927734375 HTTP/1.1" 200 0 "-" "WordPress/7.0.1; https://krscorporatioltd.com"
217.216.109.88 - - [10/Jul/2026:21:50:16 +0300] "POST /xmlrpc.php HTTP/1.1" 200 401 "-" "Mozilla/5.0 (Windows NT 10.0; Win64; x64) AppleWebKit/537.36 (KHTML, like Gecko) Chrome/133.0.0.0 Safari/537.36"
93.94.140.42 - - [10/Jul/2026:21:51:12 +0300] "POST /wp-cron.php?doing_wp_cron=1783709472.7536020278930664062500 HTTP/1.1" 200 0 "-" "WordPress/7.0.1; https://krscorporatioltd.com"
161.97.129.228 - - [10/Jul/2026:21:51:12 +0300] "GET /wp-login.php HTTP/1.1" 404 68171 "-" "Mozilla/5.0 (Windows NT 10.0; Win64; x64) AppleWebKit/537.36 (KHTML, like Gecko) Chrome/133.0.0.0 Safari/537.36"
66.249.68.71 - - [10/Jul/2026:21:53:27 +0300] "GET /wp-content/themes/woodmart/css/parts/mod-tools.min.css?ver=8.2.7 HTTP/1.1" 200 4934 "https://krscorporatioltd.com/?s47575523882809%2F&add-to-cart=104" "Mozilla/5.0 (Linux; Android 6.0.1; Nexus 5X Build/MMB29P) AppleWebKit/537.36 (KHTML, like Gecko) Chrome/150.0.7871.46 Mobile Safari/537.36 (compatible; Googlebot/2.1; +http://www.google.com/bot.html)"
66.249.68.69 - - [10/Jul/2026:21:53:28 +0300] "GET /wp-content/uploads/elementor/css/post-7.css?ver=1783296000 HTTP/1.1" 200 1229 "https://krscorporatioltd.com/?s47575523882809%2F&add-to-cart=104" "Mozilla/5.0 (Linux; Android 6.0.1; Nexus 5X Build/MMB29P) AppleWebKit/537.36 (KHTML, like Gecko) Chrome/150.0.7871.46 Mobile Safari/537.36 (compatible; Googlebot/2.1; +http://www.google.com/bot.html)"
66.249.68.70 - - [10/Jul/2026:21:53:29 +0300] "GET /wp-content/uploads/elementor/css/post-14.css?ver=1783296000 HTTP/1.1" 200 5916 "https://krscorporatioltd.com/?s47575523882809%2F&add-to-cart=104" "Mozilla/5.0 (Linux; Android 6.0.1; Nexus 5X Build/MMB29P) AppleWebKit/537.36 (KHTML, like Gecko) Chrome/150.0.7871.46 Mobile Safari/537.36 (compatible; Googlebot/2.1; +http://www.google.com/bot.html)"
93.94.140.42 - - [10/Jul/2026:21:53:30 +0300] "POST /wp-cron.php?doing_wp_cron=1783709610.1822218894958496093750 HTTP/1.1" 200 0 "-" "WordPress/7.0.1; https://krscorporatioltd.com"
66.249.68.69 - - [10/Jul/2026:21:53:30 +0300] "POST /?wc-ajax=get_refreshed_fragments HTTP/1.1" 200 1605 "https://krscorporatioltd.com/?s47575523882809%2F&add-to-cart=104" "Mozilla/5.0 (Linux; Android 6.0.1; Nexus 5X Build/MMB29P) AppleWebKit/537.36 (KHTML, like Gecko) Chrome/150.0.7871.46 Mobile Safari/537.36 (compatible; Googlebot/2.1; +http://www.google.com/bot.html)"
93.94.140.42 - - [10/Jul/2026:21:59:20 +0300] "POST /wp-cron.php?doing_wp_cron=1783709960.7421169281005859375000 HTTP/1.1" 200 0 "-" "WordPress/7.0.1; https://krscorporatioltd.com"
185.69.121.197 - - [10/Jul/2026:21:59:20 +0300] "GET /wp-admin/admin-ajax.php?meta_ids=1+AND+(SELECT+3066+FROM+(SELECT(SLEEP(6)))CEHy)&action=remove_post_meta_condition HTTP/1.1" 404 77601 "-" "Mozilla/5.0 (X11; Linux i686; rv:1.9.6.20) Gecko/ Firefox/11.0"
185.69.121.197 - - [10/Jul/2026:21:59:22 +0300] "GET /?rest_route=/pvc/v1/increase/1&post_ids=0)%20union%20select%20md5(999999999),null,null%20--%20g HTTP/1.1" 404 125 "-" "Mozilla/5.0 (Macintosh; Intel Mac OS X 10_15_7) AppleWebKit/605.1.15 (KHTML, like Gecko) Version/18.3 Safari/605.1.15"
185.69.121.197 - - [10/Jul/2026:21:59:22 +0300] "POST /wp-admin/admin-ajax.php HTTP/1.1" 400 11 "-" "Mozilla/5.0 (Windows NT 10.0; rv:139.0) Gecko/20100101 Firefox/139.0"
185.69.121.197 - - [10/Jul/2026:21:59:23 +0300] "POST /wp-admin/admin-ajax.php HTTP/1.1" 400 11 "-" "Mozilla/5.0 (Windows NT 6.1; WOW64; rv:45.0) Gecko/20100101 Firefox/45.0"
185.69.121.197 - - [10/Jul/2026:21:59:23 +0300] "GET /wp-json/mapsvg/v1/maps/2?id=1%27%20AND%20(SELECT%2042%20FROM%20(SELECT(SLEEP(6)))b)--+ HTTP/1.1" 404 125 "-" "Mozilla/5.0 (X11; Linux i686) AppleWebKit/537.36 (KHTML, like Gecko) Chrome/142.0.0.0 Safari/537.36"
185.69.121.197 - - [10/Jul/2026:21:59:25 +0300] "GET /?rest_route=/wc/v3/wishlist/remove_product/1&item_id=0%20union%20select%20sleep(7)%20--%20g HTTP/1.1" 301 0 "-" "Mozilla/5.0 (SS; Linux x86_64) AppleWebKit/537.36 (KHTML, like Gecko) Chrome/129.0.0.0 Safari/537.36"
185.69.121.197 - - [10/Jul/2026:21:59:26 +0300] "POST /?rest_route=/notificationx/v1/analytics HTTP/1.1" 301 0 "-" "Mozilla/5.0 (X11; Linux i686; rv:1.9.5.20) Gecko/ Firefox/3.6.4"
93.94.140.42 - - [10/Jul/2026:22:01:59 +0300] "POST /wp-cron.php?doing_wp_cron=1783710119.7855000495910644531250 HTTP/1.1" 200 0 "-" "WordPress/7.0.1; https://krscorporatioltd.com"
185.69.121.197 - - [10/Jul/2026:22:01:59 +0300] "POST /wp-admin/admin-ajax.php HTTP/1.1" 404 77489 "-" "Mozilla/5.0 (Windows NT 10.0; WOW64) AppleWebKit/537.36 (KHTML, like Gecko) ConnectPC Safari/537.36 Browser"
93.94.140.42 - - [10/Jul/2026:22:04:14 +0300] "POST /wp-cron.php?doing_wp_cron=1783710254.5084040164947509765625 HTTP/1.1" 200 0 "-" "WordPress/7.0.1; https://krscorporatioltd.com"
66.249.68.71 - - [10/Jul/2026:22:04:14 +0300] "GET /items/G222622265 HTTP/1.1" 404 77482 "-" "Mozilla/5.0 (Linux; Android 6.0.1; Nexus 5X Build/MMB29P) AppleWebKit/537.36 (KHTML, like Gecko) Chrome/150.0.7871.46 Mobile Safari/537.36 (compatible; Googlebot/2.1; +http://www.google.com/bot.html)"
185.69.121.197 - - [10/Jul/2026:22:04:41 +0300] "GET / HTTP/1.1" 200 131419 "-" "Mozilla/5.0 (X11; Ubuntu; Linux x86_64; rv:132.0) Gecko/20100101 Firefox/132.0"
185.69.121.197 - - [10/Jul/2026:22:05:28 +0300] "POST /wp-admin/admin-ajax.php HTTP/1.1" 499 0 "-" "Mozilla/5.0 (Macintosh; U; Intel Mac OS X 10_6_7; en-us) AppleWebKit/534.16+ (KHTML, like Gecko) Version/5.0.3 Safari/533.19.4"
185.69.121.197 - - [10/Jul/2026:22:05:41 +0300] "GET /wp-content/uploads/pp-files/ofykm.php HTTP/1.1" 499 0 "-" "Mozilla/5.0 (Macintosh; U; PPC Mac OS X; de-de) AppleWebKit/125.5.6 (KHTML, like Gecko) Safari/125.12"
93.94.140.42 - - [10/Jul/2026:22:05:47 +0300] "POST /wp-cron.php?doing_wp_cron=1783710346.9348239898681640625000 HTTP/1.1" 200 0 "-" "WordPress/7.0.1; https://krscorporatioltd.com"
103.132.182.42 - - [10/Jul/2026:22:07:35 +0300] "GET /wp-content/plugins/296744335053340/580193433907015akp.php' HTTP/1.1" 499 0 "-" "Mozilla/5.0 (Windows NT 10.0; Win64; x64) AppleWebKit/537.36 (KHTML, like Gecko) Chrome/150.0.0.0 Safari/537.36"
93.94.140.42 - - [10/Jul/2026:22:07:39 +0300] "POST /wp-cron.php?doing_wp_cron=1783710459.8110799789428710937500 HTTP/1.1" 200 0 "-" "WordPress/7.0.1; https://krscorporatioltd.com"
103.132.182.42 - - [10/Jul/2026:22:07:51 +0300] "GET /wp-content/uploads/2025/09/krscorpo.png HTTP/1.1" 200 20328 "http://krscorporatioltd.com/" "Mozilla/5.0 (Windows NT 10.0; Win64; x64) AppleWebKit/537.36 (KHTML, like Gecko) Chrome/150.0.0.0 Safari/537.36"
93.94.140.42 - - [10/Jul/2026:22:09:58 +0300] "POST /wp-cron.php?doing_wp_cron=1783710598.3025710582733154296875 HTTP/1.1" 200 0 "-" "WordPress/7.0.1; https://krscorporatioltd.com"
3.249.232.163 - - [10/Jul/2026:22:09:58 +0300] "GET / HTTP/1.0" 301 0 "-" "Mozilla/5.0 (compatible; NetcraftSurveyAgent/1.0; +info@netcraft.com)"
93.94.140.42 - - [10/Jul/2026:22:12:06 +0300] "POST /wp-cron.php?doing_wp_cron=1783710726.1799979209899902343750 HTTP/1.1" 200 0 "-" "WordPress/7.0.1; https://krscorporatioltd.com"
64.225.121.94 - - [10/Jul/2026:22:12:06 +0300] "GET /wp-login.php HTTP/1.1" 404 68171 "-" "Mozilla/5.0 (Windows NT 10.0; Win64; x64) AppleWebKit/537.36 (KHTML, like Gecko) Chrome/133.0.0.0 Safari/537.36"
185.69.121.197 - - [10/Jul/2026:22:13:42 +0300] "GET /wp-content/plugins/wpcargo/includes/3GIU73TBFCAFJRN8pM44None2BY.php HTTP/1.1" 404 77533 "-" "Mozilla/5.0 (ZZ; Linux i686) AppleWebKit/537.36 (KHTML, like Gecko) Chrome/131.0.0.0 Safari/537.36"
185.69.121.197 - - [10/Jul/2026:22:13:45 +0300] "GET /wp-content/plugins/wpcargo/includes/barcode.php?text=x1x1111x1xx1xx111xx11111xx1x111x1x1x1xxx11x1111xx1x11xxxx1xx1xxxxx1x1x1xx1x1x11xx1xxxx1x11xx111xxx1xx1xx1x1x1xxx11x1111xxx1xxx1xx1x111xxx1x1xx1xxx1x1x1xx1x1x11xxx11xx1x11xx111xx1xxx1xx11x1x11x11x1111x1x11111x1x1xxxx&sizefactor=.090909090909&size=1&filepath=3GIU73TBFCAFJRN8pM44None2BY.php HTTP/1.1" 404 77822 "-" "Mozilla/5.0 (CentOS; Linux i686) AppleWebKit/537.36 (KHTML, like Gecko) Chrome/142.0.0.0 Safari/537.36"
185.69.121.197 - - [10/Jul/2026:22:13:48 +0300] "POST /wp-content/plugins/wpcargo/includes/3GIU73TBFCAFJRN8pM44None2BY.php?1=var_dump HTTP/1.1" 404 77544 "-" "Mozilla/5.0 (Macintosh; Intel Mac OS X 10_15_7) AppleWebKit/605.1.15 (KHTML, like Gecko) Version/18.6 Mobile/15E148 Safari/604.1"
93.94.140.42 - - [10/Jul/2026:22:15:26 +0300] "POST /wp-cron.php?doing_wp_cron=1783710926.8695690631866455078125 HTTP/1.1" 200 0 "-" "WordPress/7.0.1; https://krscorporatioltd.com"
185.69.121.197 - - [10/Jul/2026:22:15:26 +0300] "GET / HTTP/1.1" 200 131421 "-" "Mozilla/5.0 (Macintosh; Intel Mac OS X 10_15_7) AppleWebKit/605.1.15 (KHTML, like Gecko) Version/16.4 Safari/605.1.15"
185.69.121.197 - - [10/Jul/2026:22:15:26 +0300] "GET / HTTP/1.1" 200 131210 "-" "Mozilla/5.0 (X11; Linux x86_64; rv:109.0) Gecko/20100101 Firefox/117.0"
103.132.182.42 - - [10/Jul/2026:22:15:31 +0300] "GET /system/580193433907015akp.php HTTP/1.1" 302 0 "-" "Mozilla/5.0 (Windows NT 10.0; Win64; x64) AppleWebKit/537.36 (KHTML, like Gecko) Chrome/150.0.0.0 Safari/537.36"
103.132.182.42 - - [10/Jul/2026:22:15:31 +0300] "GET /system/580193433907015akp.php?p= HTTP/1.1" 200 27839 "-" "Mozilla/5.0 (Windows NT 10.0; Win64; x64) AppleWebKit/537.36 (KHTML, like Gecko) Chrome/150.0.0.0 Safari/537.36"
103.132.182.42 - - [10/Jul/2026:22:15:34 +0300] "GET /favicon.ico HTTP/1.1" 302 0 "https://krscorporatioltd.com/system/580193433907015akp.php?p=" "Mozilla/5.0 (Windows NT 10.0; Win64; x64) AppleWebKit/537.36 (KHTML, like Gecko) Chrome/150.0.0.0 Safari/537.36"
103.132.182.42 - - [10/Jul/2026:22:15:34 +0300] "GET /wp-includes/images/w-logo-blue-white-bg.png HTTP/1.1" 200 4119 "https://krscorporatioltd.com/system/580193433907015akp.php?p=" "Mozilla/5.0 (Windows NT 10.0; Win64; x64) AppleWebKit/537.36 (KHTML, like Gecko) Chrome/150.0.0.0 Safari/537.36"
93.94.140.42 - - [10/Jul/2026:22:17:51 +0300] "POST /wp-cron.php?doing_wp_cron=1783711071.0792760848999023437500 HTTP/1.1" 200 0 "-" "WordPress/7.0.1; https://krscorporatioltd.com"
103.90.233.75 - - [10/Jul/2026:22:17:51 +0300] "POST /xmlrpc.php HTTP/1.1" 200 401 "-" "Mozilla/5.0 (Windows NT 10.0; Win64; x64) AppleWebKit/537.36 (KHTML, like Gecko) Chrome/133.0.0.0 Safari/537.36"
93.94.140.42 - - [10/Jul/2026:22:18:52 +0300] "POST /wp-cron.php?doing_wp_cron=1783711132.4246039390563964843750 HTTP/1.1" 200 0 "-" "WordPress/7.0.1; https://krscorporatioltd.com"
82.165.185.56 - - [10/Jul/2026:22:18:52 +0300] "POST /xmlrpc.php HTTP/1.1" 200 401 "-" "Mozilla/5.0 (Windows NT 10.0; Win64; x64) AppleWebKit/537.36 (KHTML, like Gecko) Chrome/133.0.0.0 Safari/537.36"
93.94.140.42 - - [10/Jul/2026:22:22:17 +0300] "POST /wp-cron.php?doing_wp_cron=1783711337.3693840503692626953125 HTTP/1.1" 200 0 "-" "WordPress/7.0.1; https://krscorporatioltd.com"
185.69.121.197 - - [10/Jul/2026:22:22:17 +0300] "GET / HTTP/1.1" 200 131811 "-" "Mozilla/5.0 (Windows NT 10.0; Win64; x64; rv:89.0) Gecko/20100101 Firefox/89.0"
93.94.140.42 - - [10/Jul/2026:22:24:01 +0300] "POST /wp-cron.php?doing_wp_cron=1783711441.6987590789794921875000 HTTP/1.1" 200 0 "-" "WordPress/7.0.1; https://krscorporatioltd.com"
185.69.121.197 - - [10/Jul/2026:22:24:01 +0300] "GET / HTTP/1.1" 200 130860 "-" "Mozilla/5.0 (Windows NT 10.0; Win64; x64) AppleWebKit/537.36 (KHTML, like Gecko) Chrome/79.0.3945.130 Safari/537.36"
93.94.140.42 - - [10/Jul/2026:22:31:36 +0300] "POST /wp-cron.php?doing_wp_cron=1783711896.7930231094360351562500 HTTP/1.1" 200 0 "-" "WordPress/7.0.1; https://krscorporatioltd.com"
185.69.121.197 - - [10/Jul/2026:22:31:36 +0300] "GET / HTTP/1.1" 200 131419 "-" "Mozilla/5.0 (Windows NT 10.0; Win64; x64; rv:109.0) Gecko/20100101 Firefox/116.0"
185.69.121.197 - - [10/Jul/2026:22:31:42 +0300] "GET /wp-admin/ HTTP/1.1" 302 0 "-" "Mozilla/5.0 (Macintosh; Intel Mac OS X 10_15_6) AppleWebKit/605.1.15 (KHTML, like Gecko) Version/15.3 Mobile/15E148 Safari/604.1"
93.94.140.42 - - [10/Jul/2026:22:32:24 +0300] "POST /wp-cron.php?doing_wp_cron=1783711944.5746810436248779296875 HTTP/1.1" 200 0 "-" "WordPress/7.0.1; https://krscorporatioltd.com"
185.69.121.197 - - [10/Jul/2026:22:32:24 +0300] "POST /wp-admin/admin-ajax.php HTTP/1.1" 404 77489 "https://krscorporatioltd.com" "Mozilla/5.0 (Debian; Linux x86_64) AppleWebKit/537.36 (KHTML, like Gecko) Chrome/133.0.0.0 Safari/537.36"
185.69.121.197 - - [10/Jul/2026:22:32:27 +0300] "POST /wp-login.php HTTP/1.1" 404 68171 "https://krscorporatioltd.com" "Mozilla/5.0 (Macintosh; Intel Mac OS X 10_15_7) AppleWebKit/605.1.15 (KHTML, like Gecko) Version/17.0 Safari/605.4.21"
185.69.121.197 - - [10/Jul/2026:22:32:30 +0300] "GET /wp-admin/ HTTP/1.1" 302 0 "-" "Mozilla/5.0 (X11; CrOS x86_64 14541.0.0) AppleWebKit/537.36 (KHTML, like Gecko) Chrome/133.0.0.0 Safari/537.36"
185.69.121.197 - - [10/Jul/2026:22:33:09 +0300] "POST /wp-content/plugins/wp-automatic/process_form.php HTTP/1.1" 404 77514 "-" "Mozilla/5.0 (Windows NT 10.0; Win64; x64; rv:139.0) Gecko/20100101 Firefox/139.0"
