87.126.220.31 - - [10/Jul/2026:17:00:23 +0300] "GET /wp-admin/edit.php?post_type=product HTTP/1.1" 499 0 "https://mithouses.webtrixia.com/wp-admin/" "Mozilla/5.0 (Macintosh; Intel Mac OS X 10_15_7) AppleWebKit/537.36 (KHTML, like Gecko) Chrome/149.0.0.0 Safari/537.36"
87.126.220.31 - - [10/Jul/2026:17:00:25 +0300] "GET /wp-content/uploads/2026/07/1-1-150x150.png HTTP/1.1" 304 0 "https://mithouses.webtrixia.com/wp-admin/edit.php?post_type=product" "Mozilla/5.0 (Macintosh; Intel Mac OS X 10_15_7) AppleWebKit/537.36 (KHTML, like Gecko) Chrome/149.0.0.0 Safari/537.36"
87.126.220.31 - - [10/Jul/2026:17:00:25 +0300] "GET /wp-content/uploads/2026/07/21-150x150.png HTTP/1.1" 304 0 "https://mithouses.webtrixia.com/wp-admin/edit.php?post_type=product" "Mozilla/5.0 (Macintosh; Intel Mac OS X 10_15_7) AppleWebKit/537.36 (KHTML, like Gecko) Chrome/149.0.0.0 Safari/537.36"
87.126.220.31 - - [10/Jul/2026:17:00:25 +0300] "GET /wp-content/uploads/2026/07/31-150x150.png HTTP/1.1" 200 46506 "https://mithouses.webtrixia.com/wp-admin/edit.php?post_type=product" "Mozilla/5.0 (Macintosh; Intel Mac OS X 10_15_7) AppleWebKit/537.36 (KHTML, like Gecko) Chrome/149.0.0.0 Safari/537.36"
93.94.140.42 - - [10/Jul/2026:17:00:26 +0300] "POST /wp-admin/admin-ajax.php?action=as_async_request_queue_runner&nonce=361d350f2e HTTP/1.1" 499 0 "-" "WordPress/7.0.1; https://mithouses.webtrixia.com"
87.126.220.31 - - [10/Jul/2026:17:00:26 +0300] "GET /wp-admin/edit.php?post_type=product HTTP/1.1" 200 424147 "https://mithouses.webtrixia.com/wp-admin/" "Mozilla/5.0 (Macintosh; Intel Mac OS X 10_15_7) AppleWebKit/537.36 (KHTML, like Gecko) Chrome/149.0.0.0 Safari/537.36"
87.126.220.31 - - [10/Jul/2026:17:00:28 +0300] "GET /wp-json/wc-analytics/orders?page=1&per_page=1&status%5B0%5D=processing&status%5B1%5D=on-hold&_fields%5B0%5D=id&_locale=user HTTP/1.1" 200 12 "https://mithouses.webtrixia.com/wp-admin/edit.php?post_type=product" "Mozilla/5.0 (Macintosh; Intel Mac OS X 10_15_7) AppleWebKit/537.36 (KHTML, like Gecko) Chrome/149.0.0.0 Safari/537.36"
87.126.220.31 - - [10/Jul/2026:17:00:28 +0300] "GET /wp-json/wp/v2/ HTTP/1.1" 200 713917 "https://mithouses.webtrixia.com/wp-admin/edit.php?post_type=product" "Mozilla/5.0 (Macintosh; Intel Mac OS X 10_15_7) AppleWebKit/537.36 (KHTML, like Gecko) Chrome/149.0.0.0 Safari/537.36"
87.126.220.31 - - [10/Jul/2026:17:00:28 +0300] "GET /wp-json/wc-analytics/products/reviews?page=1&per_page=1&status=hold&_embed=1&_fields%5B0%5D=id&_locale=user HTTP/1.1" 200 12 "https://mithouses.webtrixia.com/wp-admin/edit.php?post_type=product" "Mozilla/5.0 (Macintosh; Intel Mac OS X 10_15_7) AppleWebKit/537.36 (KHTML, like Gecko) Chrome/149.0.0.0 Safari/537.36"
87.126.220.31 - - [10/Jul/2026:17:00:29 +0300] "GET /wp-json/wc-analytics/products/count-low-in-stock?status=publish&page=1&per_page=1&_locale=user HTTP/1.1" 200 21 "https://mithouses.webtrixia.com/wp-admin/edit.php?post_type=product" "Mozilla/5.0 (Macintosh; Intel Mac OS X 10_15_7) AppleWebKit/537.36 (KHTML, like Gecko) Chrome/149.0.0.0 Safari/537.36"
87.126.220.31 - - [10/Jul/2026:17:00:30 +0300] "GET /wp-json/wc-admin/options?options=woocommerce_ces_tracks_queue&_locale=user HTTP/1.1" 200 46 "https://mithouses.webtrixia.com/wp-admin/edit.php?post_type=product" "Mozilla/5.0 (Macintosh; Intel Mac OS X 10_15_7) AppleWebKit/537.36 (KHTML, like Gecko) Chrome/149.0.0.0 Safari/537.36"
87.126.220.31 - - [10/Jul/2026:17:00:30 +0300] "GET /wp-json/wc-admin/onboarding/tasks?_locale=user HTTP/1.1" 200 6937 "https://mithouses.webtrixia.com/wp-admin/edit.php?post_type=product" "Mozilla/5.0 (Macintosh; Intel Mac OS X 10_15_7) AppleWebKit/537.36 (KHTML, like Gecko) Chrome/149.0.0.0 Safari/537.36"
87.126.220.31 - - [10/Jul/2026:17:00:31 +0300] "GET /wp-json/wc-analytics/admin/notes?page=1&per_page=25&type=error%2Cupdate&status=unactioned&_locale=user HTTP/1.1" 200 12 "https://mithouses.webtrixia.com/wp-admin/edit.php?post_type=product" "Mozilla/5.0 (Macintosh; Intel Mac OS X 10_15_7) AppleWebKit/537.36 (KHTML, like Gecko) Chrome/149.0.0.0 Safari/537.36"
87.126.220.31 - - [10/Jul/2026:17:00:31 +0300] "GET /wp-json/wc-admin/options?options=woocommerce_admin_transient_notices_queue%2Cwoocommerce_admin_install_timestamp&_locale=user HTTP/1.1" 200 113 "https://mithouses.webtrixia.com/wp-admin/edit.php?post_type=product" "Mozilla/5.0 (Macintosh; Intel Mac OS X 10_15_7) AppleWebKit/537.36 (KHTML, like Gecko) Chrome/149.0.0.0 Safari/537.36"
87.126.220.31 - - [10/Jul/2026:17:00:32 +0300] "POST /wp-admin/admin-ajax.php HTTP/1.1" 200 122 "https://mithouses.webtrixia.com/wp-admin/edit.php?post_type=product" "Mozilla/5.0 (Macintosh; Intel Mac OS X 10_15_7) AppleWebKit/537.36 (KHTML, like Gecko) Chrome/149.0.0.0 Safari/537.36"
87.126.220.31 - - [10/Jul/2026:17:00:32 +0300] "GET /wp-admin/post.php?post=38&action=edit HTTP/1.1" 200 557835 "https://mithouses.webtrixia.com/wp-admin/edit.php?post_type=product" "Mozilla/5.0 (Macintosh; Intel Mac OS X 10_15_7) AppleWebKit/537.36 (KHTML, like Gecko) Chrome/149.0.0.0 Safari/537.36"
87.126.220.31 - - [10/Jul/2026:17:00:32 +0300] "GET /wp-content/uploads/2026/07/31-300x300.png HTTP/1.1" 304 0 "https://mithouses.webtrixia.com/wp-admin/post.php?post=38&action=edit" "Mozilla/5.0 (Macintosh; Intel Mac OS X 10_15_7) AppleWebKit/537.36 (KHTML, like Gecko) Chrome/149.0.0.0 Safari/537.36"
87.126.220.31 - - [10/Jul/2026:17:00:32 +0300] "GET /wp-content/uploads/2026/07/33-150x150.png HTTP/1.1" 304 0 "https://mithouses.webtrixia.com/wp-admin/post.php?post=38&action=edit" "Mozilla/5.0 (Macintosh; Intel Mac OS X 10_15_7) AppleWebKit/537.36 (KHTML, like Gecko) Chrome/149.0.0.0 Safari/537.36"
87.126.220.31 - - [10/Jul/2026:17:00:32 +0300] "GET /wp-content/uploads/2026/07/32-150x150.png HTTP/1.1" 304 0 "https://mithouses.webtrixia.com/wp-admin/post.php?post=38&action=edit" "Mozilla/5.0 (Macintosh; Intel Mac OS X 10_15_7) AppleWebKit/537.36 (KHTML, like Gecko) Chrome/149.0.0.0 Safari/537.36"
87.126.220.31 - - [10/Jul/2026:17:00:35 +0300] "POST /wp-admin/admin-ajax.php HTTP/1.1" 200 168 "https://mithouses.webtrixia.com/wp-admin/post.php?post=38&action=edit" "Mozilla/5.0 (Macintosh; Intel Mac OS X 10_15_7) AppleWebKit/537.36 (KHTML, like Gecko) Chrome/149.0.0.0 Safari/537.36"
87.126.220.31 - - [10/Jul/2026:17:00:35 +0300] "GET /wp-json/wc-analytics/products/count-low-in-stock?status=publish&page=1&per_page=1&_locale=user HTTP/1.1" 200 21 "https://mithouses.webtrixia.com/wp-admin/post.php?post=38&action=edit" "Mozilla/5.0 (Macintosh; Intel Mac OS X 10_15_7) AppleWebKit/537.36 (KHTML, like Gecko) Chrome/149.0.0.0 Safari/537.36"
87.126.220.31 - - [10/Jul/2026:17:00:35 +0300] "GET /wp-json/wc-analytics/orders?page=1&per_page=1&status%5B0%5D=processing&status%5B1%5D=on-hold&_fields%5B0%5D=id&_locale=user HTTP/1.1" 200 12 "https://mithouses.webtrixia.com/wp-admin/post.php?post=38&action=edit" "Mozilla/5.0 (Macintosh; Intel Mac OS X 10_15_7) AppleWebKit/537.36 (KHTML, like Gecko) Chrome/149.0.0.0 Safari/537.36"
87.126.220.31 - - [10/Jul/2026:17:00:35 +0300] "GET /wp-json/wc-analytics/products/reviews?page=1&per_page=1&status=hold&_embed=1&_fields%5B0%5D=id&_locale=user HTTP/1.1" 200 12 "https://mithouses.webtrixia.com/wp-admin/post.php?post=38&action=edit" "Mozilla/5.0 (Macintosh; Intel Mac OS X 10_15_7) AppleWebKit/537.36 (KHTML, like Gecko) Chrome/149.0.0.0 Safari/537.36"
87.126.220.31 - - [10/Jul/2026:17:00:36 +0300] "GET /wp-json/wc-admin/onboarding/tasks?_locale=user HTTP/1.1" 200 6937 "https://mithouses.webtrixia.com/wp-admin/post.php?post=38&action=edit" "Mozilla/5.0 (Macintosh; Intel Mac OS X 10_15_7) AppleWebKit/537.36 (KHTML, like Gecko) Chrome/149.0.0.0 Safari/537.36"
87.126.220.31 - - [10/Jul/2026:17:00:37 +0300] "GET /wp-json/wc-admin/options?options=woocommerce_ces_tracks_queue&_locale=user HTTP/1.1" 200 46 "https://mithouses.webtrixia.com/wp-admin/post.php?post=38&action=edit" "Mozilla/5.0 (Macintosh; Intel Mac OS X 10_15_7) AppleWebKit/537.36 (KHTML, like Gecko) Chrome/149.0.0.0 Safari/537.36"
87.126.220.31 - - [10/Jul/2026:17:00:38 +0300] "GET /wp-json/wc-analytics/admin/notes?page=1&per_page=25&type=error%2Cupdate&status=unactioned&_locale=user HTTP/1.1" 200 12 "https://mithouses.webtrixia.com/wp-admin/post.php?post=38&action=edit" "Mozilla/5.0 (Macintosh; Intel Mac OS X 10_15_7) AppleWebKit/537.36 (KHTML, like Gecko) Chrome/149.0.0.0 Safari/537.36"
87.126.220.31 - - [10/Jul/2026:17:00:38 +0300] "POST /wp-admin/admin-ajax.php HTTP/1.1" 200 282 "https://mithouses.webtrixia.com/wp-admin/post.php?post=38&action=edit" "Mozilla/5.0 (Macintosh; Intel Mac OS X 10_15_7) AppleWebKit/537.36 (KHTML, like Gecko) Chrome/149.0.0.0 Safari/537.36"
93.94.140.42 - - [10/Jul/2026:17:00:38 +0300] "POST /wp-cron.php?doing_wp_cron=1783692038.3146541118621826171875 HTTP/1.1" 200 0 "-" "WordPress/7.0.1; https://mithouses.webtrixia.com"
87.126.220.31 - - [10/Jul/2026:17:00:38 +0300] "GET /wp-json/wc-admin/options?options=woocommerce_allow_tracking%2Cwoocommerce_admin_transient_notices_queue%2Cwoocommerce_admin_install_timestamp&_locale=user HTTP/1.1" 200 148 "https://mithouses.webtrixia.com/wp-admin/post.php?post=38&action=edit" "Mozilla/5.0 (Macintosh; Intel Mac OS X 10_15_7) AppleWebKit/537.36 (KHTML, like Gecko) Chrome/149.0.0.0 Safari/537.36"
93.94.140.42 - - [10/Jul/2026:17:00:39 +0300] "POST /wp-cron.php?doing_wp_cron=1783692039.8969039916992187500000 HTTP/1.1" 200 0 "-" "WordPress/7.0.1; https://mithouses.webtrixia.com"
87.126.220.31 - - [10/Jul/2026:17:00:40 +0300] "GET /wp-admin/edit.php?post_type=product HTTP/1.1" 200 424145 "https://mithouses.webtrixia.com/wp-admin/" "Mozilla/5.0 (Macintosh; Intel Mac OS X 10_15_7) AppleWebKit/537.36 (KHTML, like Gecko) Chrome/149.0.0.0 Safari/537.36"
87.126.220.31 - - [10/Jul/2026:17:00:42 +0300] "POST /wp-admin/admin-ajax.php HTTP/1.1" 200 11 "https://mithouses.webtrixia.com/wp-admin/post.php?post=38&action=edit" "Mozilla/5.0 (Macintosh; Intel Mac OS X 10_15_7) AppleWebKit/537.36 (KHTML, like Gecko) Chrome/149.0.0.0 Safari/537.36"
87.126.220.31 - - [10/Jul/2026:17:00:43 +0300] "GET /wp-json/wc-analytics/products/reviews?page=1&per_page=1&status=hold&_embed=1&_fields%5B0%5D=id&_locale=user HTTP/1.1" 200 12 "https://mithouses.webtrixia.com/wp-admin/edit.php?post_type=product" "Mozilla/5.0 (Macintosh; Intel Mac OS X 10_15_7) AppleWebKit/537.36 (KHTML, like Gecko) Chrome/149.0.0.0 Safari/537.36"
87.126.220.31 - - [10/Jul/2026:17:00:43 +0300] "GET /wp-json/wc-analytics/products/count-low-in-stock?status=publish&page=1&per_page=1&_locale=user HTTP/1.1" 200 21 "https://mithouses.webtrixia.com/wp-admin/edit.php?post_type=product" "Mozilla/5.0 (Macintosh; Intel Mac OS X 10_15_7) AppleWebKit/537.36 (KHTML, like Gecko) Chrome/149.0.0.0 Safari/537.36"
87.126.220.31 - - [10/Jul/2026:17:00:43 +0300] "GET /wp-json/wc-analytics/orders?page=1&per_page=1&status%5B0%5D=processing&status%5B1%5D=on-hold&_fields%5B0%5D=id&_locale=user HTTP/1.1" 200 12 "https://mithouses.webtrixia.com/wp-admin/edit.php?post_type=product" "Mozilla/5.0 (Macintosh; Intel Mac OS X 10_15_7) AppleWebKit/537.36 (KHTML, like Gecko) Chrome/149.0.0.0 Safari/537.36"
87.126.220.31 - - [10/Jul/2026:17:00:45 +0300] "GET /wp-json/wc-admin/onboarding/tasks?_locale=user HTTP/1.1" 200 6937 "https://mithouses.webtrixia.com/wp-admin/edit.php?post_type=product" "Mozilla/5.0 (Macintosh; Intel Mac OS X 10_15_7) AppleWebKit/537.36 (KHTML, like Gecko) Chrome/149.0.0.0 Safari/537.36"
87.126.220.31 - - [10/Jul/2026:17:00:45 +0300] "GET /wp-json/wc-admin/options?options=woocommerce_ces_tracks_queue&_locale=user HTTP/1.1" 200 46 "https://mithouses.webtrixia.com/wp-admin/edit.php?post_type=product" "Mozilla/5.0 (Macintosh; Intel Mac OS X 10_15_7) AppleWebKit/537.36 (KHTML, like Gecko) Chrome/149.0.0.0 Safari/537.36"
87.126.220.31 - - [10/Jul/2026:17:00:46 +0300] "POST /wp-admin/admin-ajax.php HTTP/1.1" 200 122 "https://mithouses.webtrixia.com/wp-admin/edit.php?post_type=product" "Mozilla/5.0 (Macintosh; Intel Mac OS X 10_15_7) AppleWebKit/537.36 (KHTML, like Gecko) Chrome/149.0.0.0 Safari/537.36"
87.126.220.31 - - [10/Jul/2026:17:00:46 +0300] "GET /wp-json/wc-analytics/admin/notes?page=1&per_page=25&type=error%2Cupdate&status=unactioned&_locale=user HTTP/1.1" 200 12 "https://mithouses.webtrixia.com/wp-admin/edit.php?post_type=product" "Mozilla/5.0 (Macintosh; Intel Mac OS X 10_15_7) AppleWebKit/537.36 (KHTML, like Gecko) Chrome/149.0.0.0 Safari/537.36"
87.126.220.31 - - [10/Jul/2026:17:00:47 +0300] "GET /wp-admin/post.php?post=115&action=edit HTTP/1.1" 200 557852 "https://mithouses.webtrixia.com/wp-admin/edit.php?post_type=product" "Mozilla/5.0 (Macintosh; Intel Mac OS X 10_15_7) AppleWebKit/537.36 (KHTML, like Gecko) Chrome/149.0.0.0 Safari/537.36"
87.126.220.31 - - [10/Jul/2026:17:00:47 +0300] "GET /wp-json/wc-admin/options?options=woocommerce_admin_transient_notices_queue%2Cwoocommerce_admin_install_timestamp&_locale=user HTTP/1.1" 499 0 "https://mithouses.webtrixia.com/wp-admin/edit.php?post_type=product" "Mozilla/5.0 (Macintosh; Intel Mac OS X 10_15_7) AppleWebKit/537.36 (KHTML, like Gecko) Chrome/149.0.0.0 Safari/537.36"
87.126.220.31 - - [10/Jul/2026:17:00:47 +0300] "GET /wp-content/uploads/2026/07/1-1-300x300.png HTTP/1.1" 304 0 "https://mithouses.webtrixia.com/wp-admin/post.php?post=115&action=edit" "Mozilla/5.0 (Macintosh; Intel Mac OS X 10_15_7) AppleWebKit/537.36 (KHTML, like Gecko) Chrome/149.0.0.0 Safari/537.36"
87.126.220.31 - - [10/Jul/2026:17:00:47 +0300] "GET /wp-content/uploads/2026/07/1-3-150x150.png HTTP/1.1" 304 0 "https://mithouses.webtrixia.com/wp-admin/post.php?post=115&action=edit" "Mozilla/5.0 (Macintosh; Intel Mac OS X 10_15_7) AppleWebKit/537.36 (KHTML, like Gecko) Chrome/149.0.0.0 Safari/537.36"
87.126.220.31 - - [10/Jul/2026:17:00:47 +0300] "GET /wp-content/uploads/2026/07/2-1-150x150.png HTTP/1.1" 304 0 "https://mithouses.webtrixia.com/wp-admin/post.php?post=115&action=edit" "Mozilla/5.0 (Macintosh; Intel Mac OS X 10_15_7) AppleWebKit/537.36 (KHTML, like Gecko) Chrome/149.0.0.0 Safari/537.36"
87.126.220.31 - - [10/Jul/2026:17:00:50 +0300] "POST /wp-admin/admin-ajax.php HTTP/1.1" 200 170 "https://mithouses.webtrixia.com/wp-admin/post.php?post=115&action=edit" "Mozilla/5.0 (Macintosh; Intel Mac OS X 10_15_7) AppleWebKit/537.36 (KHTML, like Gecko) Chrome/149.0.0.0 Safari/537.36"
87.126.220.31 - - [10/Jul/2026:17:00:50 +0300] "GET /wp-json/wc-analytics/products/count-low-in-stock?status=publish&page=1&per_page=1&_locale=user HTTP/1.1" 200 21 "https://mithouses.webtrixia.com/wp-admin/post.php?post=115&action=edit" "Mozilla/5.0 (Macintosh; Intel Mac OS X 10_15_7) AppleWebKit/537.36 (KHTML, like Gecko) Chrome/149.0.0.0 Safari/537.36"
87.126.220.31 - - [10/Jul/2026:17:00:50 +0300] "GET /wp-json/wc-analytics/orders?page=1&per_page=1&status%5B0%5D=processing&status%5B1%5D=on-hold&_fields%5B0%5D=id&_locale=user HTTP/1.1" 200 12 "https://mithouses.webtrixia.com/wp-admin/post.php?post=115&action=edit" "Mozilla/5.0 (Macintosh; Intel Mac OS X 10_15_7) AppleWebKit/537.36 (KHTML, like Gecko) Chrome/149.0.0.0 Safari/537.36"
87.126.220.31 - - [10/Jul/2026:17:00:50 +0300] "GET /wp-json/wc-analytics/products/reviews?page=1&per_page=1&status=hold&_embed=1&_fields%5B0%5D=id&_locale=user HTTP/1.1" 200 12 "https://mithouses.webtrixia.com/wp-admin/post.php?post=115&action=edit" "Mozilla/5.0 (Macintosh; Intel Mac OS X 10_15_7) AppleWebKit/537.36 (KHTML, like Gecko) Chrome/149.0.0.0 Safari/537.36"
87.126.220.31 - - [10/Jul/2026:17:00:51 +0300] "GET /wp-json/wc-admin/onboarding/tasks?_locale=user HTTP/1.1" 200 6937 "https://mithouses.webtrixia.com/wp-admin/post.php?post=115&action=edit" "Mozilla/5.0 (Macintosh; Intel Mac OS X 10_15_7) AppleWebKit/537.36 (KHTML, like Gecko) Chrome/149.0.0.0 Safari/537.36"
87.126.220.31 - - [10/Jul/2026:17:00:54 +0300] "GET /wp-json/wc-admin/options?options=woocommerce_ces_tracks_queue&_locale=user HTTP/1.1" 200 46 "https://mithouses.webtrixia.com/wp-admin/post.php?post=115&action=edit" "Mozilla/5.0 (Macintosh; Intel Mac OS X 10_15_7) AppleWebKit/537.36 (KHTML, like Gecko) Chrome/149.0.0.0 Safari/537.36"
87.126.220.31 - - [10/Jul/2026:17:00:54 +0300] "POST /wp-admin/admin-ajax.php HTTP/1.1" 200 286 "https://mithouses.webtrixia.com/wp-admin/post.php?post=115&action=edit" "Mozilla/5.0 (Macintosh; Intel Mac OS X 10_15_7) AppleWebKit/537.36 (KHTML, like Gecko) Chrome/149.0.0.0 Safari/537.36"
87.126.220.31 - - [10/Jul/2026:17:00:54 +0300] "GET /wp-json/wc-admin/options?options=woocommerce_allow_tracking%2Cwoocommerce_admin_transient_notices_queue%2Cwoocommerce_admin_install_timestamp&_locale=user HTTP/1.1" 200 148 "https://mithouses.webtrixia.com/wp-admin/post.php?post=115&action=edit" "Mozilla/5.0 (Macintosh; Intel Mac OS X 10_15_7) AppleWebKit/537.36 (KHTML, like Gecko) Chrome/149.0.0.0 Safari/537.36"
87.126.220.31 - - [10/Jul/2026:17:00:54 +0300] "GET /wp-json/wc-analytics/admin/notes?page=1&per_page=25&type=error%2Cupdate&status=unactioned&_locale=user HTTP/1.1" 200 12 "https://mithouses.webtrixia.com/wp-admin/post.php?post=115&action=edit" "Mozilla/5.0 (Macintosh; Intel Mac OS X 10_15_7) AppleWebKit/537.36 (KHTML, like Gecko) Chrome/149.0.0.0 Safari/537.36"
87.126.220.31 - - [10/Jul/2026:17:00:55 +0300] "POST /wp-admin/admin-ajax.php HTTP/1.1" 200 38469 "https://mithouses.webtrixia.com/wp-admin/post.php?post=115&action=edit" "Mozilla/5.0 (Macintosh; Intel Mac OS X 10_15_7) AppleWebKit/537.36 (KHTML, like Gecko) Chrome/149.0.0.0 Safari/537.36"
87.126.220.31 - - [10/Jul/2026:17:01:07 +0300] "GET /wp-content/uploads/2026/07/32-300x225.png HTTP/1.1" 304 0 "https://mithouses.webtrixia.com/wp-admin/post.php?post=115&action=edit" "Mozilla/5.0 (Macintosh; Intel Mac OS X 10_15_7) AppleWebKit/537.36 (KHTML, like Gecko) Chrome/149.0.0.0 Safari/537.36"
87.126.220.31 - - [10/Jul/2026:17:01:07 +0300] "GET /wp-content/uploads/2026/07/31-300x225.png HTTP/1.1" 304 0 "https://mithouses.webtrixia.com/wp-admin/post.php?post=115&action=edit" "Mozilla/5.0 (Macintosh; Intel Mac OS X 10_15_7) AppleWebKit/537.36 (KHTML, like Gecko) Chrome/149.0.0.0 Safari/537.36"
87.126.220.31 - - [10/Jul/2026:17:01:07 +0300] "GET /wp-content/uploads/2026/07/2-1-300x240.png HTTP/1.1" 304 0 "https://mithouses.webtrixia.com/wp-admin/post.php?post=115&action=edit" "Mozilla/5.0 (Macintosh; Intel Mac OS X 10_15_7) AppleWebKit/537.36 (KHTML, like Gecko) Chrome/149.0.0.0 Safari/537.36"
87.126.220.31 - - [10/Jul/2026:17:01:07 +0300] "GET /wp-content/uploads/2026/07/33-300x225.png HTTP/1.1" 304 0 "https://mithouses.webtrixia.com/wp-admin/post.php?post=115&action=edit" "Mozilla/5.0 (Macintosh; Intel Mac OS X 10_15_7) AppleWebKit/537.36 (KHTML, like Gecko) Chrome/149.0.0.0 Safari/537.36"
87.126.220.31 - - [10/Jul/2026:17:01:07 +0300] "GET /wp-content/uploads/2026/07/23-300x200.png HTTP/1.1" 304 0 "https://mithouses.webtrixia.com/wp-admin/post.php?post=115&action=edit" "Mozilla/5.0 (Macintosh; Intel Mac OS X 10_15_7) AppleWebKit/537.36 (KHTML, like Gecko) Chrome/149.0.0.0 Safari/537.36"
87.126.220.31 - - [10/Jul/2026:17:01:07 +0300] "GET /wp-content/uploads/2026/07/22-300x200.png HTTP/1.1" 304 0 "https://mithouses.webtrixia.com/wp-admin/post.php?post=115&action=edit" "Mozilla/5.0 (Macintosh; Intel Mac OS X 10_15_7) AppleWebKit/537.36 (KHTML, like Gecko) Chrome/149.0.0.0 Safari/537.36"
87.126.220.31 - - [10/Jul/2026:17:01:07 +0300] "GET /wp-content/uploads/2026/07/1-1-300x183.png HTTP/1.1" 304 0 "https://mithouses.webtrixia.com/wp-admin/post.php?post=115&action=edit" "Mozilla/5.0 (Macintosh; Intel Mac OS X 10_15_7) AppleWebKit/537.36 (KHTML, like Gecko) Chrome/149.0.0.0 Safari/537.36"
87.126.220.31 - - [10/Jul/2026:17:01:07 +0300] "GET /wp-content/uploads/2026/07/1-3-300x200.png HTTP/1.1" 304 0 "https://mithouses.webtrixia.com/wp-admin/post.php?post=115&action=edit" "Mozilla/5.0 (Macintosh; Intel Mac OS X 10_15_7) AppleWebKit/537.36 (KHTML, like Gecko) Chrome/149.0.0.0 Safari/537.36"
87.126.220.31 - - [10/Jul/2026:17:01:07 +0300] "GET /wp-content/uploads/2026/07/21-300x200.png HTTP/1.1" 304 0 "https://mithouses.webtrixia.com/wp-admin/post.php?post=115&action=edit" "Mozilla/5.0 (Macintosh; Intel Mac OS X 10_15_7) AppleWebKit/537.36 (KHTML, like Gecko) Chrome/149.0.0.0 Safari/537.36"
87.126.220.31 - - [10/Jul/2026:17:01:07 +0300] "GET /wp-content/uploads/2026/07/1x-300x240.png HTTP/1.1" 304 0 "https://mithouses.webtrixia.com/wp-admin/post.php?post=115&action=edit" "Mozilla/5.0 (Macintosh; Intel Mac OS X 10_15_7) AppleWebKit/537.36 (KHTML, like Gecko) Chrome/149.0.0.0 Safari/537.36"
87.126.220.31 - - [10/Jul/2026:17:01:11 +0300] "POST /wp-admin/async-upload.php HTTP/1.1" 200 1933 "https://mithouses.webtrixia.com/wp-admin/post.php?post=115&action=edit" "Mozilla/5.0 (Macintosh; Intel Mac OS X 10_15_7) AppleWebKit/537.36 (KHTML, like Gecko) Chrome/149.0.0.0 Safari/537.36"
87.126.220.31 - - [10/Jul/2026:17:01:11 +0300] "GET /wp-content/uploads/2026/07/inside1-300x240.png HTTP/1.1" 200 117486 "https://mithouses.webtrixia.com/wp-admin/post.php?post=115&action=edit" "Mozilla/5.0 (Macintosh; Intel Mac OS X 10_15_7) AppleWebKit/537.36 (KHTML, like Gecko) Chrome/149.0.0.0 Safari/537.36"
87.126.220.31 - - [10/Jul/2026:17:01:15 +0300] "POST /wp-admin/async-upload.php HTTP/1.1" 200 1933 "https://mithouses.webtrixia.com/wp-admin/post.php?post=115&action=edit" "Mozilla/5.0 (Macintosh; Intel Mac OS X 10_15_7) AppleWebKit/537.36 (KHTML, like Gecko) Chrome/149.0.0.0 Safari/537.36"
87.126.220.31 - - [10/Jul/2026:17:01:15 +0300] "GET /wp-content/uploads/2026/07/inside2-300x240.png HTTP/1.1" 200 119858 "https://mithouses.webtrixia.com/wp-admin/post.php?post=115&action=edit" "Mozilla/5.0 (Macintosh; Intel Mac OS X 10_15_7) AppleWebKit/537.36 (KHTML, like Gecko) Chrome/149.0.0.0 Safari/537.36"
87.126.220.31 - - [10/Jul/2026:17:01:15 +0300] "GET /wp-content/uploads/2026/07/inside1-150x150.png HTTP/1.1" 200 41004 "https://mithouses.webtrixia.com/wp-admin/post.php?post=115&action=edit" "Mozilla/5.0 (Macintosh; Intel Mac OS X 10_15_7) AppleWebKit/537.36 (KHTML, like Gecko) Chrome/149.0.0.0 Safari/537.36"
87.126.220.31 - - [10/Jul/2026:17:01:15 +0300] "GET /wp-content/uploads/2026/07/inside2-150x150.png HTTP/1.1" 200 42138 "https://mithouses.webtrixia.com/wp-admin/post.php?post=115&action=edit" "Mozilla/5.0 (Macintosh; Intel Mac OS X 10_15_7) AppleWebKit/537.36 (KHTML, like Gecko) Chrome/149.0.0.0 Safari/537.36"
87.126.220.31 - - [10/Jul/2026:17:01:20 +0300] "POST /wp-admin/admin-ajax.php HTTP/1.1" 200 58 "https://mithouses.webtrixia.com/wp-admin/nav-menus.php" "Mozilla/5.0 (Macintosh; Intel Mac OS X 10_15_7) AppleWebKit/537.36 (KHTML, like Gecko) Chrome/149.0.0.0 Safari/537.36"
93.94.140.42 - - [10/Jul/2026:17:01:29 +0300] "POST /wp-admin/admin-ajax.php?action=as_async_request_queue_runner&nonce=361d350f2e HTTP/1.1" 499 0 "-" "WordPress/7.0.1; https://mithouses.webtrixia.com"
87.126.220.31 - - [10/Jul/2026:17:01:29 +0300] "POST /wp-admin/post.php HTTP/1.1" 302 0 "https://mithouses.webtrixia.com/wp-admin/post.php?post=115&action=edit" "Mozilla/5.0 (Macintosh; Intel Mac OS X 10_15_7) AppleWebKit/537.36 (KHTML, like Gecko) Chrome/149.0.0.0 Safari/537.36"
87.126.220.31 - - [10/Jul/2026:17:01:31 +0300] "GET /wp-admin/post.php?post=115&action=edit&message=1 HTTP/1.1" 200 560623 "https://mithouses.webtrixia.com/wp-admin/post.php?post=115&action=edit" "Mozilla/5.0 (Macintosh; Intel Mac OS X 10_15_7) AppleWebKit/537.36 (KHTML, like Gecko) Chrome/149.0.0.0 Safari/537.36"
87.126.220.31 - - [10/Jul/2026:17:01:31 +0300] "GET /wp-content/uploads/2026/07/inside2-150x150.png HTTP/1.1" 304 0 "https://mithouses.webtrixia.com/wp-admin/post.php?post=115&action=edit" "Mozilla/5.0 (Macintosh; Intel Mac OS X 10_15_7) AppleWebKit/537.36 (KHTML, like Gecko) Chrome/149.0.0.0 Safari/537.36"
87.126.220.31 - - [10/Jul/2026:17:01:31 +0300] "GET /wp-content/uploads/2026/07/inside1-150x150.png HTTP/1.1" 304 0 "https://mithouses.webtrixia.com/wp-admin/post.php?post=115&action=edit" "Mozilla/5.0 (Macintosh; Intel Mac OS X 10_15_7) AppleWebKit/537.36 (KHTML, like Gecko) Chrome/149.0.0.0 Safari/537.36"
87.126.220.31 - - [10/Jul/2026:17:01:34 +0300] "POST /wp-admin/admin-ajax.php HTTP/1.1" 200 170 "https://mithouses.webtrixia.com/wp-admin/post.php?post=115&action=edit" "Mozilla/5.0 (Macintosh; Intel Mac OS X 10_15_7) AppleWebKit/537.36 (KHTML, like Gecko) Chrome/149.0.0.0 Safari/537.36"
87.126.220.31 - - [10/Jul/2026:17:01:34 +0300] "GET /wp-json/wc-analytics/products/count-low-in-stock?status=publish&page=1&per_page=1&_locale=user HTTP/1.1" 200 21 "https://mithouses.webtrixia.com/wp-admin/post.php?post=115&action=edit" "Mozilla/5.0 (Macintosh; Intel Mac OS X 10_15_7) AppleWebKit/537.36 (KHTML, like Gecko) Chrome/149.0.0.0 Safari/537.36"
87.126.220.31 - - [10/Jul/2026:17:01:34 +0300] "GET /wp-json/wc-analytics/products/reviews?page=1&per_page=1&status=hold&_embed=1&_fields%5B0%5D=id&_locale=user HTTP/1.1" 200 12 "https://mithouses.webtrixia.com/wp-admin/post.php?post=115&action=edit" "Mozilla/5.0 (Macintosh; Intel Mac OS X 10_15_7) AppleWebKit/537.36 (KHTML, like Gecko) Chrome/149.0.0.0 Safari/537.36"
87.126.220.31 - - [10/Jul/2026:17:01:34 +0300] "GET /wp-json/wc-analytics/orders?page=1&per_page=1&status%5B0%5D=processing&status%5B1%5D=on-hold&_fields%5B0%5D=id&_locale=user HTTP/1.1" 200 12 "https://mithouses.webtrixia.com/wp-admin/post.php?post=115&action=edit" "Mozilla/5.0 (Macintosh; Intel Mac OS X 10_15_7) AppleWebKit/537.36 (KHTML, like Gecko) Chrome/149.0.0.0 Safari/537.36"
87.126.220.31 - - [10/Jul/2026:17:01:37 +0300] "GET /wp-json/wc-admin/onboarding/tasks?_locale=user HTTP/1.1" 200 6937 "https://mithouses.webtrixia.com/wp-admin/post.php?post=115&action=edit" "Mozilla/5.0 (Macintosh; Intel Mac OS X 10_15_7) AppleWebKit/537.36 (KHTML, like Gecko) Chrome/149.0.0.0 Safari/537.36"
87.126.220.31 - - [10/Jul/2026:17:01:39 +0300] "GET /wp-json/wc-analytics/admin/notes?page=1&per_page=25&type=error%2Cupdate&status=unactioned&_locale=user HTTP/1.1" 200 12 "https://mithouses.webtrixia.com/wp-admin/post.php?post=115&action=edit" "Mozilla/5.0 (Macintosh; Intel Mac OS X 10_15_7) AppleWebKit/537.36 (KHTML, like Gecko) Chrome/149.0.0.0 Safari/537.36"
87.126.220.31 - - [10/Jul/2026:17:01:39 +0300] "GET /wp-json/wc-admin/options?options=woocommerce_ces_tracks_queue&_locale=user HTTP/1.1" 200 46 "https://mithouses.webtrixia.com/wp-admin/post.php?post=115&action=edit" "Mozilla/5.0 (Macintosh; Intel Mac OS X 10_15_7) AppleWebKit/537.36 (KHTML, like Gecko) Chrome/149.0.0.0 Safari/537.36"
87.126.220.31 - - [10/Jul/2026:17:01:39 +0300] "GET /wp-admin/admin-ajax.php?action=oembed-cache&post=115 HTTP/1.1" 200 11 "https://mithouses.webtrixia.com/wp-admin/post.php?post=115&action=edit" "Mozilla/5.0 (Macintosh; Intel Mac OS X 10_15_7) AppleWebKit/537.36 (KHTML, like Gecko) Chrome/149.0.0.0 Safari/537.36"
87.126.220.31 - - [10/Jul/2026:17:01:39 +0300] "GET /wp-json/wc-admin/options?options=woocommerce_allow_tracking%2Cwoocommerce_admin_transient_notices_queue%2Cwoocommerce_admin_install_timestamp&_locale=user HTTP/1.1" 200 148 "https://mithouses.webtrixia.com/wp-admin/post.php?post=115&action=edit" "Mozilla/5.0 (Macintosh; Intel Mac OS X 10_15_7) AppleWebKit/537.36 (KHTML, like Gecko) Chrome/149.0.0.0 Safari/537.36"
93.94.140.42 - - [10/Jul/2026:17:01:40 +0300] "POST /wp-cron.php?doing_wp_cron=1783692100.7727639675140380859375 HTTP/1.1" 200 0 "-" "WordPress/7.0.1; https://mithouses.webtrixia.com"
87.126.220.31 - - [10/Jul/2026:17:01:40 +0300] "POST /wp-admin/admin-ajax.php HTTP/1.1" 200 524 "https://mithouses.webtrixia.com/wp-admin/post.php?post=115&action=edit" "Mozilla/5.0 (Macintosh; Intel Mac OS X 10_15_7) AppleWebKit/537.36 (KHTML, like Gecko) Chrome/149.0.0.0 Safari/537.36"
93.94.140.42 - - [10/Jul/2026:17:01:41 +0300] "POST /wp-cron.php?doing_wp_cron=1783692101.1408040523529052734375 HTTP/1.1" 200 0 "-" "WordPress/7.0.1; https://mithouses.webtrixia.com"
87.126.220.31 - - [10/Jul/2026:17:01:41 +0300] "POST /wp-admin/post.php HTTP/1.1" 302 0 "https://mithouses.webtrixia.com/wp-admin/post.php?post=115&action=edit" "Mozilla/5.0 (Macintosh; Intel Mac OS X 10_15_7) AppleWebKit/537.36 (KHTML, like Gecko) Chrome/149.0.0.0 Safari/537.36"
87.126.220.31 - - [10/Jul/2026:17:01:43 +0300] "GET /product/%d0%ba%d1%8a%d1%89%d0%b0/?preview_id=115&preview_nonce=6883094138&_thumbnail_id=116&preview=true HTTP/1.1" 200 222367 "https://mithouses.webtrixia.com/wp-admin/post.php?post=115&action=edit" "Mozilla/5.0 (Macintosh; Intel Mac OS X 10_15_7) AppleWebKit/537.36 (KHTML, like Gecko) Chrome/149.0.0.0 Safari/537.36"
87.126.220.31 - - [10/Jul/2026:17:01:43 +0300] "GET /wp-content/uploads/2026/07/1-1-600x367.png HTTP/1.1" 304 0 "https://mithouses.webtrixia.com/product/%d0%ba%d1%8a%d1%89%d0%b0/?preview_id=115&preview_nonce=6883094138&_thumbnail_id=116&preview=true" "Mozilla/5.0 (Macintosh; Intel Mac OS X 10_15_7) AppleWebKit/537.36 (KHTML, like Gecko) Chrome/149.0.0.0 Safari/537.36"
87.126.220.31 - - [10/Jul/2026:17:01:43 +0300] "GET /wp-content/uploads/elementor/css/local-104-preview-desktop.css?ver=6a50fb4768454 HTTP/1.1" 200 331 "https://mithouses.webtrixia.com/product/%d0%ba%d1%8a%d1%89%d0%b0/?preview_id=115&preview_nonce=6883094138&_thumbnail_id=116&preview=true" "Mozilla/5.0 (Macintosh; Intel Mac OS X 10_15_7) AppleWebKit/537.36 (KHTML, like Gecko) Chrome/149.0.0.0 Safari/537.36"
87.126.220.31 - - [10/Jul/2026:17:01:43 +0300] "GET /wp-content/themes/woodmart/inc/admin/assets/css/parts/int-elem-editor.css?ver=8.5.4 HTTP/1.1" 200 41877 "https://mithouses.webtrixia.com/product/%d0%ba%d1%8a%d1%89%d0%b0/?preview_id=115&preview_nonce=6883094138&_thumbnail_id=116&preview=true" "Mozilla/5.0 (Macintosh; Intel Mac OS X 10_15_7) AppleWebKit/537.36 (KHTML, like Gecko) Chrome/149.0.0.0 Safari/537.36"
87.126.220.31 - - [10/Jul/2026:17:01:44 +0300] "GET /wp-content/uploads/2026/07/1-3-600x400.png HTTP/1.1" 304 0 "https://mithouses.webtrixia.com/product/%d0%ba%d1%8a%d1%89%d0%b0/?preview_id=115&preview_nonce=6883094138&_thumbnail_id=116&preview=true" "Mozilla/5.0 (Macintosh; Intel Mac OS X 10_15_7) AppleWebKit/537.36 (KHTML, like Gecko) Chrome/149.0.0.0 Safari/537.36"
87.126.220.31 - - [10/Jul/2026:17:01:44 +0300] "GET /wp-content/uploads/2026/07/2-1-600x480.png HTTP/1.1" 200 533043 "https://mithouses.webtrixia.com/product/%d0%ba%d1%8a%d1%89%d0%b0/?preview_id=115&preview_nonce=6883094138&_thumbnail_id=116&preview=true" "Mozilla/5.0 (Macintosh; Intel Mac OS X 10_15_7) AppleWebKit/537.36 (KHTML, like Gecko) Chrome/149.0.0.0 Safari/537.36"
87.126.220.31 - - [10/Jul/2026:17:01:44 +0300] "GET /wp-content/uploads/2026/07/2-1-150x120.png HTTP/1.1" 200 39155 "https://mithouses.webtrixia.com/product/%d0%ba%d1%8a%d1%89%d0%b0/?preview_id=115&preview_nonce=6883094138&_thumbnail_id=116&preview=true" "Mozilla/5.0 (Macintosh; Intel Mac OS X 10_15_7) AppleWebKit/537.36 (KHTML, like Gecko) Chrome/149.0.0.0 Safari/537.36"
87.126.220.31 - - [10/Jul/2026:17:01:44 +0300] "GET /wp-content/uploads/2026/07/inside1-150x120.png HTTP/1.1" 200 34041 "https://mithouses.webtrixia.com/product/%d0%ba%d1%8a%d1%89%d0%b0/?preview_id=115&preview_nonce=6883094138&_thumbnail_id=116&preview=true" "Mozilla/5.0 (Macintosh; Intel Mac OS X 10_15_7) AppleWebKit/537.36 (KHTML, like Gecko) Chrome/149.0.0.0 Safari/537.36"
87.126.220.31 - - [10/Jul/2026:17:01:44 +0300] "GET /wp-content/uploads/2026/07/21-300x300.png HTTP/1.1" 304 0 "https://mithouses.webtrixia.com/product/%d0%ba%d1%8a%d1%89%d0%b0/?preview_id=115&preview_nonce=6883094138&_thumbnail_id=116&preview=true" "Mozilla/5.0 (Macintosh; Intel Mac OS X 10_15_7) AppleWebKit/537.36 (KHTML, like Gecko) Chrome/149.0.0.0 Safari/537.36"
87.126.220.31 - - [10/Jul/2026:17:01:44 +0300] "GET /wp-content/uploads/2026/07/inside2-150x120.png HTTP/1.1" 200 34154 "https://mithouses.webtrixia.com/product/%d0%ba%d1%8a%d1%89%d0%b0/?preview_id=115&preview_nonce=6883094138&_thumbnail_id=116&preview=true" "Mozilla/5.0 (Macintosh; Intel Mac OS X 10_15_7) AppleWebKit/537.36 (KHTML, like Gecko) Chrome/149.0.0.0 Safari/537.36"
87.126.220.31 - - [10/Jul/2026:17:01:44 +0300] "GET /wp-content/uploads/elementor/css/local-104-preview-mobile.css?ver=6a50fb4768454 HTTP/1.1" 200 236 "https://mithouses.webtrixia.com/product/%d0%ba%d1%8a%d1%89%d0%b0/?preview_id=115&preview_nonce=6883094138&_thumbnail_id=116&preview=true" "Mozilla/5.0 (Macintosh; Intel Mac OS X 10_15_7) AppleWebKit/537.36 (KHTML, like Gecko) Chrome/149.0.0.0 Safari/537.36"
87.126.220.31 - - [10/Jul/2026:17:01:44 +0300] "GET /wp-content/uploads/2026/07/22-300x300.png HTTP/1.1" 304 0 "https://mithouses.webtrixia.com/product/%d0%ba%d1%8a%d1%89%d0%b0/?preview_id=115&preview_nonce=6883094138&_thumbnail_id=116&preview=true" "Mozilla/5.0 (Macintosh; Intel Mac OS X 10_15_7) AppleWebKit/537.36 (KHTML, like Gecko) Chrome/149.0.0.0 Safari/537.36"
87.126.220.31 - - [10/Jul/2026:17:01:44 +0300] "GET /wp-content/uploads/2026/07/32-300x300.png HTTP/1.1" 304 0 "https://mithouses.webtrixia.com/product/%d0%ba%d1%8a%d1%89%d0%b0/?preview_id=115&preview_nonce=6883094138&_thumbnail_id=116&preview=true" "Mozilla/5.0 (Macintosh; Intel Mac OS X 10_15_7) AppleWebKit/537.36 (KHTML, like Gecko) Chrome/149.0.0.0 Safari/537.36"
87.126.220.31 - - [10/Jul/2026:17:01:44 +0300] "GET /wp-content/uploads/2026/07/1-1.png HTTP/1.1" 304 0 "https://mithouses.webtrixia.com/product/%d0%ba%d1%8a%d1%89%d0%b0/?preview_id=115&preview_nonce=6883094138&_thumbnail_id=116&preview=true" "Mozilla/5.0 (Macintosh; Intel Mac OS X 10_15_7) AppleWebKit/537.36 (KHTML, like Gecko) Chrome/149.0.0.0 Safari/537.36"
87.126.220.31 - - [10/Jul/2026:17:01:45 +0300] "POST /?wc-ajax=get_refreshed_fragments HTTP/1.1" 200 1635 "https://mithouses.webtrixia.com/product/%d0%ba%d1%8a%d1%89%d0%b0/?preview_id=115&preview_nonce=6883094138&_thumbnail_id=116&preview=true" "Mozilla/5.0 (Macintosh; Intel Mac OS X 10_15_7) AppleWebKit/537.36 (KHTML, like Gecko) Chrome/149.0.0.0 Safari/537.36"
87.126.220.31 - - [10/Jul/2026:17:01:46 +0300] "GET /wp-content/uploads/2026/07/inside1-600x480.png HTTP/1.1" 200 430701 "https://mithouses.webtrixia.com/product/%d0%ba%d1%8a%d1%89%d0%b0/?preview_id=115&preview_nonce=6883094138&_thumbnail_id=116&preview=true" "Mozilla/5.0 (Macintosh; Intel Mac OS X 10_15_7) AppleWebKit/537.36 (KHTML, like Gecko) Chrome/149.0.0.0 Safari/537.36"
87.126.220.31 - - [10/Jul/2026:17:01:46 +0300] "GET /wp-content/uploads/2026/07/1-3.png HTTP/1.1" 200 2430633 "https://mithouses.webtrixia.com/product/%d0%ba%d1%8a%d1%89%d0%b0/?preview_id=115&preview_nonce=6883094138&_thumbnail_id=116&preview=true" "Mozilla/5.0 (Macintosh; Intel Mac OS X 10_15_7) AppleWebKit/537.36 (KHTML, like Gecko) Chrome/149.0.0.0 Safari/537.36"
87.126.220.31 - - [10/Jul/2026:17:01:46 +0300] "GET /wp-content/uploads/2026/07/inside2-600x480.png HTTP/1.1" 200 439542 "https://mithouses.webtrixia.com/product/%d0%ba%d1%8a%d1%89%d0%b0/?preview_id=115&preview_nonce=6883094138&_thumbnail_id=116&preview=true" "Mozilla/5.0 (Macintosh; Intel Mac OS X 10_15_7) AppleWebKit/537.36 (KHTML, like Gecko) Chrome/149.0.0.0 Safari/537.36"
87.126.220.31 - - [10/Jul/2026:17:01:48 +0300] "GET /wp-content/uploads/2026/07/inside2.png HTTP/1.1" 200 2082070 "https://mithouses.webtrixia.com/product/%d0%ba%d1%8a%d1%89%d0%b0/?preview_id=115&preview_nonce=6883094138&_thumbnail_id=116&preview=true" "Mozilla/5.0 (Macintosh; Intel Mac OS X 10_15_7) AppleWebKit/537.36 (KHTML, like Gecko) Chrome/149.0.0.0 Safari/537.36"
87.126.220.31 - - [10/Jul/2026:17:01:48 +0300] "GET /wp-content/uploads/2026/07/inside1.png HTTP/1.1" 200 2072722 "https://mithouses.webtrixia.com/product/%d0%ba%d1%8a%d1%89%d0%b0/?preview_id=115&preview_nonce=6883094138&_thumbnail_id=116&preview=true" "Mozilla/5.0 (Macintosh; Intel Mac OS X 10_15_7) AppleWebKit/537.36 (KHTML, like Gecko) Chrome/149.0.0.0 Safari/537.36"
93.94.140.42 - - [10/Jul/2026:17:02:34 +0300] "POST /wp-admin/admin-ajax.php?action=as_async_request_queue_runner&nonce=361d350f2e HTTP/1.1" 499 0 "-" "WordPress/7.0.1; https://mithouses.webtrixia.com"
87.126.220.31 - - [10/Jul/2026:17:02:34 +0300] "POST /wp-admin/admin-ajax.php HTTP/1.1" 200 58 "https://mithouses.webtrixia.com/wp-admin/post.php?post=115&action=edit" "Mozilla/5.0 (Macintosh; Intel Mac OS X 10_15_7) AppleWebKit/537.36 (KHTML, like Gecko) Chrome/149.0.0.0 Safari/537.36"
93.94.140.42 - - [10/Jul/2026:17:02:40 +0300] "POST /wp-cron.php?doing_wp_cron=1783692160.1261410713195800781250 HTTP/1.1" 200 0 "-" "WordPress/7.0.1; https://mithouses.webtrixia.com"
87.126.220.31 - - [10/Jul/2026:17:03:21 +0300] "POST /wp-admin/admin-ajax.php HTTP/1.1" 200 58 "https://mithouses.webtrixia.com/wp-admin/nav-menus.php" "Mozilla/5.0 (Macintosh; Intel Mac OS X 10_15_7) AppleWebKit/537.36 (KHTML, like Gecko) Chrome/149.0.0.0 Safari/537.36"
93.94.140.42 - - [10/Jul/2026:17:04:34 +0300] "POST /wp-admin/admin-ajax.php?action=as_async_request_queue_runner&nonce=361d350f2e HTTP/1.1" 499 0 "-" "WordPress/7.0.1; https://mithouses.webtrixia.com"
93.94.140.42 - - [10/Jul/2026:17:04:34 +0300] "POST /wp-cron.php?doing_wp_cron=1783692274.5396029949188232421875 HTTP/1.1" 200 0 "-" "WordPress/7.0.1; https://mithouses.webtrixia.com"
87.126.220.31 - - [10/Jul/2026:17:04:34 +0300] "POST /wp-admin/admin-ajax.php HTTP/1.1" 200 58 "https://mithouses.webtrixia.com/wp-admin/post.php?post=115&action=edit" "Mozilla/5.0 (Macintosh; Intel Mac OS X 10_15_7) AppleWebKit/537.36 (KHTML, like Gecko) Chrome/149.0.0.0 Safari/537.36"
93.94.140.42 - - [10/Jul/2026:17:04:39 +0300] "POST /wp-cron.php?doing_wp_cron=1783692279.8013839721679687500000 HTTP/1.1" 200 0 "-" "WordPress/7.0.1; https://mithouses.webtrixia.com"
87.126.220.31 - - [10/Jul/2026:17:05:22 +0300] "POST /wp-admin/admin-ajax.php HTTP/1.1" 200 58 "https://mithouses.webtrixia.com/wp-admin/nav-menus.php" "Mozilla/5.0 (Macintosh; Intel Mac OS X 10_15_7) AppleWebKit/537.36 (KHTML, like Gecko) Chrome/149.0.0.0 Safari/537.36"
87.126.220.31 - - [10/Jul/2026:17:05:33 +0300] "POST /wp-admin/admin-ajax.php HTTP/1.1" 200 58 "https://mithouses.webtrixia.com/wp-admin/post.php?post=115&action=edit" "Mozilla/5.0 (Macintosh; Intel Mac OS X 10_15_7) AppleWebKit/537.36 (KHTML, like Gecko) Chrome/149.0.0.0 Safari/537.36"
93.94.140.42 - - [10/Jul/2026:17:06:34 +0300] "POST /wp-admin/admin-ajax.php?action=as_async_request_queue_runner&nonce=361d350f2e HTTP/1.1" 499 0 "-" "WordPress/7.0.1; https://mithouses.webtrixia.com"
93.94.140.42 - - [10/Jul/2026:17:06:34 +0300] "POST /wp-cron.php?doing_wp_cron=1783692394.3908181190490722656250 HTTP/1.1" 200 0 "-" "WordPress/7.0.1; https://mithouses.webtrixia.com"
87.126.220.31 - - [10/Jul/2026:17:06:34 +0300] "POST /wp-admin/admin-ajax.php HTTP/1.1" 200 58 "https://mithouses.webtrixia.com/wp-admin/post.php?post=115&action=edit" "Mozilla/5.0 (Macintosh; Intel Mac OS X 10_15_7) AppleWebKit/537.36 (KHTML, like Gecko) Chrome/149.0.0.0 Safari/537.36"
93.94.140.42 - - [10/Jul/2026:17:06:39 +0300] "POST /wp-cron.php?doing_wp_cron=1783692399.7155370712280273437500 HTTP/1.1" 200 0 "-" "WordPress/7.0.1; https://mithouses.webtrixia.com"
87.126.220.31 - - [10/Jul/2026:17:07:23 +0300] "POST /wp-admin/admin-ajax.php HTTP/1.1" 200 58 "https://mithouses.webtrixia.com/wp-admin/nav-menus.php" "Mozilla/5.0 (Macintosh; Intel Mac OS X 10_15_7) AppleWebKit/537.36 (KHTML, like Gecko) Chrome/149.0.0.0 Safari/537.36"
87.126.220.31 - - [10/Jul/2026:17:07:33 +0300] "POST /wp-admin/admin-ajax.php HTTP/1.1" 200 58 "https://mithouses.webtrixia.com/wp-admin/post.php?post=115&action=edit" "Mozilla/5.0 (Macintosh; Intel Mac OS X 10_15_7) AppleWebKit/537.36 (KHTML, like Gecko) Chrome/149.0.0.0 Safari/537.36"
87.126.220.31 - - [10/Jul/2026:17:07:33 +0300] "POST /wp-admin/admin-ajax.php HTTP/1.1" 499 0 "https://mithouses.webtrixia.com/wp-admin/post.php?post=115&action=edit" "Mozilla/5.0 (Macintosh; Intel Mac OS X 10_15_7) AppleWebKit/537.36 (KHTML, like Gecko) Chrome/149.0.0.0 Safari/537.36"
93.94.140.42 - - [10/Jul/2026:17:07:36 +0300] "POST /wp-admin/admin-ajax.php?action=as_async_request_queue_runner&nonce=361d350f2e HTTP/1.1" 499 0 "-" "WordPress/7.0.1; https://mithouses.webtrixia.com"
93.94.140.42 - - [10/Jul/2026:17:07:40 +0300] "POST /wp-cron.php?doing_wp_cron=1783692460.4928588867187500000000 HTTP/1.1" 200 0 "-" "WordPress/7.0.1; https://mithouses.webtrixia.com"
87.126.220.31 - - [10/Jul/2026:17:07:40 +0300] "GET /wp-admin/post.php?post=115&action=edit HTTP/1.1" 200 559924 "https://mithouses.webtrixia.com/wp-admin/post.php?post=115&action=edit" "Mozilla/5.0 (Macintosh; Intel Mac OS X 10_15_7) AppleWebKit/537.36 (KHTML, like Gecko) Chrome/150.0.0.0 Safari/537.36"
87.126.220.31 - - [10/Jul/2026:17:07:42 +0300] "POST /wp-admin/admin-ajax.php HTTP/1.1" 200 170 "https://mithouses.webtrixia.com/wp-admin/post.php?post=115&action=edit" "Mozilla/5.0 (Macintosh; Intel Mac OS X 10_15_7) AppleWebKit/537.36 (KHTML, like Gecko) Chrome/150.0.0.0 Safari/537.36"
87.126.220.31 - - [10/Jul/2026:17:07:43 +0300] "GET /wp-json/wc-analytics/products/count-low-in-stock?status=publish&page=1&per_page=1&_locale=user HTTP/1.1" 200 21 "https://mithouses.webtrixia.com/wp-admin/post.php?post=115&action=edit" "Mozilla/5.0 (Macintosh; Intel Mac OS X 10_15_7) AppleWebKit/537.36 (KHTML, like Gecko) Chrome/150.0.0.0 Safari/537.36"
87.126.220.31 - - [10/Jul/2026:17:07:43 +0300] "GET /wp-json/wc-analytics/products/reviews?page=1&per_page=1&status=hold&_embed=1&_fields%5B0%5D=id&_locale=user HTTP/1.1" 200 12 "https://mithouses.webtrixia.com/wp-admin/post.php?post=115&action=edit" "Mozilla/5.0 (Macintosh; Intel Mac OS X 10_15_7) AppleWebKit/537.36 (KHTML, like Gecko) Chrome/150.0.0.0 Safari/537.36"
87.126.220.31 - - [10/Jul/2026:17:07:43 +0300] "GET /wp-json/wc-analytics/orders?page=1&per_page=1&status%5B0%5D=processing&status%5B1%5D=on-hold&_fields%5B0%5D=id&_locale=user HTTP/1.1" 200 12 "https://mithouses.webtrixia.com/wp-admin/post.php?post=115&action=edit" "Mozilla/5.0 (Macintosh; Intel Mac OS X 10_15_7) AppleWebKit/537.36 (KHTML, like Gecko) Chrome/150.0.0.0 Safari/537.36"
87.126.220.31 - - [10/Jul/2026:17:07:44 +0300] "GET /wp-json/wc-admin/onboarding/tasks?_locale=user HTTP/1.1" 200 6937 "https://mithouses.webtrixia.com/wp-admin/post.php?post=115&action=edit" "Mozilla/5.0 (Macintosh; Intel Mac OS X 10_15_7) AppleWebKit/537.36 (KHTML, like Gecko) Chrome/150.0.0.0 Safari/537.36"
87.126.220.31 - - [10/Jul/2026:17:07:44 +0300] "GET /wp-json/wc-admin/options?options=woocommerce_ces_tracks_queue&_locale=user HTTP/1.1" 200 46 "https://mithouses.webtrixia.com/wp-admin/post.php?post=115&action=edit" "Mozilla/5.0 (Macintosh; Intel Mac OS X 10_15_7) AppleWebKit/537.36 (KHTML, like Gecko) Chrome/150.0.0.0 Safari/537.36"
87.126.220.31 - - [10/Jul/2026:17:07:45 +0300] "GET /wp-json/wc-admin/options?options=woocommerce_allow_tracking%2Cwoocommerce_admin_transient_notices_queue%2Cwoocommerce_admin_install_timestamp&_locale=user HTTP/1.1" 200 148 "https://mithouses.webtrixia.com/wp-admin/post.php?post=115&action=edit" "Mozilla/5.0 (Macintosh; Intel Mac OS X 10_15_7) AppleWebKit/537.36 (KHTML, like Gecko) Chrome/150.0.0.0 Safari/537.36"
87.126.220.31 - - [10/Jul/2026:17:07:45 +0300] "GET /wp-json/wc-analytics/admin/notes?page=1&per_page=25&type=error%2Cupdate&status=unactioned&_locale=user HTTP/1.1" 200 12 "https://mithouses.webtrixia.com/wp-admin/post.php?post=115&action=edit" "Mozilla/5.0 (Macintosh; Intel Mac OS X 10_15_7) AppleWebKit/537.36 (KHTML, like Gecko) Chrome/150.0.0.0 Safari/537.36"
87.126.220.31 - - [10/Jul/2026:17:07:45 +0300] "POST /wp-admin/admin-ajax.php HTTP/1.1" 200 524 "https://mithouses.webtrixia.com/wp-admin/post.php?post=115&action=edit" "Mozilla/5.0 (Macintosh; Intel Mac OS X 10_15_7) AppleWebKit/537.36 (KHTML, like Gecko) Chrome/150.0.0.0 Safari/537.36"
93.94.140.42 - - [10/Jul/2026:17:08:43 +0300] "POST /wp-admin/admin-ajax.php?action=as_async_request_queue_runner&nonce=361d350f2e HTTP/1.1" 499 0 "-" "WordPress/7.0.1; https://mithouses.webtrixia.com"
93.94.140.42 - - [10/Jul/2026:17:08:43 +0300] "POST /wp-cron.php?doing_wp_cron=1783692523.4126770496368408203125 HTTP/1.1" 200 0 "-" "WordPress/7.0.1; https://mithouses.webtrixia.com"
87.126.220.31 - - [10/Jul/2026:17:08:43 +0300] "POST /wp-admin/admin-ajax.php HTTP/1.1" 200 58 "https://mithouses.webtrixia.com/wp-admin/post.php?post=115&action=edit" "Mozilla/5.0 (Macintosh; Intel Mac OS X 10_15_7) AppleWebKit/537.36 (KHTML, like Gecko) Chrome/150.0.0.0 Safari/537.36"
87.126.220.31 - - [10/Jul/2026:17:09:24 +0300] "POST /wp-admin/admin-ajax.php HTTP/1.1" 200 58 "https://mithouses.webtrixia.com/wp-admin/nav-menus.php" "Mozilla/5.0 (Macintosh; Intel Mac OS X 10_15_7) AppleWebKit/537.36 (KHTML, like Gecko) Chrome/149.0.0.0 Safari/537.36"
93.94.140.42 - - [10/Jul/2026:17:09:42 +0300] "POST /wp-cron.php?doing_wp_cron=1783692582.3189640045166015625000 HTTP/1.1" 200 0 "-" "WordPress/7.0.1; https://mithouses.webtrixia.com"
87.126.220.31 - - [10/Jul/2026:17:09:42 +0300] "POST /wp-admin/admin-ajax.php HTTP/1.1" 200 58 "https://mithouses.webtrixia.com/wp-admin/post.php?post=115&action=edit" "Mozilla/5.0 (Macintosh; Intel Mac OS X 10_15_7) AppleWebKit/537.36 (KHTML, like Gecko) Chrome/150.0.0.0 Safari/537.36"
93.94.140.42 - - [10/Jul/2026:17:10:42 +0300] "POST /wp-cron.php?doing_wp_cron=1783692642.3270220756530761718750 HTTP/1.1" 200 0 "-" "WordPress/7.0.1; https://mithouses.webtrixia.com"
87.126.220.31 - - [10/Jul/2026:17:10:42 +0300] "POST /wp-admin/admin-ajax.php HTTP/1.1" 200 58 "https://mithouses.webtrixia.com/wp-admin/post.php?post=115&action=edit" "Mozilla/5.0 (Macintosh; Intel Mac OS X 10_15_7) AppleWebKit/537.36 (KHTML, like Gecko) Chrome/150.0.0.0 Safari/537.36"
87.126.220.31 - - [10/Jul/2026:17:11:25 +0300] "POST /wp-admin/admin-ajax.php HTTP/1.1" 200 58 "https://mithouses.webtrixia.com/wp-admin/nav-menus.php" "Mozilla/5.0 (Macintosh; Intel Mac OS X 10_15_7) AppleWebKit/537.36 (KHTML, like Gecko) Chrome/149.0.0.0 Safari/537.36"
93.94.140.42 - - [10/Jul/2026:17:11:42 +0300] "POST /wp-cron.php?doing_wp_cron=1783692702.4627239704132080078125 HTTP/1.1" 200 0 "-" "WordPress/7.0.1; https://mithouses.webtrixia.com"
87.126.220.31 - - [10/Jul/2026:17:11:42 +0300] "POST /wp-admin/admin-ajax.php HTTP/1.1" 200 58 "https://mithouses.webtrixia.com/wp-admin/post.php?post=115&action=edit" "Mozilla/5.0 (Macintosh; Intel Mac OS X 10_15_7) AppleWebKit/537.36 (KHTML, like Gecko) Chrome/150.0.0.0 Safari/537.36"
93.94.140.42 - - [10/Jul/2026:17:12:42 +0300] "POST /wp-cron.php?doing_wp_cron=1783692762.8694279193878173828125 HTTP/1.1" 200 0 "-" "WordPress/7.0.1; https://mithouses.webtrixia.com"
87.126.220.31 - - [10/Jul/2026:17:12:42 +0300] "POST /wp-admin/admin-ajax.php HTTP/1.1" 200 58 "https://mithouses.webtrixia.com/wp-admin/post.php?post=115&action=edit" "Mozilla/5.0 (Macintosh; Intel Mac OS X 10_15_7) AppleWebKit/537.36 (KHTML, like Gecko) Chrome/150.0.0.0 Safari/537.36"
87.126.220.31 - - [10/Jul/2026:17:13:26 +0300] "POST /wp-admin/admin-ajax.php HTTP/1.1" 200 58 "https://mithouses.webtrixia.com/wp-admin/nav-menus.php" "Mozilla/5.0 (Macintosh; Intel Mac OS X 10_15_7) AppleWebKit/537.36 (KHTML, like Gecko) Chrome/149.0.0.0 Safari/537.36"
93.94.140.42 - - [10/Jul/2026:17:13:43 +0300] "POST /wp-cron.php?doing_wp_cron=1783692822.9717888832092285156250 HTTP/1.1" 200 0 "-" "WordPress/7.0.1; https://mithouses.webtrixia.com"
87.126.220.31 - - [10/Jul/2026:17:13:43 +0300] "POST /wp-admin/admin-ajax.php HTTP/1.1" 200 58 "https://mithouses.webtrixia.com/wp-admin/post.php?post=115&action=edit" "Mozilla/5.0 (Macintosh; Intel Mac OS X 10_15_7) AppleWebKit/537.36 (KHTML, like Gecko) Chrome/150.0.0.0 Safari/537.36"
93.94.140.42 - - [10/Jul/2026:17:14:43 +0300] "POST /wp-cron.php?doing_wp_cron=1783692883.2653160095214843750000 HTTP/1.1" 200 0 "-" "WordPress/7.0.1; https://mithouses.webtrixia.com"
87.126.220.31 - - [10/Jul/2026:17:14:43 +0300] "POST /wp-admin/admin-ajax.php HTTP/1.1" 200 58 "https://mithouses.webtrixia.com/wp-admin/post.php?post=115&action=edit" "Mozilla/5.0 (Macintosh; Intel Mac OS X 10_15_7) AppleWebKit/537.36 (KHTML, like Gecko) Chrome/150.0.0.0 Safari/537.36"
87.126.220.31 - - [10/Jul/2026:17:15:27 +0300] "POST /wp-admin/admin-ajax.php HTTP/1.1" 200 58 "https://mithouses.webtrixia.com/wp-admin/nav-menus.php" "Mozilla/5.0 (Macintosh; Intel Mac OS X 10_15_7) AppleWebKit/537.36 (KHTML, like Gecko) Chrome/149.0.0.0 Safari/537.36"
93.94.140.42 - - [10/Jul/2026:17:15:41 +0300] "POST /wp-cron.php?doing_wp_cron=1783692941.7503249645233154296875 HTTP/1.1" 200 0 "-" "WordPress/7.0.1; https://mithouses.webtrixia.com"
87.126.220.31 - - [10/Jul/2026:17:15:41 +0300] "POST /wp-admin/admin-ajax.php HTTP/1.1" 200 58 "https://mithouses.webtrixia.com/wp-admin/post.php?post=115&action=edit" "Mozilla/5.0 (Macintosh; Intel Mac OS X 10_15_7) AppleWebKit/537.36 (KHTML, like Gecko) Chrome/150.0.0.0 Safari/537.36"
93.94.140.42 - - [10/Jul/2026:17:16:42 +0300] "POST /wp-admin/admin-ajax.php?action=as_async_request_queue_runner&nonce=361d350f2e HTTP/1.1" 499 0 "-" "WordPress/7.0.1; https://mithouses.webtrixia.com"
93.94.140.42 - - [10/Jul/2026:17:16:42 +0300] "POST /wp-cron.php?doing_wp_cron=1783693002.7312350273132324218750 HTTP/1.1" 200 0 "-" "WordPress/7.0.1; https://mithouses.webtrixia.com"
87.126.220.31 - - [10/Jul/2026:17:16:42 +0300] "POST /wp-admin/admin-ajax.php HTTP/1.1" 200 58 "https://mithouses.webtrixia.com/wp-admin/post.php?post=115&action=edit" "Mozilla/5.0 (Macintosh; Intel Mac OS X 10_15_7) AppleWebKit/537.36 (KHTML, like Gecko) Chrome/150.0.0.0 Safari/537.36"
87.126.220.31 - - [10/Jul/2026:17:17:27 +0300] "POST /wp-admin/admin-ajax.php HTTP/1.1" 200 58 "https://mithouses.webtrixia.com/wp-admin/nav-menus.php" "Mozilla/5.0 (Macintosh; Intel Mac OS X 10_15_7) AppleWebKit/537.36 (KHTML, like Gecko) Chrome/149.0.0.0 Safari/537.36"
93.94.140.42 - - [10/Jul/2026:17:17:41 +0300] "POST /wp-cron.php?doing_wp_cron=1783693061.7158930301666259765625 HTTP/1.1" 200 0 "-" "WordPress/7.0.1; https://mithouses.webtrixia.com"
