87.126.220.31 - - [10/Jul/2026:21:52:50 +0300] "GET /wp-includes/js/dist/token-list.min.js?ver=16f0aebdd39d87c2a84b HTTP/1.1" 304 0 "https://mithouses.webtrixia.com/wp-admin/post.php?post=38&action=edit" "Mozilla/5.0 (Macintosh; Intel Mac OS X 10_15_7) AppleWebKit/537.36 (KHTML, like Gecko) Chrome/150.0.0.0 Safari/537.36"
87.126.220.31 - - [10/Jul/2026:21:52:50 +0300] "GET /wp-includes/js/dist/block-editor.min.js?ver=f3d941bcb2e86c269881 HTTP/1.1" 304 0 "https://mithouses.webtrixia.com/wp-admin/post.php?post=38&action=edit" "Mozilla/5.0 (Macintosh; Intel Mac OS X 10_15_7) AppleWebKit/537.36 (KHTML, like Gecko) Chrome/150.0.0.0 Safari/537.36"
87.126.220.31 - - [10/Jul/2026:21:52:50 +0300] "GET /wp-includes/js/dist/core-data.min.js?ver=89931f90e4df5eb5f8a3 HTTP/1.1" 304 0 "https://mithouses.webtrixia.com/wp-admin/post.php?post=38&action=edit" "Mozilla/5.0 (Macintosh; Intel Mac OS X 10_15_7) AppleWebKit/537.36 (KHTML, like Gecko) Chrome/150.0.0.0 Safari/537.36"
87.126.220.31 - - [10/Jul/2026:21:52:50 +0300] "GET /wp-content/plugins/woocommerce/vendor/wordpress/abilities-api/packages/client/build/index.js?ver=a969272fbaa2f54966a9 HTTP/1.1" 304 0 "https://mithouses.webtrixia.com/wp-admin/post.php?post=38&action=edit" "Mozilla/5.0 (Macintosh; Intel Mac OS X 10_15_7) AppleWebKit/537.36 (KHTML, like Gecko) Chrome/150.0.0.0 Safari/537.36"
87.126.220.31 - - [10/Jul/2026:21:52:50 +0300] "GET /wp-includes/js/dist/core-commands.min.js?ver=b209152e7e51279d7c28 HTTP/1.1" 304 0 "https://mithouses.webtrixia.com/wp-admin/post.php?post=38&action=edit" "Mozilla/5.0 (Macintosh; Intel Mac OS X 10_15_7) AppleWebKit/537.36 (KHTML, like Gecko) Chrome/150.0.0.0 Safari/537.36"
87.126.220.31 - - [10/Jul/2026:21:52:50 +0300] "GET /wp-content/plugins/woocommerce/assets/client/blocks/wc-settings.js?ver=5cdaba16c87338181b77 HTTP/1.1" 304 0 "https://mithouses.webtrixia.com/wp-admin/post.php?post=38&action=edit" "Mozilla/5.0 (Macintosh; Intel Mac OS X 10_15_7) AppleWebKit/537.36 (KHTML, like Gecko) Chrome/150.0.0.0 Safari/537.36"
87.126.220.31 - - [10/Jul/2026:21:52:50 +0300] "GET /wp-content/plugins/elementor-pro/assets/js/admin.min.js?ver=4.1.2 HTTP/1.1" 304 0 "https://mithouses.webtrixia.com/wp-admin/post.php?post=38&action=edit" "Mozilla/5.0 (Macintosh; Intel Mac OS X 10_15_7) AppleWebKit/537.36 (KHTML, like Gecko) Chrome/150.0.0.0 Safari/537.36"
87.126.220.31 - - [10/Jul/2026:21:52:50 +0300] "GET /wp-content/plugins/woocommerce/assets/client/blocks/wc-types.js?ver=fe36cf3610166e461f03 HTTP/1.1" 304 0 "https://mithouses.webtrixia.com/wp-admin/post.php?post=38&action=edit" "Mozilla/5.0 (Macintosh; Intel Mac OS X 10_15_7) AppleWebKit/537.36 (KHTML, like Gecko) Chrome/150.0.0.0 Safari/537.36"
87.126.220.31 - - [10/Jul/2026:21:52:50 +0300] "GET /wp-content/plugins/woocommerce/assets/client/admin/currency/index.js?ver=6ec2cabe3cb88cadbc38 HTTP/1.1" 304 0 "https://mithouses.webtrixia.com/wp-admin/post.php?post=38&action=edit" "Mozilla/5.0 (Macintosh; Intel Mac OS X 10_15_7) AppleWebKit/537.36 (KHTML, like Gecko) Chrome/150.0.0.0 Safari/537.36"
87.126.220.31 - - [10/Jul/2026:21:52:50 +0300] "GET /wp-content/plugins/woocommerce/assets/client/admin/number/index.js?ver=b32762566c8c20e13636 HTTP/1.1" 304 0 "https://mithouses.webtrixia.com/wp-admin/post.php?post=38&action=edit" "Mozilla/5.0 (Macintosh; Intel Mac OS X 10_15_7) AppleWebKit/537.36 (KHTML, like Gecko) Chrome/150.0.0.0 Safari/537.36"
87.126.220.31 - - [10/Jul/2026:21:52:50 +0300] "GET /wp-content/plugins/woocommerce/assets/client/admin/date/index.js?ver=1fc38fd6a1364b6df1d1 HTTP/1.1" 304 0 "https://mithouses.webtrixia.com/wp-admin/post.php?post=38&action=edit" "Mozilla/5.0 (Macintosh; Intel Mac OS X 10_15_7) AppleWebKit/537.36 (KHTML, like Gecko) Chrome/150.0.0.0 Safari/537.36"
87.126.220.31 - - [10/Jul/2026:21:52:50 +0300] "GET /wp-content/plugins/woocommerce/assets/client/admin/sanitize/index.js?ver=6cc3684099bd6a5547b8 HTTP/1.1" 304 0 "https://mithouses.webtrixia.com/wp-admin/post.php?post=38&action=edit" "Mozilla/5.0 (Macintosh; Intel Mac OS X 10_15_7) AppleWebKit/537.36 (KHTML, like Gecko) Chrome/150.0.0.0 Safari/537.36"
87.126.220.31 - - [10/Jul/2026:21:52:50 +0300] "GET /wp-content/plugins/woocommerce/assets/client/admin/navigation/index.js?ver=f47a02089d8103bd8fd6 HTTP/1.1" 304 0 "https://mithouses.webtrixia.com/wp-admin/post.php?post=38&action=edit" "Mozilla/5.0 (Macintosh; Intel Mac OS X 10_15_7) AppleWebKit/537.36 (KHTML, like Gecko) Chrome/150.0.0.0 Safari/537.36"
87.126.220.31 - - [10/Jul/2026:21:52:50 +0300] "GET /wp-includes/js/dist/data-controls.min.js?ver=730061ade69d7f341014 HTTP/1.1" 304 0 "https://mithouses.webtrixia.com/wp-admin/post.php?post=38&action=edit" "Mozilla/5.0 (Macintosh; Intel Mac OS X 10_15_7) AppleWebKit/537.36 (KHTML, like Gecko) Chrome/150.0.0.0 Safari/537.36"
87.126.220.31 - - [10/Jul/2026:21:52:50 +0300] "GET /wp-content/plugins/woocommerce/assets/client/admin/tracks/index.js?ver=a452cd17a4338f8bb7ea HTTP/1.1" 304 0 "https://mithouses.webtrixia.com/wp-admin/post.php?post=38&action=edit" "Mozilla/5.0 (Macintosh; Intel Mac OS X 10_15_7) AppleWebKit/537.36 (KHTML, like Gecko) Chrome/150.0.0.0 Safari/537.36"
87.126.220.31 - - [10/Jul/2026:21:52:50 +0300] "GET /wp-includes/js/dist/media-utils.min.js?ver=85f1375ab5f23cd5d13c HTTP/1.1" 304 0 "https://mithouses.webtrixia.com/wp-admin/post.php?post=38&action=edit" "Mozilla/5.0 (Macintosh; Intel Mac OS X 10_15_7) AppleWebKit/537.36 (KHTML, like Gecko) Chrome/150.0.0.0 Safari/537.36"
87.126.220.31 - - [10/Jul/2026:21:52:50 +0300] "GET /wp-content/plugins/woocommerce/assets/client/admin/data/index.js?ver=03c008691d2415b58e23 HTTP/1.1" 304 0 "https://mithouses.webtrixia.com/wp-admin/post.php?post=38&action=edit" "Mozilla/5.0 (Macintosh; Intel Mac OS X 10_15_7) AppleWebKit/537.36 (KHTML, like Gecko) Chrome/150.0.0.0 Safari/537.36"
87.126.220.31 - - [10/Jul/2026:21:52:50 +0300] "GET /wp-includes/js/dist/viewport.min.js?ver=8614025b8075d220d78f HTTP/1.1" 304 0 "https://mithouses.webtrixia.com/wp-admin/post.php?post=38&action=edit" "Mozilla/5.0 (Macintosh; Intel Mac OS X 10_15_7) AppleWebKit/537.36 (KHTML, like Gecko) Chrome/150.0.0.0 Safari/537.36"
87.126.220.31 - - [10/Jul/2026:21:52:50 +0300] "GET /wp-content/plugins/woocommerce/assets/client/admin/experimental/index.js?ver=eb5a620e48fd422ab9f0 HTTP/1.1" 304 0 "https://mithouses.webtrixia.com/wp-admin/post.php?post=38&action=edit" "Mozilla/5.0 (Macintosh; Intel Mac OS X 10_15_7) AppleWebKit/537.36 (KHTML, like Gecko) Chrome/150.0.0.0 Safari/537.36"
87.126.220.31 - - [10/Jul/2026:21:52:50 +0300] "GET /wp-content/plugins/woocommerce/assets/client/admin/customer-effort-score/index.js?ver=c41634ce42dec7d5ec6a HTTP/1.1" 304 0 "https://mithouses.webtrixia.com/wp-admin/post.php?post=38&action=edit" "Mozilla/5.0 (Macintosh; Intel Mac OS X 10_15_7) AppleWebKit/537.36 (KHTML, like Gecko) Chrome/150.0.0.0 Safari/537.36"
87.126.220.31 - - [10/Jul/2026:21:52:50 +0300] "GET /wp-content/plugins/woocommerce/assets/client/admin/admin-layout/index.js?ver=70ee5a6ed50d37f62db2 HTTP/1.1" 304 0 "https://mithouses.webtrixia.com/wp-admin/post.php?post=38&action=edit" "Mozilla/5.0 (Macintosh; Intel Mac OS X 10_15_7) AppleWebKit/537.36 (KHTML, like Gecko) Chrome/150.0.0.0 Safari/537.36"
87.126.220.31 - - [10/Jul/2026:21:52:50 +0300] "GET /wp-content/plugins/woocommerce/assets/client/admin/explat/index.js?ver=ed17599085ff789f2e76 HTTP/1.1" 304 0 "https://mithouses.webtrixia.com/wp-admin/post.php?post=38&action=edit" "Mozilla/5.0 (Macintosh; Intel Mac OS X 10_15_7) AppleWebKit/537.36 (KHTML, like Gecko) Chrome/150.0.0.0 Safari/537.36"
87.126.220.31 - - [10/Jul/2026:21:52:50 +0300] "GET /wp-content/plugins/woocommerce/assets/client/admin/notices/index.js?ver=82bab2927516d19bbc93 HTTP/1.1" 304 0 "https://mithouses.webtrixia.com/wp-admin/post.php?post=38&action=edit" "Mozilla/5.0 (Macintosh; Intel Mac OS X 10_15_7) AppleWebKit/537.36 (KHTML, like Gecko) Chrome/150.0.0.0 Safari/537.36"
87.126.220.31 - - [10/Jul/2026:21:52:50 +0300] "GET /wp-content/plugins/woocommerce/assets/client/admin/remote-logging/index.js?ver=d9a1bad09e934871c901 HTTP/1.1" 304 0 "https://mithouses.webtrixia.com/wp-admin/post.php?post=38&action=edit" "Mozilla/5.0 (Macintosh; Intel Mac OS X 10_15_7) AppleWebKit/537.36 (KHTML, like Gecko) Chrome/150.0.0.0 Safari/537.36"
87.126.220.31 - - [10/Jul/2026:21:52:50 +0300] "GET /wp-includes/js/dist/plugins.min.js?ver=72e3cf01c2b3535a9432 HTTP/1.1" 304 0 "https://mithouses.webtrixia.com/wp-admin/post.php?post=38&action=edit" "Mozilla/5.0 (Macintosh; Intel Mac OS X 10_15_7) AppleWebKit/537.36 (KHTML, like Gecko) Chrome/150.0.0.0 Safari/537.36"
87.126.220.31 - - [10/Jul/2026:21:52:50 +0300] "GET /wp-content/plugins/woocommerce/assets/client/admin/wp-admin-scripts/wcsettings-deprecation.js?ver=ac4099163636f9f90774 HTTP/1.1" 304 0 "https://mithouses.webtrixia.com/wp-admin/post.php?post=38&action=edit" "Mozilla/5.0 (Macintosh; Intel Mac OS X 10_15_7) AppleWebKit/537.36 (KHTML, like Gecko) Chrome/150.0.0.0 Safari/537.36"
87.126.220.31 - - [10/Jul/2026:21:52:50 +0300] "GET /wp-content/plugins/woocommerce/assets/js/js-cookie/js.cookie.min.js?ver=2.1.4 HTTP/1.1" 304 0 "https://mithouses.webtrixia.com/wp-admin/post.php?post=38&action=edit" "Mozilla/5.0 (Macintosh; Intel Mac OS X 10_15_7) AppleWebKit/537.36 (KHTML, like Gecko) Chrome/150.0.0.0 Safari/537.36"
87.126.220.31 - - [10/Jul/2026:21:52:50 +0300] "GET /wp-content/plugins/woocommerce/assets/client/admin/wp-admin-scripts/command-palette.js?ver=b3da20477a4b2fb1534f HTTP/1.1" 304 0 "https://mithouses.webtrixia.com/wp-admin/post.php?post=38&action=edit" "Mozilla/5.0 (Macintosh; Intel Mac OS X 10_15_7) AppleWebKit/537.36 (KHTML, like Gecko) Chrome/150.0.0.0 Safari/537.36"
87.126.220.31 - - [10/Jul/2026:21:52:50 +0300] "GET /wp-content/plugins/woocommerce/assets/js/admin/marketplace-suggestions.min.js?ver=10.9.4 HTTP/1.1" 304 0 "https://mithouses.webtrixia.com/wp-admin/post.php?post=38&action=edit" "Mozilla/5.0 (Macintosh; Intel Mac OS X 10_15_7) AppleWebKit/537.36 (KHTML, like Gecko) Chrome/150.0.0.0 Safari/537.36"
87.126.220.31 - - [10/Jul/2026:21:52:50 +0300] "GET /wp-content/plugins/woocommerce/assets/client/admin/wp-admin-scripts/command-palette-analytics.js?ver=c13a92f6a5b75ff7af1a HTTP/1.1" 304 0 "https://mithouses.webtrixia.com/wp-admin/post.php?post=38&action=edit" "Mozilla/5.0 (Macintosh; Intel Mac OS X 10_15_7) AppleWebKit/537.36 (KHTML, like Gecko) Chrome/150.0.0.0 Safari/537.36"
87.126.220.31 - - [10/Jul/2026:21:52:50 +0300] "GET /wp-content/plugins/woocommerce/assets/client/admin/wp-admin-scripts/variable-product-tour.js?ver=f4a01e7c746d803b9710 HTTP/1.1" 304 0 "https://mithouses.webtrixia.com/wp-admin/post.php?post=38&action=edit" "Mozilla/5.0 (Macintosh; Intel Mac OS X 10_15_7) AppleWebKit/537.36 (KHTML, like Gecko) Chrome/150.0.0.0 Safari/537.36"
87.126.220.31 - - [10/Jul/2026:21:52:50 +0300] "GET /wp-content/plugins/woocommerce/assets/client/admin/chunks/1438.style.css?ver=5acd0a3df0c6b7b9825e HTTP/1.1" 304 0 "https://mithouses.webtrixia.com/wp-admin/post.php?post=38&action=edit" "Mozilla/5.0 (Macintosh; Intel Mac OS X 10_15_7) AppleWebKit/537.36 (KHTML, like Gecko) Chrome/150.0.0.0 Safari/537.36"
87.126.220.31 - - [10/Jul/2026:21:52:51 +0300] "POST /wp-admin/admin-ajax.php HTTP/1.1" 200 168 "https://mithouses.webtrixia.com/wp-admin/post.php?post=38&action=edit" "Mozilla/5.0 (Macintosh; Intel Mac OS X 10_15_7) AppleWebKit/537.36 (KHTML, like Gecko) Chrome/150.0.0.0 Safari/537.36"
87.126.220.31 - - [10/Jul/2026:21:52:51 +0300] "GET /wp-content/plugins/woocommerce/assets/client/admin/wp-admin-scripts/product-tracking.js?ver=bce78d288c7cfafeaf78 HTTP/1.1" 304 0 "https://mithouses.webtrixia.com/wp-admin/post.php?post=38&action=edit" "Mozilla/5.0 (Macintosh; Intel Mac OS X 10_15_7) AppleWebKit/537.36 (KHTML, like Gecko) Chrome/150.0.0.0 Safari/537.36"
87.126.220.31 - - [10/Jul/2026:21:52:52 +0300] "GET /wp-json/wc-analytics/products/count-low-in-stock?status=publish&page=1&per_page=1&_locale=user HTTP/1.1" 200 21 "https://mithouses.webtrixia.com/wp-admin/post.php?post=38&action=edit" "Mozilla/5.0 (Macintosh; Intel Mac OS X 10_15_7) AppleWebKit/537.36 (KHTML, like Gecko) Chrome/150.0.0.0 Safari/537.36"
87.126.220.31 - - [10/Jul/2026:21:52:52 +0300] "GET /wp-json/wc-analytics/products/reviews?page=1&per_page=1&status=hold&_embed=1&_fields%5B0%5D=id&_locale=user HTTP/1.1" 200 12 "https://mithouses.webtrixia.com/wp-admin/post.php?post=38&action=edit" "Mozilla/5.0 (Macintosh; Intel Mac OS X 10_15_7) AppleWebKit/537.36 (KHTML, like Gecko) Chrome/150.0.0.0 Safari/537.36"
87.126.220.31 - - [10/Jul/2026:21:52:52 +0300] "GET /wp-content/plugins/woocommerce/assets/client/blocks/wc-entities.js?ver=0c45171702069a10b08e HTTP/1.1" 304 0 "https://mithouses.webtrixia.com/wp-admin/post.php?post=38&action=edit" "Mozilla/5.0 (Macintosh; Intel Mac OS X 10_15_7) AppleWebKit/537.36 (KHTML, like Gecko) Chrome/150.0.0.0 Safari/537.36"
87.126.220.31 - - [10/Jul/2026:21:52:52 +0300] "GET /wp-json/wc-admin/onboarding/tasks?_locale=user HTTP/1.1" 200 6936 "https://mithouses.webtrixia.com/wp-admin/post.php?post=38&action=edit" "Mozilla/5.0 (Macintosh; Intel Mac OS X 10_15_7) AppleWebKit/537.36 (KHTML, like Gecko) Chrome/150.0.0.0 Safari/537.36"
87.126.220.31 - - [10/Jul/2026:21:52:52 +0300] "GET /wp-content/plugins/woocommerce/vendor/automattic/jetpack-assets/build/jetpack-script-data.js?minify=false&ver=d93b770c3a1796c5e279 HTTP/1.1" 304 0 "https://mithouses.webtrixia.com/wp-admin/post.php?post=38&action=edit" "Mozilla/5.0 (Macintosh; Intel Mac OS X 10_15_7) AppleWebKit/537.36 (KHTML, like Gecko) Chrome/150.0.0.0 Safari/537.36"
87.126.220.31 - - [10/Jul/2026:21:52:52 +0300] "GET /wp-json/wc-analytics/orders?page=1&per_page=1&status%5B0%5D=processing&status%5B1%5D=on-hold&_fields%5B0%5D=id&_locale=user HTTP/1.1" 200 12 "https://mithouses.webtrixia.com/wp-admin/post.php?post=38&action=edit" "Mozilla/5.0 (Macintosh; Intel Mac OS X 10_15_7) AppleWebKit/537.36 (KHTML, like Gecko) Chrome/150.0.0.0 Safari/537.36"
87.126.220.31 - - [10/Jul/2026:21:52:52 +0300] "GET /wp-content/plugins/woocommerce/assets/js/select2/select2.full.min.js?ver=4.0.3 HTTP/1.1" 304 0 "https://mithouses.webtrixia.com/wp-admin/post.php?post=38&action=edit" "Mozilla/5.0 (Macintosh; Intel Mac OS X 10_15_7) AppleWebKit/537.36 (KHTML, like Gecko) Chrome/150.0.0.0 Safari/537.36"
87.126.220.31 - - [10/Jul/2026:21:52:52 +0300] "GET /wp-content/uploads/2026/07/32-150x150.png HTTP/1.1" 304 0 "https://mithouses.webtrixia.com/wp-admin/post.php?post=38&action=edit" "Mozilla/5.0 (Macintosh; Intel Mac OS X 10_15_7) AppleWebKit/537.36 (KHTML, like Gecko) Chrome/150.0.0.0 Safari/537.36"
87.126.220.31 - - [10/Jul/2026:21:52:52 +0300] "GET /wp-content/uploads/2026/07/33-150x150.png HTTP/1.1" 304 0 "https://mithouses.webtrixia.com/wp-admin/post.php?post=38&action=edit" "Mozilla/5.0 (Macintosh; Intel Mac OS X 10_15_7) AppleWebKit/537.36 (KHTML, like Gecko) Chrome/150.0.0.0 Safari/537.36"
87.126.220.31 - - [10/Jul/2026:21:52:52 +0300] "GET /wp-content/plugins/woocommerce/assets/client/admin/chunks/store-alerts.js?ver=3b20e89a28928834f101 HTTP/1.1" 304 0 "https://mithouses.webtrixia.com/wp-admin/post.php?post=38&action=edit" "Mozilla/5.0 (Macintosh; Intel Mac OS X 10_15_7) AppleWebKit/537.36 (KHTML, like Gecko) Chrome/150.0.0.0 Safari/537.36"
87.126.220.31 - - [10/Jul/2026:21:52:52 +0300] "GET /wp-json/wc-admin/options?options=woocommerce_ces_tracks_queue&_locale=user HTTP/1.1" 200 46 "https://mithouses.webtrixia.com/wp-admin/post.php?post=38&action=edit" "Mozilla/5.0 (Macintosh; Intel Mac OS X 10_15_7) AppleWebKit/537.36 (KHTML, like Gecko) Chrome/150.0.0.0 Safari/537.36"
87.126.220.31 - - [10/Jul/2026:21:52:52 +0300] "POST /wp-admin/admin-ajax.php HTTP/1.1" 200 282 "https://mithouses.webtrixia.com/wp-admin/post.php?post=38&action=edit" "Mozilla/5.0 (Macintosh; Intel Mac OS X 10_15_7) AppleWebKit/537.36 (KHTML, like Gecko) Chrome/150.0.0.0 Safari/537.36"
87.126.220.31 - - [10/Jul/2026:21:52:52 +0300] "GET /wp-json/wc-admin/options?options=woocommerce_admin_transient_notices_queue%2Cwoocommerce_admin_install_timestamp&_locale=user HTTP/1.1" 200 113 "https://mithouses.webtrixia.com/wp-admin/post.php?post=38&action=edit" "Mozilla/5.0 (Macintosh; Intel Mac OS X 10_15_7) AppleWebKit/537.36 (KHTML, like Gecko) Chrome/150.0.0.0 Safari/537.36"
87.126.220.31 - - [10/Jul/2026:21:52:52 +0300] "GET /wp-json/wc-admin/options?options=woocommerce_allow_tracking&_locale=user HTTP/1.1" 200 47 "https://mithouses.webtrixia.com/wp-admin/post.php?post=38&action=edit" "Mozilla/5.0 (Macintosh; Intel Mac OS X 10_15_7) AppleWebKit/537.36 (KHTML, like Gecko) Chrome/150.0.0.0 Safari/537.36"
87.126.220.31 - - [10/Jul/2026:21:52:53 +0300] "GET /wp-json/wc-analytics/admin/notes?page=1&per_page=25&type=error%2Cupdate&status=unactioned&_locale=user HTTP/1.1" 200 12 "https://mithouses.webtrixia.com/wp-admin/post.php?post=38&action=edit" "Mozilla/5.0 (Macintosh; Intel Mac OS X 10_15_7) AppleWebKit/537.36 (KHTML, like Gecko) Chrome/150.0.0.0 Safari/537.36"
87.126.220.31 - - [10/Jul/2026:21:52:55 +0300] "POST /wp-admin/admin-ajax.php HTTP/1.1" 200 58 "https://mithouses.webtrixia.com/wp-admin/edit.php?post_type=product" "Mozilla/5.0 (Macintosh; Intel Mac OS X 10_15_7) AppleWebKit/537.36 (KHTML, like Gecko) Chrome/150.0.0.0 Safari/537.36"
87.126.220.31 - - [10/Jul/2026:21:53:00 +0300] "POST /wp-admin/admin-ajax.php HTTP/1.1" 200 47830 "https://mithouses.webtrixia.com/wp-admin/post.php?post=38&action=edit" "Mozilla/5.0 (Macintosh; Intel Mac OS X 10_15_7) AppleWebKit/537.36 (KHTML, like Gecko) Chrome/150.0.0.0 Safari/537.36"
87.126.220.31 - - [10/Jul/2026:21:53:00 +0300] "POST /wp-admin/admin-ajax.php HTTP/1.1" 200 1889 "https://mithouses.webtrixia.com/wp-admin/post.php?post=38&action=edit" "Mozilla/5.0 (Macintosh; Intel Mac OS X 10_15_7) AppleWebKit/537.36 (KHTML, like Gecko) Chrome/150.0.0.0 Safari/537.36"
87.126.220.31 - - [10/Jul/2026:21:53:00 +0300] "GET /wp-content/uploads/2026/07/31-300x225.png HTTP/1.1" 304 0 "https://mithouses.webtrixia.com/wp-admin/post.php?post=38&action=edit" "Mozilla/5.0 (Macintosh; Intel Mac OS X 10_15_7) AppleWebKit/537.36 (KHTML, like Gecko) Chrome/150.0.0.0 Safari/537.36"
87.126.220.31 - - [10/Jul/2026:21:53:00 +0300] "GET /wp-content/uploads/2026/07/2-1-300x240.png HTTP/1.1" 304 0 "https://mithouses.webtrixia.com/wp-admin/post.php?post=38&action=edit" "Mozilla/5.0 (Macintosh; Intel Mac OS X 10_15_7) AppleWebKit/537.36 (KHTML, like Gecko) Chrome/150.0.0.0 Safari/537.36"
87.126.220.31 - - [10/Jul/2026:21:53:00 +0300] "GET /wp-content/uploads/2026/07/inside2-300x240.png HTTP/1.1" 304 0 "https://mithouses.webtrixia.com/wp-admin/post.php?post=38&action=edit" "Mozilla/5.0 (Macintosh; Intel Mac OS X 10_15_7) AppleWebKit/537.36 (KHTML, like Gecko) Chrome/150.0.0.0 Safari/537.36"
87.126.220.31 - - [10/Jul/2026:21:53:00 +0300] "GET /wp-content/uploads/2026/07/13-300x300.png HTTP/1.1" 304 0 "https://mithouses.webtrixia.com/wp-admin/post.php?post=38&action=edit" "Mozilla/5.0 (Macintosh; Intel Mac OS X 10_15_7) AppleWebKit/537.36 (KHTML, like Gecko) Chrome/150.0.0.0 Safari/537.36"
87.126.220.31 - - [10/Jul/2026:21:53:00 +0300] "GET /wp-content/uploads/2026/07/15-300x300.png HTTP/1.1" 304 0 "https://mithouses.webtrixia.com/wp-admin/post.php?post=38&action=edit" "Mozilla/5.0 (Macintosh; Intel Mac OS X 10_15_7) AppleWebKit/537.36 (KHTML, like Gecko) Chrome/150.0.0.0 Safari/537.36"
87.126.220.31 - - [10/Jul/2026:21:53:00 +0300] "GET /wp-content/uploads/2026/07/14-300x300.png HTTP/1.1" 304 0 "https://mithouses.webtrixia.com/wp-admin/post.php?post=38&action=edit" "Mozilla/5.0 (Macintosh; Intel Mac OS X 10_15_7) AppleWebKit/537.36 (KHTML, like Gecko) Chrome/150.0.0.0 Safari/537.36"
87.126.220.31 - - [10/Jul/2026:21:53:00 +0300] "GET /wp-content/uploads/2026/07/inside1-300x240.png HTTP/1.1" 304 0 "https://mithouses.webtrixia.com/wp-admin/post.php?post=38&action=edit" "Mozilla/5.0 (Macintosh; Intel Mac OS X 10_15_7) AppleWebKit/537.36 (KHTML, like Gecko) Chrome/150.0.0.0 Safari/537.36"
87.126.220.31 - - [10/Jul/2026:21:53:00 +0300] "GET /wp-content/uploads/2026/07/1-3-300x200.png HTTP/1.1" 304 0 "https://mithouses.webtrixia.com/wp-admin/post.php?post=38&action=edit" "Mozilla/5.0 (Macintosh; Intel Mac OS X 10_15_7) AppleWebKit/537.36 (KHTML, like Gecko) Chrome/150.0.0.0 Safari/537.36"
87.126.220.31 - - [10/Jul/2026:21:53:00 +0300] "GET /wp-content/uploads/2026/07/1-1-300x183.png HTTP/1.1" 304 0 "https://mithouses.webtrixia.com/wp-admin/post.php?post=38&action=edit" "Mozilla/5.0 (Macintosh; Intel Mac OS X 10_15_7) AppleWebKit/537.36 (KHTML, like Gecko) Chrome/150.0.0.0 Safari/537.36"
87.126.220.31 - - [10/Jul/2026:21:53:00 +0300] "GET /wp-content/uploads/2026/07/2-300x300.png HTTP/1.1" 304 0 "https://mithouses.webtrixia.com/wp-admin/post.php?post=38&action=edit" "Mozilla/5.0 (Macintosh; Intel Mac OS X 10_15_7) AppleWebKit/537.36 (KHTML, like Gecko) Chrome/150.0.0.0 Safari/537.36"
87.126.220.31 - - [10/Jul/2026:21:53:00 +0300] "GET /wp-content/uploads/2026/07/21-300x200.png HTTP/1.1" 304 0 "https://mithouses.webtrixia.com/wp-admin/post.php?post=38&action=edit" "Mozilla/5.0 (Macintosh; Intel Mac OS X 10_15_7) AppleWebKit/537.36 (KHTML, like Gecko) Chrome/150.0.0.0 Safari/537.36"
87.126.220.31 - - [10/Jul/2026:21:53:00 +0300] "GET /wp-content/uploads/2026/07/logo-mit-Photoroom-300x300.png HTTP/1.1" 304 0 "https://mithouses.webtrixia.com/wp-admin/post.php?post=38&action=edit" "Mozilla/5.0 (Macintosh; Intel Mac OS X 10_15_7) AppleWebKit/537.36 (KHTML, like Gecko) Chrome/150.0.0.0 Safari/537.36"
87.126.220.31 - - [10/Jul/2026:21:53:00 +0300] "GET /wp-content/uploads/2026/07/1-300x300.png HTTP/1.1" 304 0 "https://mithouses.webtrixia.com/wp-admin/post.php?post=38&action=edit" "Mozilla/5.0 (Macintosh; Intel Mac OS X 10_15_7) AppleWebKit/537.36 (KHTML, like Gecko) Chrome/150.0.0.0 Safari/537.36"
87.126.220.31 - - [10/Jul/2026:21:53:00 +0300] "GET /wp-content/uploads/2026/07/4-300x300.png HTTP/1.1" 304 0 "https://mithouses.webtrixia.com/wp-admin/post.php?post=38&action=edit" "Mozilla/5.0 (Macintosh; Intel Mac OS X 10_15_7) AppleWebKit/537.36 (KHTML, like Gecko) Chrome/150.0.0.0 Safari/537.36"
87.126.220.31 - - [10/Jul/2026:21:53:00 +0300] "GET /wp-content/uploads/woocommerce-placeholder-300x300.webp HTTP/1.1" 304 0 "https://mithouses.webtrixia.com/wp-admin/post.php?post=38&action=edit" "Mozilla/5.0 (Macintosh; Intel Mac OS X 10_15_7) AppleWebKit/537.36 (KHTML, like Gecko) Chrome/150.0.0.0 Safari/537.36"
87.126.220.31 - - [10/Jul/2026:21:53:00 +0300] "GET /wp-content/uploads/2026/07/23-300x200.png HTTP/1.1" 304 0 "https://mithouses.webtrixia.com/wp-admin/post.php?post=38&action=edit" "Mozilla/5.0 (Macintosh; Intel Mac OS X 10_15_7) AppleWebKit/537.36 (KHTML, like Gecko) Chrome/150.0.0.0 Safari/537.36"
87.126.220.31 - - [10/Jul/2026:21:53:00 +0300] "GET /wp-content/uploads/2026/07/33-300x225.png HTTP/1.1" 304 0 "https://mithouses.webtrixia.com/wp-admin/post.php?post=38&action=edit" "Mozilla/5.0 (Macintosh; Intel Mac OS X 10_15_7) AppleWebKit/537.36 (KHTML, like Gecko) Chrome/150.0.0.0 Safari/537.36"
87.126.220.31 - - [10/Jul/2026:21:53:00 +0300] "GET /wp-content/uploads/2026/07/3-300x300.png HTTP/1.1" 304 0 "https://mithouses.webtrixia.com/wp-admin/post.php?post=38&action=edit" "Mozilla/5.0 (Macintosh; Intel Mac OS X 10_15_7) AppleWebKit/537.36 (KHTML, like Gecko) Chrome/150.0.0.0 Safari/537.36"
87.126.220.31 - - [10/Jul/2026:21:53:00 +0300] "GET /wp-content/uploads/2026/07/1x-300x240.png HTTP/1.1" 304 0 "https://mithouses.webtrixia.com/wp-admin/post.php?post=38&action=edit" "Mozilla/5.0 (Macintosh; Intel Mac OS X 10_15_7) AppleWebKit/537.36 (KHTML, like Gecko) Chrome/150.0.0.0 Safari/537.36"
87.126.220.31 - - [10/Jul/2026:21:53:00 +0300] "GET /wp-content/uploads/2026/07/22-300x200.png HTTP/1.1" 304 0 "https://mithouses.webtrixia.com/wp-admin/post.php?post=38&action=edit" "Mozilla/5.0 (Macintosh; Intel Mac OS X 10_15_7) AppleWebKit/537.36 (KHTML, like Gecko) Chrome/150.0.0.0 Safari/537.36"
87.126.220.31 - - [10/Jul/2026:21:53:00 +0300] "GET /wp-content/uploads/2026/07/32-300x225.png HTTP/1.1" 304 0 "https://mithouses.webtrixia.com/wp-admin/post.php?post=38&action=edit" "Mozilla/5.0 (Macintosh; Intel Mac OS X 10_15_7) AppleWebKit/537.36 (KHTML, like Gecko) Chrome/150.0.0.0 Safari/537.36"
87.126.220.31 - - [10/Jul/2026:21:53:09 +0300] "POST /wp-admin/async-upload.php HTTP/1.1" 200 1890 "https://mithouses.webtrixia.com/wp-admin/post.php?post=38&action=edit" "Mozilla/5.0 (Macintosh; Intel Mac OS X 10_15_7) AppleWebKit/537.36 (KHTML, like Gecko) Chrome/150.0.0.0 Safari/537.36"
87.126.220.31 - - [10/Jul/2026:21:53:09 +0300] "GET /wp-content/uploads/2026/07/16-300x300.png HTTP/1.1" 200 187404 "https://mithouses.webtrixia.com/wp-admin/post.php?post=38&action=edit" "Mozilla/5.0 (Macintosh; Intel Mac OS X 10_15_7) AppleWebKit/537.36 (KHTML, like Gecko) Chrome/150.0.0.0 Safari/537.36"
93.94.140.42 - - [10/Jul/2026:21:53:45 +0300] "POST /wp-admin/admin-ajax.php?action=as_async_request_queue_runner&nonce=361d350f2e HTTP/1.1" 499 0 "-" "WordPress/7.0.1; https://mithouses.webtrixia.com"
93.94.140.42 - - [10/Jul/2026:21:53:45 +0300] "POST /wp-cron.php?doing_wp_cron=1783709625.6270079612731933593750 HTTP/1.1" 200 0 "-" "WordPress/7.0.1; https://mithouses.webtrixia.com"
87.126.220.31 - - [10/Jul/2026:21:53:45 +0300] "POST /wp-admin/admin-ajax.php HTTP/1.1" 200 58 "https://mithouses.webtrixia.com/wp-admin/post.php?post=38&action=edit" "Mozilla/5.0 (Macintosh; Intel Mac OS X 10_15_7) AppleWebKit/537.36 (KHTML, like Gecko) Chrome/150.0.0.0 Safari/537.36"
87.126.220.31 - - [10/Jul/2026:21:53:52 +0300] "POST /wp-admin/admin-ajax.php HTTP/1.1" 200 58 "https://mithouses.webtrixia.com/wp-admin/post.php?post=38&action=edit" "Mozilla/5.0 (Macintosh; Intel Mac OS X 10_15_7) AppleWebKit/537.36 (KHTML, like Gecko) Chrome/150.0.0.0 Safari/537.36"
87.126.220.31 - - [10/Jul/2026:21:54:10 +0300] "POST /wp-admin/admin-ajax.php HTTP/1.1" 200 1995 "https://mithouses.webtrixia.com/wp-admin/post.php?post=38&action=edit" "Mozilla/5.0 (Macintosh; Intel Mac OS X 10_15_7) AppleWebKit/537.36 (KHTML, like Gecko) Chrome/150.0.0.0 Safari/537.36"
87.126.220.31 - - [10/Jul/2026:21:54:12 +0300] "GET /wp-content/uploads/2026/07/32-300x300.png HTTP/1.1" 304 0 "https://mithouses.webtrixia.com/wp-admin/post.php?post=38&action=edit" "Mozilla/5.0 (Macintosh; Intel Mac OS X 10_15_7) AppleWebKit/537.36 (KHTML, like Gecko) Chrome/150.0.0.0 Safari/537.36"
87.126.220.31 - - [10/Jul/2026:21:54:12 +0300] "GET /wp-content/uploads/2026/07/33-300x300.png HTTP/1.1" 200 164399 "https://mithouses.webtrixia.com/wp-admin/post.php?post=38&action=edit" "Mozilla/5.0 (Macintosh; Intel Mac OS X 10_15_7) AppleWebKit/537.36 (KHTML, like Gecko) Chrome/150.0.0.0 Safari/537.36"
87.126.220.31 - - [10/Jul/2026:21:54:13 +0300] "POST /wp-admin/admin-ajax.php HTTP/1.1" 200 49685 "https://mithouses.webtrixia.com/wp-admin/post.php?post=38&action=edit" "Mozilla/5.0 (Macintosh; Intel Mac OS X 10_15_7) AppleWebKit/537.36 (KHTML, like Gecko) Chrome/150.0.0.0 Safari/537.36"
87.126.220.31 - - [10/Jul/2026:21:54:19 +0300] "POST /wp-admin/async-upload.php HTTP/1.1" 200 1890 "https://mithouses.webtrixia.com/wp-admin/post.php?post=38&action=edit" "Mozilla/5.0 (Macintosh; Intel Mac OS X 10_15_7) AppleWebKit/537.36 (KHTML, like Gecko) Chrome/150.0.0.0 Safari/537.36"
87.126.220.31 - - [10/Jul/2026:21:54:19 +0300] "GET /wp-content/uploads/2026/07/17-300x300.png HTTP/1.1" 200 175859 "https://mithouses.webtrixia.com/wp-admin/post.php?post=38&action=edit" "Mozilla/5.0 (Macintosh; Intel Mac OS X 10_15_7) AppleWebKit/537.36 (KHTML, like Gecko) Chrome/150.0.0.0 Safari/537.36"
87.126.220.31 - - [10/Jul/2026:21:54:22 +0300] "POST /wp-admin/async-upload.php HTTP/1.1" 200 1890 "https://mithouses.webtrixia.com/wp-admin/post.php?post=38&action=edit" "Mozilla/5.0 (Macintosh; Intel Mac OS X 10_15_7) AppleWebKit/537.36 (KHTML, like Gecko) Chrome/150.0.0.0 Safari/537.36"
87.126.220.31 - - [10/Jul/2026:21:54:22 +0300] "GET /wp-content/uploads/2026/07/18-300x300.png HTTP/1.1" 200 176230 "https://mithouses.webtrixia.com/wp-admin/post.php?post=38&action=edit" "Mozilla/5.0 (Macintosh; Intel Mac OS X 10_15_7) AppleWebKit/537.36 (KHTML, like Gecko) Chrome/150.0.0.0 Safari/537.36"
87.126.220.31 - - [10/Jul/2026:21:54:25 +0300] "POST /wp-admin/admin-ajax.php HTTP/1.1" 200 58 "https://mithouses.webtrixia.com/wp-admin/nav-menus.php" "Mozilla/5.0 (Macintosh; Intel Mac OS X 10_15_7) AppleWebKit/537.36 (KHTML, like Gecko) Chrome/149.0.0.0 Safari/537.36"
87.126.220.31 - - [10/Jul/2026:21:54:26 +0300] "GET /wp-content/uploads/2026/07/18-150x150.png HTTP/1.1" 200 46995 "https://mithouses.webtrixia.com/wp-admin/post.php?post=38&action=edit" "Mozilla/5.0 (Macintosh; Intel Mac OS X 10_15_7) AppleWebKit/537.36 (KHTML, like Gecko) Chrome/150.0.0.0 Safari/537.36"
87.126.220.31 - - [10/Jul/2026:21:54:26 +0300] "GET /wp-content/uploads/2026/07/17-150x150.png HTTP/1.1" 200 47322 "https://mithouses.webtrixia.com/wp-admin/post.php?post=38&action=edit" "Mozilla/5.0 (Macintosh; Intel Mac OS X 10_15_7) AppleWebKit/537.36 (KHTML, like Gecko) Chrome/150.0.0.0 Safari/537.36"
87.126.220.31 - - [10/Jul/2026:21:54:29 +0300] "POST /wp-admin/post.php HTTP/1.1" 302 0 "https://mithouses.webtrixia.com/wp-admin/post.php?post=38&action=edit" "Mozilla/5.0 (Macintosh; Intel Mac OS X 10_15_7) AppleWebKit/537.36 (KHTML, like Gecko) Chrome/150.0.0.0 Safari/537.36"
87.126.220.31 - - [10/Jul/2026:21:54:30 +0300] "GET /wp-content/uploads/2026/07/16-300x300.png HTTP/1.1" 304 0 "https://mithouses.webtrixia.com/wp-admin/post.php?post=38&action=edit" "Mozilla/5.0 (Macintosh; Intel Mac OS X 10_15_7) AppleWebKit/537.36 (KHTML, like Gecko) Chrome/150.0.0.0 Safari/537.36"
87.126.220.31 - - [10/Jul/2026:21:54:30 +0300] "GET /wp-content/uploads/2026/07/17-300x300.png HTTP/1.1" 304 0 "https://mithouses.webtrixia.com/wp-admin/post.php?post=38&action=edit" "Mozilla/5.0 (Macintosh; Intel Mac OS X 10_15_7) AppleWebKit/537.36 (KHTML, like Gecko) Chrome/150.0.0.0 Safari/537.36"
87.126.220.31 - - [10/Jul/2026:21:54:30 +0300] "GET /wp-content/uploads/2026/07/18-300x300.png HTTP/1.1" 304 0 "https://mithouses.webtrixia.com/wp-admin/post.php?post=38&action=edit" "Mozilla/5.0 (Macintosh; Intel Mac OS X 10_15_7) AppleWebKit/537.36 (KHTML, like Gecko) Chrome/150.0.0.0 Safari/537.36"
87.126.220.31 - - [10/Jul/2026:21:54:30 +0300] "GET /wp-admin/post.php?post=38&action=edit&message=1 HTTP/1.1" 200 559711 "https://mithouses.webtrixia.com/wp-admin/post.php?post=38&action=edit" "Mozilla/5.0 (Macintosh; Intel Mac OS X 10_15_7) AppleWebKit/537.36 (KHTML, like Gecko) Chrome/150.0.0.0 Safari/537.36"
87.126.220.31 - - [10/Jul/2026:21:54:31 +0300] "POST /wp-admin/admin-ajax.php HTTP/1.1" 200 168 "https://mithouses.webtrixia.com/wp-admin/post.php?post=38&action=edit" "Mozilla/5.0 (Macintosh; Intel Mac OS X 10_15_7) AppleWebKit/537.36 (KHTML, like Gecko) Chrome/150.0.0.0 Safari/537.36"
87.126.220.31 - - [10/Jul/2026:21:54:32 +0300] "GET /wp-json/wc-analytics/orders?page=1&per_page=1&status%5B0%5D=processing&status%5B1%5D=on-hold&_fields%5B0%5D=id&_locale=user HTTP/1.1" 200 12 "https://mithouses.webtrixia.com/wp-admin/post.php?post=38&action=edit" "Mozilla/5.0 (Macintosh; Intel Mac OS X 10_15_7) AppleWebKit/537.36 (KHTML, like Gecko) Chrome/150.0.0.0 Safari/537.36"
87.126.220.31 - - [10/Jul/2026:21:54:32 +0300] "GET /wp-json/wc-analytics/products/count-low-in-stock?status=publish&page=1&per_page=1&_locale=user HTTP/1.1" 200 21 "https://mithouses.webtrixia.com/wp-admin/post.php?post=38&action=edit" "Mozilla/5.0 (Macintosh; Intel Mac OS X 10_15_7) AppleWebKit/537.36 (KHTML, like Gecko) Chrome/150.0.0.0 Safari/537.36"
87.126.220.31 - - [10/Jul/2026:21:54:32 +0300] "GET /wp-json/wc-admin/options?options=woocommerce_ces_tracks_queue&_locale=user HTTP/1.1" 200 46 "https://mithouses.webtrixia.com/wp-admin/post.php?post=38&action=edit" "Mozilla/5.0 (Macintosh; Intel Mac OS X 10_15_7) AppleWebKit/537.36 (KHTML, like Gecko) Chrome/150.0.0.0 Safari/537.36"
87.126.220.31 - - [10/Jul/2026:21:54:32 +0300] "GET /wp-json/wc-analytics/products/reviews?page=1&per_page=1&status=hold&_embed=1&_fields%5B0%5D=id&_locale=user HTTP/1.1" 200 12 "https://mithouses.webtrixia.com/wp-admin/post.php?post=38&action=edit" "Mozilla/5.0 (Macintosh; Intel Mac OS X 10_15_7) AppleWebKit/537.36 (KHTML, like Gecko) Chrome/150.0.0.0 Safari/537.36"
87.126.220.31 - - [10/Jul/2026:21:54:32 +0300] "GET /wp-json/wc-admin/onboarding/tasks?_locale=user HTTP/1.1" 200 6936 "https://mithouses.webtrixia.com/wp-admin/post.php?post=38&action=edit" "Mozilla/5.0 (Macintosh; Intel Mac OS X 10_15_7) AppleWebKit/537.36 (KHTML, like Gecko) Chrome/150.0.0.0 Safari/537.36"
87.126.220.31 - - [10/Jul/2026:21:54:33 +0300] "GET /wp-admin/admin-ajax.php?action=oembed-cache&post=38 HTTP/1.1" 200 11 "https://mithouses.webtrixia.com/wp-admin/post.php?post=38&action=edit" "Mozilla/5.0 (Macintosh; Intel Mac OS X 10_15_7) AppleWebKit/537.36 (KHTML, like Gecko) Chrome/150.0.0.0 Safari/537.36"
87.126.220.31 - - [10/Jul/2026:21:54:33 +0300] "GET /wp-json/wc-admin/options?options=woocommerce_allow_tracking%2Cwoocommerce_admin_transient_notices_queue%2Cwoocommerce_admin_install_timestamp&_locale=user HTTP/1.1" 200 148 "https://mithouses.webtrixia.com/wp-admin/post.php?post=38&action=edit" "Mozilla/5.0 (Macintosh; Intel Mac OS X 10_15_7) AppleWebKit/537.36 (KHTML, like Gecko) Chrome/150.0.0.0 Safari/537.36"
87.126.220.31 - - [10/Jul/2026:21:54:33 +0300] "GET /wp-json/wc-analytics/admin/notes?page=1&per_page=25&type=error%2Cupdate&status=unactioned&_locale=user HTTP/1.1" 200 12 "https://mithouses.webtrixia.com/wp-admin/post.php?post=38&action=edit" "Mozilla/5.0 (Macintosh; Intel Mac OS X 10_15_7) AppleWebKit/537.36 (KHTML, like Gecko) Chrome/150.0.0.0 Safari/537.36"
87.126.220.31 - - [10/Jul/2026:21:54:33 +0300] "POST /wp-admin/admin-ajax.php HTTP/1.1" 200 282 "https://mithouses.webtrixia.com/wp-admin/post.php?post=38&action=edit" "Mozilla/5.0 (Macintosh; Intel Mac OS X 10_15_7) AppleWebKit/537.36 (KHTML, like Gecko) Chrome/150.0.0.0 Safari/537.36"
93.94.140.42 - - [10/Jul/2026:21:54:40 +0300] "POST /wp-cron.php?doing_wp_cron=1783709680.4619719982147216796875 HTTP/1.1" 200 0 "-" "WordPress/7.0.1; https://mithouses.webtrixia.com"
87.126.220.31 - - [10/Jul/2026:21:54:40 +0300] "POST /wp-admin/admin-ajax.php HTTP/1.1" 200 58 "https://mithouses.webtrixia.com/wp-admin/admin.php?page=wc-settings&tab=site-visibility" "Mozilla/5.0 (Macintosh; Intel Mac OS X 10_15_7) AppleWebKit/537.36 (KHTML, like Gecko) Chrome/149.0.0.0 Safari/537.36"
87.126.220.31 - - [10/Jul/2026:21:54:41 +0300] "POST /wp-admin/admin-ajax.php HTTP/1.1" 200 11 "https://mithouses.webtrixia.com/wp-admin/post.php?post=38&action=edit" "Mozilla/5.0 (Macintosh; Intel Mac OS X 10_15_7) AppleWebKit/537.36 (KHTML, like Gecko) Chrome/150.0.0.0 Safari/537.36"
87.126.220.31 - - [10/Jul/2026:21:54:41 +0300] "POST /wp-admin/admin-ajax.php HTTP/1.1" 200 58 "https://mithouses.webtrixia.com/wp-admin/edit.php?post_type=product" "Mozilla/5.0 (Macintosh; Intel Mac OS X 10_15_7) AppleWebKit/537.36 (KHTML, like Gecko) Chrome/150.0.0.0 Safari/537.36"
87.126.220.31 - - [10/Jul/2026:21:54:42 +0300] "POST /wp-admin/admin-ajax.php HTTP/1.1" 200 11 "https://mithouses.webtrixia.com/wp-admin/post.php?post=38&action=edit" "Mozilla/5.0 (Macintosh; Intel Mac OS X 10_15_7) AppleWebKit/537.36 (KHTML, like Gecko) Chrome/150.0.0.0 Safari/537.36"
87.126.220.31 - - [10/Jul/2026:21:54:47 +0300] "GET /wp-content/uploads/2026/07/22-150x150.png HTTP/1.1" 304 0 "https://mithouses.webtrixia.com/wp-admin/post.php?post=119&action=edit" "Mozilla/5.0 (Macintosh; Intel Mac OS X 10_15_7) AppleWebKit/537.36 (KHTML, like Gecko) Chrome/150.0.0.0 Safari/537.36"
87.126.220.31 - - [10/Jul/2026:21:54:47 +0300] "GET /wp-content/uploads/2026/07/21-300x300.png HTTP/1.1" 304 0 "https://mithouses.webtrixia.com/wp-admin/post.php?post=119&action=edit" "Mozilla/5.0 (Macintosh; Intel Mac OS X 10_15_7) AppleWebKit/537.36 (KHTML, like Gecko) Chrome/150.0.0.0 Safari/537.36"
87.126.220.31 - - [10/Jul/2026:21:54:47 +0300] "GET /wp-content/uploads/2026/07/23-150x150.png HTTP/1.1" 304 0 "https://mithouses.webtrixia.com/wp-admin/post.php?post=119&action=edit" "Mozilla/5.0 (Macintosh; Intel Mac OS X 10_15_7) AppleWebKit/537.36 (KHTML, like Gecko) Chrome/150.0.0.0 Safari/537.36"
87.126.220.31 - - [10/Jul/2026:21:54:47 +0300] "POST /wp-admin/admin-ajax.php HTTP/1.1" 200 169 "https://mithouses.webtrixia.com/wp-admin/post.php?post=119&action=edit" "Mozilla/5.0 (Macintosh; Intel Mac OS X 10_15_7) AppleWebKit/537.36 (KHTML, like Gecko) Chrome/150.0.0.0 Safari/537.36"
93.94.140.42 - - [10/Jul/2026:21:54:47 +0300] "POST /wp-admin/admin-ajax.php?action=as_async_request_queue_runner&nonce=361d350f2e HTTP/1.1" 499 0 "-" "WordPress/7.0.1; https://mithouses.webtrixia.com"
87.126.220.31 - - [10/Jul/2026:21:54:48 +0300] "GET /wp-admin/post.php?post=119&action=edit HTTP/1.1" 200 558298 "https://mithouses.webtrixia.com/wp-admin/edit.php?post_type=product" "Mozilla/5.0 (Macintosh; Intel Mac OS X 10_15_7) AppleWebKit/537.36 (KHTML, like Gecko) Chrome/150.0.0.0 Safari/537.36"
87.126.220.31 - - [10/Jul/2026:21:54:48 +0300] "POST /wp-admin/admin-ajax.php HTTP/1.1" 200 284 "https://mithouses.webtrixia.com/wp-admin/post.php?post=119&action=edit" "Mozilla/5.0 (Macintosh; Intel Mac OS X 10_15_7) AppleWebKit/537.36 (KHTML, like Gecko) Chrome/150.0.0.0 Safari/537.36"
87.126.220.31 - - [10/Jul/2026:21:54:48 +0300] "GET /wp-json/wc-analytics/products/reviews?page=1&per_page=1&status=hold&_embed=1&_fields%5B0%5D=id&_locale=user HTTP/1.1" 200 12 "https://mithouses.webtrixia.com/wp-admin/post.php?post=119&action=edit" "Mozilla/5.0 (Macintosh; Intel Mac OS X 10_15_7) AppleWebKit/537.36 (KHTML, like Gecko) Chrome/150.0.0.0 Safari/537.36"
87.126.220.31 - - [10/Jul/2026:21:54:48 +0300] "GET /wp-json/wc-analytics/products/count-low-in-stock?status=publish&page=1&per_page=1&_locale=user HTTP/1.1" 200 21 "https://mithouses.webtrixia.com/wp-admin/post.php?post=119&action=edit" "Mozilla/5.0 (Macintosh; Intel Mac OS X 10_15_7) AppleWebKit/537.36 (KHTML, like Gecko) Chrome/150.0.0.0 Safari/537.36"
87.126.220.31 - - [10/Jul/2026:21:54:48 +0300] "GET /wp-json/wc-analytics/orders?page=1&per_page=1&status%5B0%5D=processing&status%5B1%5D=on-hold&_fields%5B0%5D=id&_locale=user HTTP/1.1" 200 12 "https://mithouses.webtrixia.com/wp-admin/post.php?post=119&action=edit" "Mozilla/5.0 (Macintosh; Intel Mac OS X 10_15_7) AppleWebKit/537.36 (KHTML, like Gecko) Chrome/150.0.0.0 Safari/537.36"
87.126.220.31 - - [10/Jul/2026:21:54:49 +0300] "GET /wp-json/wc-admin/options?options=woocommerce_ces_tracks_queue&_locale=user HTTP/1.1" 200 46 "https://mithouses.webtrixia.com/wp-admin/post.php?post=119&action=edit" "Mozilla/5.0 (Macintosh; Intel Mac OS X 10_15_7) AppleWebKit/537.36 (KHTML, like Gecko) Chrome/150.0.0.0 Safari/537.36"
87.126.220.31 - - [10/Jul/2026:21:54:49 +0300] "GET /wp-json/wc-admin/options?options=woocommerce_allow_tracking%2Cwoocommerce_admin_transient_notices_queue%2Cwoocommerce_admin_install_timestamp&_locale=user HTTP/1.1" 200 148 "https://mithouses.webtrixia.com/wp-admin/post.php?post=119&action=edit" "Mozilla/5.0 (Macintosh; Intel Mac OS X 10_15_7) AppleWebKit/537.36 (KHTML, like Gecko) Chrome/150.0.0.0 Safari/537.36"
87.126.220.31 - - [10/Jul/2026:21:54:49 +0300] "GET /wp-json/wc-analytics/admin/notes?page=1&per_page=25&type=error%2Cupdate&status=unactioned&_locale=user HTTP/1.1" 200 12 "https://mithouses.webtrixia.com/wp-admin/post.php?post=119&action=edit" "Mozilla/5.0 (Macintosh; Intel Mac OS X 10_15_7) AppleWebKit/537.36 (KHTML, like Gecko) Chrome/150.0.0.0 Safari/537.36"
87.126.220.31 - - [10/Jul/2026:21:54:49 +0300] "GET /wp-json/wc-admin/onboarding/tasks?_locale=user HTTP/1.1" 200 6936 "https://mithouses.webtrixia.com/wp-admin/post.php?post=119&action=edit" "Mozilla/5.0 (Macintosh; Intel Mac OS X 10_15_7) AppleWebKit/537.36 (KHTML, like Gecko) Chrome/150.0.0.0 Safari/537.36"
87.126.220.31 - - [10/Jul/2026:21:54:51 +0300] "POST /wp-admin/admin-ajax.php HTTP/1.1" 200 58 "https://mithouses.webtrixia.com/wp-admin/edit.php?post_type=product" "Mozilla/5.0 (Macintosh; Intel Mac OS X 10_15_7) AppleWebKit/537.36 (KHTML, like Gecko) Chrome/150.0.0.0 Safari/537.36"
93.94.140.42 - - [10/Jul/2026:21:55:49 +0300] "POST /wp-admin/admin-ajax.php?action=as_async_request_queue_runner&nonce=361d350f2e HTTP/1.1" 499 0 "-" "WordPress/7.0.1; https://mithouses.webtrixia.com"
93.94.140.42 - - [10/Jul/2026:21:55:50 +0300] "POST /wp-cron.php?doing_wp_cron=1783709749.9945120811462402343750 HTTP/1.1" 200 0 "-" "WordPress/7.0.1; https://mithouses.webtrixia.com"
87.126.220.31 - - [10/Jul/2026:21:55:50 +0300] "POST /wp-admin/admin-ajax.php HTTP/1.1" 200 58 "https://mithouses.webtrixia.com/wp-admin/post.php?post=119&action=edit" "Mozilla/5.0 (Macintosh; Intel Mac OS X 10_15_7) AppleWebKit/537.36 (KHTML, like Gecko) Chrome/150.0.0.0 Safari/537.36"
87.126.220.31 - - [10/Jul/2026:21:56:26 +0300] "POST /wp-admin/admin-ajax.php HTTP/1.1" 200 58 "https://mithouses.webtrixia.com/wp-admin/nav-menus.php" "Mozilla/5.0 (Macintosh; Intel Mac OS X 10_15_7) AppleWebKit/537.36 (KHTML, like Gecko) Chrome/149.0.0.0 Safari/537.36"
93.94.140.42 - - [10/Jul/2026:21:56:41 +0300] "POST /wp-cron.php?doing_wp_cron=1783709801.4285979270935058593750 HTTP/1.1" 200 0 "-" "WordPress/7.0.1; https://mithouses.webtrixia.com"
87.126.220.31 - - [10/Jul/2026:21:56:41 +0300] "POST /wp-admin/admin-ajax.php HTTP/1.1" 200 58 "https://mithouses.webtrixia.com/wp-admin/admin.php?page=wc-settings&tab=site-visibility" "Mozilla/5.0 (Macintosh; Intel Mac OS X 10_15_7) AppleWebKit/537.36 (KHTML, like Gecko) Chrome/149.0.0.0 Safari/537.36"
93.94.140.42 - - [10/Jul/2026:21:56:53 +0300] "POST /wp-admin/admin-ajax.php?action=as_async_request_queue_runner&nonce=361d350f2e HTTP/1.1" 499 0 "-" "WordPress/7.0.1; https://mithouses.webtrixia.com"
87.126.220.31 - - [10/Jul/2026:21:56:53 +0300] "POST /wp-admin/admin-ajax.php HTTP/1.1" 200 58 "https://mithouses.webtrixia.com/wp-admin/edit.php?post_type=product" "Mozilla/5.0 (Macintosh; Intel Mac OS X 10_15_7) AppleWebKit/537.36 (KHTML, like Gecko) Chrome/150.0.0.0 Safari/537.36"
93.94.140.42 - - [10/Jul/2026:21:57:48 +0300] "POST /wp-cron.php?doing_wp_cron=1783709868.8036129474639892578125 HTTP/1.1" 200 0 "-" "WordPress/7.0.1; https://mithouses.webtrixia.com"
87.126.220.31 - - [10/Jul/2026:21:57:48 +0300] "POST /wp-admin/admin-ajax.php HTTP/1.1" 200 58 "https://mithouses.webtrixia.com/wp-admin/post.php?post=119&action=edit" "Mozilla/5.0 (Macintosh; Intel Mac OS X 10_15_7) AppleWebKit/537.36 (KHTML, like Gecko) Chrome/150.0.0.0 Safari/537.36"
93.94.140.42 - - [10/Jul/2026:21:58:28 +0300] "POST /wp-admin/admin-ajax.php?action=as_async_request_queue_runner&nonce=7488ea83c2 HTTP/1.1" 499 0 "-" "WordPress/7.0.1; https://mithouses.webtrixia.com"
87.126.220.31 - - [10/Jul/2026:21:58:28 +0300] "POST /wp-admin/admin-ajax.php HTTP/1.1" 200 58 "https://mithouses.webtrixia.com/wp-admin/nav-menus.php" "Mozilla/5.0 (Macintosh; Intel Mac OS X 10_15_7) AppleWebKit/537.36 (KHTML, like Gecko) Chrome/149.0.0.0 Safari/537.36"
93.94.140.42 - - [10/Jul/2026:21:58:42 +0300] "POST /wp-cron.php?doing_wp_cron=1783709922.4195280075073242187500 HTTP/1.1" 200 0 "-" "WordPress/7.0.1; https://mithouses.webtrixia.com"
87.126.220.31 - - [10/Jul/2026:21:58:42 +0300] "POST /wp-admin/admin-ajax.php HTTP/1.1" 200 58 "https://mithouses.webtrixia.com/wp-admin/admin.php?page=wc-settings&tab=site-visibility" "Mozilla/5.0 (Macintosh; Intel Mac OS X 10_15_7) AppleWebKit/537.36 (KHTML, like Gecko) Chrome/149.0.0.0 Safari/537.36"
87.126.220.31 - - [10/Jul/2026:21:58:53 +0300] "POST /wp-admin/admin-ajax.php HTTP/1.1" 200 58 "https://mithouses.webtrixia.com/wp-admin/edit.php?post_type=product" "Mozilla/5.0 (Macintosh; Intel Mac OS X 10_15_7) AppleWebKit/537.36 (KHTML, like Gecko) Chrome/150.0.0.0 Safari/537.36"
93.94.140.42 - - [10/Jul/2026:21:59:49 +0300] "POST /wp-admin/admin-ajax.php?action=as_async_request_queue_runner&nonce=361d350f2e HTTP/1.1" 499 0 "-" "WordPress/7.0.1; https://mithouses.webtrixia.com"
93.94.140.42 - - [10/Jul/2026:21:59:49 +0300] "POST /wp-cron.php?doing_wp_cron=1783709989.9552459716796875000000 HTTP/1.1" 200 0 "-" "WordPress/7.0.1; https://mithouses.webtrixia.com"
87.126.220.31 - - [10/Jul/2026:21:59:50 +0300] "POST /wp-admin/admin-ajax.php HTTP/1.1" 200 58 "https://mithouses.webtrixia.com/wp-admin/post.php?post=119&action=edit" "Mozilla/5.0 (Macintosh; Intel Mac OS X 10_15_7) AppleWebKit/537.36 (KHTML, like Gecko) Chrome/150.0.0.0 Safari/537.36"
87.126.220.31 - - [10/Jul/2026:22:00:28 +0300] "POST /wp-admin/admin-ajax.php HTTP/1.1" 200 58 "https://mithouses.webtrixia.com/wp-admin/nav-menus.php" "Mozilla/5.0 (Macintosh; Intel Mac OS X 10_15_7) AppleWebKit/537.36 (KHTML, like Gecko) Chrome/149.0.0.0 Safari/537.36"
93.94.140.42 - - [10/Jul/2026:22:00:43 +0300] "POST /wp-cron.php?doing_wp_cron=1783710043.5041270256042480468750 HTTP/1.1" 200 0 "-" "WordPress/7.0.1; https://mithouses.webtrixia.com"
87.126.220.31 - - [10/Jul/2026:22:00:43 +0300] "POST /wp-admin/admin-ajax.php HTTP/1.1" 200 58 "https://mithouses.webtrixia.com/wp-admin/admin.php?page=wc-settings&tab=site-visibility" "Mozilla/5.0 (Macintosh; Intel Mac OS X 10_15_7) AppleWebKit/537.36 (KHTML, like Gecko) Chrome/149.0.0.0 Safari/537.36"
93.94.140.42 - - [10/Jul/2026:22:00:50 +0300] "POST /wp-admin/admin-ajax.php?action=as_async_request_queue_runner&nonce=361d350f2e HTTP/1.1" 499 0 "-" "WordPress/7.0.1; https://mithouses.webtrixia.com"
87.126.220.31 - - [10/Jul/2026:22:00:50 +0300] "POST /wp-admin/admin-ajax.php HTTP/1.1" 200 58 "https://mithouses.webtrixia.com/wp-admin/post.php?post=119&action=edit" "Mozilla/5.0 (Macintosh; Intel Mac OS X 10_15_7) AppleWebKit/537.36 (KHTML, like Gecko) Chrome/150.0.0.0 Safari/537.36"
87.126.220.31 - - [10/Jul/2026:22:00:54 +0300] "POST /wp-admin/admin-ajax.php HTTP/1.1" 200 58 "https://mithouses.webtrixia.com/wp-admin/edit.php?post_type=product" "Mozilla/5.0 (Macintosh; Intel Mac OS X 10_15_7) AppleWebKit/537.36 (KHTML, like Gecko) Chrome/150.0.0.0 Safari/537.36"
93.94.140.42 - - [10/Jul/2026:22:01:49 +0300] "POST /wp-cron.php?doing_wp_cron=1783710109.2270300388336181640625 HTTP/1.1" 200 0 "-" "WordPress/7.0.1; https://mithouses.webtrixia.com"
87.126.220.31 - - [10/Jul/2026:22:01:49 +0300] "POST /wp-admin/admin-ajax.php HTTP/1.1" 200 58 "https://mithouses.webtrixia.com/wp-admin/post.php?post=119&action=edit" "Mozilla/5.0 (Macintosh; Intel Mac OS X 10_15_7) AppleWebKit/537.36 (KHTML, like Gecko) Chrome/150.0.0.0 Safari/537.36"
87.126.220.31 - - [10/Jul/2026:22:02:29 +0300] "POST /wp-admin/admin-ajax.php HTTP/1.1" 200 58 "https://mithouses.webtrixia.com/wp-admin/nav-menus.php" "Mozilla/5.0 (Macintosh; Intel Mac OS X 10_15_7) AppleWebKit/537.36 (KHTML, like Gecko) Chrome/149.0.0.0 Safari/537.36"
93.94.140.42 - - [10/Jul/2026:22:02:44 +0300] "POST /wp-cron.php?doing_wp_cron=1783710164.5019400119781494140625 HTTP/1.1" 200 0 "-" "WordPress/7.0.1; https://mithouses.webtrixia.com"
87.126.220.31 - - [10/Jul/2026:22:02:44 +0300] "POST /wp-admin/admin-ajax.php HTTP/1.1" 200 58 "https://mithouses.webtrixia.com/wp-admin/admin.php?page=wc-settings&tab=site-visibility" "Mozilla/5.0 (Macintosh; Intel Mac OS X 10_15_7) AppleWebKit/537.36 (KHTML, like Gecko) Chrome/149.0.0.0 Safari/537.36"
87.126.220.31 - - [10/Jul/2026:22:02:49 +0300] "POST /wp-admin/admin-ajax.php HTTP/1.1" 200 58 "https://mithouses.webtrixia.com/wp-admin/post.php?post=119&action=edit" "Mozilla/5.0 (Macintosh; Intel Mac OS X 10_15_7) AppleWebKit/537.36 (KHTML, like Gecko) Chrome/150.0.0.0 Safari/537.36"
87.126.220.31 - - [10/Jul/2026:22:02:55 +0300] "POST /wp-admin/admin-ajax.php HTTP/1.1" 200 58 "https://mithouses.webtrixia.com/wp-admin/edit.php?post_type=product" "Mozilla/5.0 (Macintosh; Intel Mac OS X 10_15_7) AppleWebKit/537.36 (KHTML, like Gecko) Chrome/150.0.0.0 Safari/537.36"
87.126.220.31 - - [10/Jul/2026:22:04:18 +0300] "POST /wp-admin/admin-ajax.php HTTP/1.1" 499 0 "https://mithouses.webtrixia.com/wp-admin/post.php?post=119&action=edit" "Mozilla/5.0 (Macintosh; Intel Mac OS X 10_15_7) AppleWebKit/537.36 (KHTML, like Gecko) Chrome/150.0.0.0 Safari/537.36"
93.94.140.42 - - [10/Jul/2026:22:04:30 +0300] "POST /wp-admin/admin-ajax.php?action=as_async_request_queue_runner&nonce=361d350f2e HTTP/1.1" 499 0 "-" "WordPress/7.0.1; https://mithouses.webtrixia.com"
93.94.140.42 - - [10/Jul/2026:22:04:30 +0300] "POST /wp-cron.php?doing_wp_cron=1783710270.2048289775848388671875 HTTP/1.1" 200 0 "-" "WordPress/7.0.1; https://mithouses.webtrixia.com"
93.94.140.42 - - [10/Jul/2026:22:04:39 +0300] "POST /wp-cron.php?doing_wp_cron=1783710279.6194739341735839843750 HTTP/1.1" 200 0 "-" "WordPress/7.0.1; https://mithouses.webtrixia.com"
87.126.220.31 - - [10/Jul/2026:22:04:39 +0300] "POST /wp-admin/admin-ajax.php HTTP/1.1" 200 58 "https://mithouses.webtrixia.com/wp-admin/nav-menus.php" "Mozilla/5.0 (Macintosh; Intel Mac OS X 10_15_7) AppleWebKit/537.36 (KHTML, like Gecko) Chrome/149.0.0.0 Safari/537.36"
87.126.220.31 - - [10/Jul/2026:22:04:45 +0300] "POST /wp-admin/admin-ajax.php HTTP/1.1" 200 58 "https://mithouses.webtrixia.com/wp-admin/admin.php?page=wc-settings&tab=site-visibility" "Mozilla/5.0 (Macintosh; Intel Mac OS X 10_15_7) AppleWebKit/537.36 (KHTML, like Gecko) Chrome/149.0.0.0 Safari/537.36"
87.126.220.31 - - [10/Jul/2026:22:04:48 +0300] "POST /wp-admin/admin-ajax.php HTTP/1.1" 200 58 "https://mithouses.webtrixia.com/wp-admin/post.php?post=119&action=edit" "Mozilla/5.0 (Macintosh; Intel Mac OS X 10_15_7) AppleWebKit/537.36 (KHTML, like Gecko) Chrome/150.0.0.0 Safari/537.36"
87.126.220.31 - - [10/Jul/2026:22:04:58 +0300] "POST /wp-admin/admin-ajax.php HTTP/1.1" 200 58 "https://mithouses.webtrixia.com/wp-admin/edit.php?post_type=product" "Mozilla/5.0 (Macintosh; Intel Mac OS X 10_15_7) AppleWebKit/537.36 (KHTML, like Gecko) Chrome/150.0.0.0 Safari/537.36"
