87.126.220.31 - - [10/Jul/2026:22:06:18 +0300] "POST /wp-admin/admin-ajax.php HTTP/1.1" 499 0 "https://mithouses.webtrixia.com/wp-admin/post.php?post=119&action=edit" "Mozilla/5.0 (Macintosh; Intel Mac OS X 10_15_7) AppleWebKit/537.36 (KHTML, like Gecko) Chrome/150.0.0.0 Safari/537.36"
93.94.140.42 - - [10/Jul/2026:22:06:51 +0300] "POST /wp-admin/admin-ajax.php?action=as_async_request_queue_runner&nonce=361d350f2e HTTP/1.1" 499 0 "-" "WordPress/7.0.1; https://mithouses.webtrixia.com"
93.94.140.42 - - [10/Jul/2026:22:06:52 +0300] "POST /wp-cron.php?doing_wp_cron=1783710411.2850279808044433593750 HTTP/1.1" 499 0 "-" "WordPress/7.0.1; https://mithouses.webtrixia.com"
87.126.220.31 - - [10/Jul/2026:22:07:01 +0300] "POST /wp-admin/admin-ajax.php HTTP/1.1" 499 0 "https://mithouses.webtrixia.com/wp-admin/nav-menus.php" "Mozilla/5.0 (Macintosh; Intel Mac OS X 10_15_7) AppleWebKit/537.36 (KHTML, like Gecko) Chrome/149.0.0.0 Safari/537.36"
87.126.220.31 - - [10/Jul/2026:22:07:04 +0300] "POST /wp-admin/admin-ajax.php HTTP/1.1" 200 58 "https://mithouses.webtrixia.com/wp-admin/post.php?post=119&action=edit" "Mozilla/5.0 (Macintosh; Intel Mac OS X 10_15_7) AppleWebKit/537.36 (KHTML, like Gecko) Chrome/150.0.0.0 Safari/537.36"
87.126.220.31 - - [10/Jul/2026:22:07:04 +0300] "POST /wp-admin/admin-ajax.php HTTP/1.1" 200 58 "https://mithouses.webtrixia.com/wp-admin/admin.php?page=wc-settings&tab=site-visibility" "Mozilla/5.0 (Macintosh; Intel Mac OS X 10_15_7) AppleWebKit/537.36 (KHTML, like Gecko) Chrome/149.0.0.0 Safari/537.36"
93.94.140.42 - - [10/Jul/2026:22:07:04 +0300] "POST /wp-cron.php?doing_wp_cron=1783710424.2350709438323974609375 HTTP/1.1" 200 0 "-" "WordPress/7.0.1; https://mithouses.webtrixia.com"
87.126.220.31 - - [10/Jul/2026:22:08:18 +0300] "POST /wp-admin/admin-ajax.php HTTP/1.1" 499 0 "https://mithouses.webtrixia.com/wp-admin/post.php?post=119&action=edit" "Mozilla/5.0 (Macintosh; Intel Mac OS X 10_15_7) AppleWebKit/537.36 (KHTML, like Gecko) Chrome/150.0.0.0 Safari/537.36"
93.94.140.42 - - [10/Jul/2026:22:08:38 +0300] "POST /wp-admin/admin-ajax.php?action=as_async_request_queue_runner&nonce=361d350f2e HTTP/1.1" 499 0 "-" "WordPress/7.0.1; https://mithouses.webtrixia.com"
93.94.140.42 - - [10/Jul/2026:22:08:38 +0300] "POST /wp-cron.php?doing_wp_cron=1783710518.6027259826660156250000 HTTP/1.1" 200 0 "-" "WordPress/7.0.1; https://mithouses.webtrixia.com"
93.94.140.42 - - [10/Jul/2026:22:08:38 +0300] "POST /wp-cron.php?doing_wp_cron=1783710518.6538579463958740234375 HTTP/1.1" 200 0 "-" "WordPress/7.0.1; https://mithouses.webtrixia.com"
87.126.220.31 - - [10/Jul/2026:22:08:38 +0300] "POST /wp-admin/admin-ajax.php HTTP/1.1" 200 58 "https://mithouses.webtrixia.com/wp-admin/nav-menus.php" "Mozilla/5.0 (Macintosh; Intel Mac OS X 10_15_7) AppleWebKit/537.36 (KHTML, like Gecko) Chrome/149.0.0.0 Safari/537.36"
93.94.140.42 - - [10/Jul/2026:22:08:45 +0300] "POST /wp-cron.php?doing_wp_cron=1783710525.7156090736389160156250 HTTP/1.1" 200 0 "-" "WordPress/7.0.1; https://mithouses.webtrixia.com"
87.126.220.31 - - [10/Jul/2026:22:08:47 +0300] "POST /wp-admin/admin-ajax.php HTTP/1.1" 200 58 "https://mithouses.webtrixia.com/wp-admin/admin.php?page=wc-settings&tab=site-visibility" "Mozilla/5.0 (Macintosh; Intel Mac OS X 10_15_7) AppleWebKit/537.36 (KHTML, like Gecko) Chrome/149.0.0.0 Safari/537.36"
87.126.220.31 - - [10/Jul/2026:22:08:49 +0300] "POST /wp-admin/admin-ajax.php HTTP/1.1" 200 58 "https://mithouses.webtrixia.com/wp-admin/post.php?post=119&action=edit" "Mozilla/5.0 (Macintosh; Intel Mac OS X 10_15_7) AppleWebKit/537.36 (KHTML, like Gecko) Chrome/150.0.0.0 Safari/537.36"
93.94.140.42 - - [10/Jul/2026:22:09:52 +0300] "POST /wp-admin/admin-ajax.php?action=as_async_request_queue_runner&nonce=361d350f2e HTTP/1.1" 499 0 "-" "WordPress/7.0.1; https://mithouses.webtrixia.com"
93.94.140.42 - - [10/Jul/2026:22:09:52 +0300] "POST /wp-cron.php?doing_wp_cron=1783710592.9164121150970458984375 HTTP/1.1" 200 0 "-" "WordPress/7.0.1; https://mithouses.webtrixia.com"
87.126.220.31 - - [10/Jul/2026:22:09:52 +0300] "POST /wp-admin/admin-ajax.php HTTP/1.1" 200 58 "https://mithouses.webtrixia.com/wp-admin/post.php?post=119&action=edit" "Mozilla/5.0 (Macintosh; Intel Mac OS X 10_15_7) AppleWebKit/537.36 (KHTML, like Gecko) Chrome/150.0.0.0 Safari/537.36"
87.126.220.31 - - [10/Jul/2026:22:10:33 +0300] "POST /wp-admin/admin-ajax.php HTTP/1.1" 200 58 "https://mithouses.webtrixia.com/wp-admin/nav-menus.php" "Mozilla/5.0 (Macintosh; Intel Mac OS X 10_15_7) AppleWebKit/537.36 (KHTML, like Gecko) Chrome/149.0.0.0 Safari/537.36"
93.94.140.42 - - [10/Jul/2026:22:10:48 +0300] "POST /wp-cron.php?doing_wp_cron=1783710648.4700760841369628906250 HTTP/1.1" 200 0 "-" "WordPress/7.0.1; https://mithouses.webtrixia.com"
87.126.220.31 - - [10/Jul/2026:22:10:48 +0300] "POST /wp-admin/admin-ajax.php HTTP/1.1" 200 58 "https://mithouses.webtrixia.com/wp-admin/admin.php?page=wc-settings&tab=site-visibility" "Mozilla/5.0 (Macintosh; Intel Mac OS X 10_15_7) AppleWebKit/537.36 (KHTML, like Gecko) Chrome/149.0.0.0 Safari/537.36"
93.94.140.42 - - [10/Jul/2026:22:12:35 +0300] "POST /wp-admin/admin-ajax.php?action=as_async_request_queue_runner&nonce=7488ea83c2 HTTP/1.1" 499 0 "-" "WordPress/7.0.1; https://mithouses.webtrixia.com"
93.94.140.42 - - [10/Jul/2026:22:12:35 +0300] "POST /wp-cron.php?doing_wp_cron=1783710755.5078539848327636718750 HTTP/1.1" 200 0 "-" "WordPress/7.0.1; https://mithouses.webtrixia.com"
87.126.220.31 - - [10/Jul/2026:22:12:35 +0300] "POST /wp-admin/admin-ajax.php HTTP/1.1" 200 58 "https://mithouses.webtrixia.com/wp-admin/nav-menus.php" "Mozilla/5.0 (Macintosh; Intel Mac OS X 10_15_7) AppleWebKit/537.36 (KHTML, like Gecko) Chrome/149.0.0.0 Safari/537.36"
93.94.140.42 - - [10/Jul/2026:22:12:40 +0300] "POST /wp-cron.php?doing_wp_cron=1783710760.2646420001983642578125 HTTP/1.1" 200 0 "-" "WordPress/7.0.1; https://mithouses.webtrixia.com"
87.126.220.31 - - [10/Jul/2026:22:12:49 +0300] "POST /wp-admin/admin-ajax.php HTTP/1.1" 200 58 "https://mithouses.webtrixia.com/wp-admin/admin.php?page=wc-settings&tab=site-visibility" "Mozilla/5.0 (Macintosh; Intel Mac OS X 10_15_7) AppleWebKit/537.36 (KHTML, like Gecko) Chrome/149.0.0.0 Safari/537.36"
93.94.140.42 - - [10/Jul/2026:22:14:36 +0300] "POST /wp-admin/admin-ajax.php?action=as_async_request_queue_runner&nonce=7488ea83c2 HTTP/1.1" 499 0 "-" "WordPress/7.0.1; https://mithouses.webtrixia.com"
93.94.140.42 - - [10/Jul/2026:22:14:36 +0300] "POST /wp-cron.php?doing_wp_cron=1783710876.5524559020996093750000 HTTP/1.1" 200 0 "-" "WordPress/7.0.1; https://mithouses.webtrixia.com"
87.126.220.31 - - [10/Jul/2026:22:14:36 +0300] "POST /wp-admin/admin-ajax.php HTTP/1.1" 200 58 "https://mithouses.webtrixia.com/wp-admin/nav-menus.php" "Mozilla/5.0 (Macintosh; Intel Mac OS X 10_15_7) AppleWebKit/537.36 (KHTML, like Gecko) Chrome/149.0.0.0 Safari/537.36"
93.94.140.42 - - [10/Jul/2026:22:14:41 +0300] "POST /wp-cron.php?doing_wp_cron=1783710881.2400350570678710937500 HTTP/1.1" 200 0 "-" "WordPress/7.0.1; https://mithouses.webtrixia.com"
87.126.220.31 - - [10/Jul/2026:22:14:50 +0300] "POST /wp-admin/admin-ajax.php HTTP/1.1" 200 58 "https://mithouses.webtrixia.com/wp-admin/admin.php?page=wc-settings&tab=site-visibility" "Mozilla/5.0 (Macintosh; Intel Mac OS X 10_15_7) AppleWebKit/537.36 (KHTML, like Gecko) Chrome/149.0.0.0 Safari/537.36"
93.94.140.42 - - [10/Jul/2026:22:16:37 +0300] "POST /wp-admin/admin-ajax.php?action=as_async_request_queue_runner&nonce=7488ea83c2 HTTP/1.1" 499 0 "-" "WordPress/7.0.1; https://mithouses.webtrixia.com"
93.94.140.42 - - [10/Jul/2026:22:16:37 +0300] "POST /wp-cron.php?doing_wp_cron=1783710997.6829240322113037109375 HTTP/1.1" 200 0 "-" "WordPress/7.0.1; https://mithouses.webtrixia.com"
87.126.220.31 - - [10/Jul/2026:22:16:37 +0300] "POST /wp-admin/admin-ajax.php HTTP/1.1" 200 58 "https://mithouses.webtrixia.com/wp-admin/nav-menus.php" "Mozilla/5.0 (Macintosh; Intel Mac OS X 10_15_7) AppleWebKit/537.36 (KHTML, like Gecko) Chrome/149.0.0.0 Safari/537.36"
87.126.220.31 - - [10/Jul/2026:22:16:51 +0300] "POST /wp-admin/admin-ajax.php HTTP/1.1" 200 58 "https://mithouses.webtrixia.com/wp-admin/admin.php?page=wc-settings&tab=site-visibility" "Mozilla/5.0 (Macintosh; Intel Mac OS X 10_15_7) AppleWebKit/537.36 (KHTML, like Gecko) Chrome/149.0.0.0 Safari/537.36"
93.94.140.42 - - [10/Jul/2026:22:18:38 +0300] "POST /wp-admin/admin-ajax.php?action=as_async_request_queue_runner&nonce=7488ea83c2 HTTP/1.1" 499 0 "-" "WordPress/7.0.1; https://mithouses.webtrixia.com"
93.94.140.42 - - [10/Jul/2026:22:18:38 +0300] "POST /wp-cron.php?doing_wp_cron=1783711118.5264399051666259765625 HTTP/1.1" 200 0 "-" "WordPress/7.0.1; https://mithouses.webtrixia.com"
87.126.220.31 - - [10/Jul/2026:22:18:38 +0300] "POST /wp-admin/admin-ajax.php HTTP/1.1" 200 58 "https://mithouses.webtrixia.com/wp-admin/nav-menus.php" "Mozilla/5.0 (Macintosh; Intel Mac OS X 10_15_7) AppleWebKit/537.36 (KHTML, like Gecko) Chrome/149.0.0.0 Safari/537.36"
87.126.220.31 - - [10/Jul/2026:22:18:52 +0300] "POST /wp-admin/admin-ajax.php HTTP/1.1" 200 58 "https://mithouses.webtrixia.com/wp-admin/admin.php?page=wc-settings&tab=site-visibility" "Mozilla/5.0 (Macintosh; Intel Mac OS X 10_15_7) AppleWebKit/537.36 (KHTML, like Gecko) Chrome/149.0.0.0 Safari/537.36"
93.94.140.42 - - [10/Jul/2026:22:20:39 +0300] "POST /wp-admin/admin-ajax.php?action=as_async_request_queue_runner&nonce=7488ea83c2 HTTP/1.1" 499 0 "-" "WordPress/7.0.1; https://mithouses.webtrixia.com"
93.94.140.42 - - [10/Jul/2026:22:20:39 +0300] "POST /wp-cron.php?doing_wp_cron=1783711239.5101718902587890625000 HTTP/1.1" 200 0 "-" "WordPress/7.0.1; https://mithouses.webtrixia.com"
87.126.220.31 - - [10/Jul/2026:22:20:39 +0300] "POST /wp-admin/admin-ajax.php HTTP/1.1" 200 58 "https://mithouses.webtrixia.com/wp-admin/nav-menus.php" "Mozilla/5.0 (Macintosh; Intel Mac OS X 10_15_7) AppleWebKit/537.36 (KHTML, like Gecko) Chrome/149.0.0.0 Safari/537.36"
87.126.220.31 - - [10/Jul/2026:22:20:53 +0300] "POST /wp-admin/admin-ajax.php HTTP/1.1" 200 58 "https://mithouses.webtrixia.com/wp-admin/admin.php?page=wc-settings&tab=site-visibility" "Mozilla/5.0 (Macintosh; Intel Mac OS X 10_15_7) AppleWebKit/537.36 (KHTML, like Gecko) Chrome/149.0.0.0 Safari/537.36"
93.94.140.42 - - [10/Jul/2026:22:22:40 +0300] "POST /wp-admin/admin-ajax.php?action=as_async_request_queue_runner&nonce=7488ea83c2 HTTP/1.1" 499 0 "-" "WordPress/7.0.1; https://mithouses.webtrixia.com"
93.94.140.42 - - [10/Jul/2026:22:22:40 +0300] "POST /wp-cron.php?doing_wp_cron=1783711360.7413508892059326171875 HTTP/1.1" 200 0 "-" "WordPress/7.0.1; https://mithouses.webtrixia.com"
87.126.220.31 - - [10/Jul/2026:22:22:40 +0300] "POST /wp-admin/admin-ajax.php HTTP/1.1" 200 58 "https://mithouses.webtrixia.com/wp-admin/nav-menus.php" "Mozilla/5.0 (Macintosh; Intel Mac OS X 10_15_7) AppleWebKit/537.36 (KHTML, like Gecko) Chrome/149.0.0.0 Safari/537.36"
93.94.140.42 - - [10/Jul/2026:22:22:45 +0300] "POST /wp-cron.php?doing_wp_cron=1783711365.7807719707489013671875 HTTP/1.1" 200 0 "-" "WordPress/7.0.1; https://mithouses.webtrixia.com"
93.94.140.42 - - [10/Jul/2026:22:22:54 +0300] "POST /wp-cron.php?doing_wp_cron=1783711374.5641279220581054687500 HTTP/1.1" 200 0 "-" "WordPress/7.0.1; https://mithouses.webtrixia.com"
87.126.220.31 - - [10/Jul/2026:22:22:54 +0300] "POST /wp-admin/admin-ajax.php HTTP/1.1" 200 58 "https://mithouses.webtrixia.com/wp-admin/admin.php?page=wc-settings&tab=site-visibility" "Mozilla/5.0 (Macintosh; Intel Mac OS X 10_15_7) AppleWebKit/537.36 (KHTML, like Gecko) Chrome/149.0.0.0 Safari/537.36"
93.94.140.42 - - [10/Jul/2026:22:24:41 +0300] "POST /wp-admin/admin-ajax.php?action=as_async_request_queue_runner&nonce=7488ea83c2 HTTP/1.1" 499 0 "-" "WordPress/7.0.1; https://mithouses.webtrixia.com"
93.94.140.42 - - [10/Jul/2026:22:24:41 +0300] "POST /wp-cron.php?doing_wp_cron=1783711481.4388489723205566406250 HTTP/1.1" 200 0 "-" "WordPress/7.0.1; https://mithouses.webtrixia.com"
87.126.220.31 - - [10/Jul/2026:22:24:41 +0300] "POST /wp-admin/admin-ajax.php HTTP/1.1" 200 58 "https://mithouses.webtrixia.com/wp-admin/nav-menus.php" "Mozilla/5.0 (Macintosh; Intel Mac OS X 10_15_7) AppleWebKit/537.36 (KHTML, like Gecko) Chrome/149.0.0.0 Safari/537.36"
87.126.220.31 - - [10/Jul/2026:22:24:55 +0300] "POST /wp-admin/admin-ajax.php HTTP/1.1" 200 58 "https://mithouses.webtrixia.com/wp-admin/admin.php?page=wc-settings&tab=site-visibility" "Mozilla/5.0 (Macintosh; Intel Mac OS X 10_15_7) AppleWebKit/537.36 (KHTML, like Gecko) Chrome/149.0.0.0 Safari/537.36"
93.94.140.42 - - [10/Jul/2026:22:26:42 +0300] "POST /wp-admin/admin-ajax.php?action=as_async_request_queue_runner&nonce=7488ea83c2 HTTP/1.1" 499 0 "-" "WordPress/7.0.1; https://mithouses.webtrixia.com"
93.94.140.42 - - [10/Jul/2026:22:26:42 +0300] "POST /wp-cron.php?doing_wp_cron=1783711602.4794239997863769531250 HTTP/1.1" 200 0 "-" "WordPress/7.0.1; https://mithouses.webtrixia.com"
87.126.220.31 - - [10/Jul/2026:22:26:42 +0300] "POST /wp-admin/admin-ajax.php HTTP/1.1" 200 58 "https://mithouses.webtrixia.com/wp-admin/nav-menus.php" "Mozilla/5.0 (Macintosh; Intel Mac OS X 10_15_7) AppleWebKit/537.36 (KHTML, like Gecko) Chrome/149.0.0.0 Safari/537.36"
87.126.220.31 - - [10/Jul/2026:22:26:56 +0300] "POST /wp-admin/admin-ajax.php HTTP/1.1" 200 58 "https://mithouses.webtrixia.com/wp-admin/admin.php?page=wc-settings&tab=site-visibility" "Mozilla/5.0 (Macintosh; Intel Mac OS X 10_15_7) AppleWebKit/537.36 (KHTML, like Gecko) Chrome/149.0.0.0 Safari/537.36"
93.94.140.42 - - [10/Jul/2026:22:28:40 +0300] "POST /wp-admin/admin-ajax.php?action=as_async_request_queue_runner&nonce=361d350f2e HTTP/1.1" 499 0 "-" "WordPress/7.0.1; https://mithouses.webtrixia.com"
93.94.140.42 - - [10/Jul/2026:22:28:40 +0300] "POST /wp-cron.php?doing_wp_cron=1783711720.4280259609222412109375 HTTP/1.1" 200 0 "-" "WordPress/7.0.1; https://mithouses.webtrixia.com"
87.126.220.31 - - [10/Jul/2026:22:28:40 +0300] "POST /wp-admin/admin-ajax.php HTTP/1.1" 200 58 "https://mithouses.webtrixia.com/wp-admin/post.php?post=119&action=edit" "Mozilla/5.0 (Macintosh; Intel Mac OS X 10_15_7) AppleWebKit/537.36 (KHTML, like Gecko) Chrome/150.0.0.0 Safari/537.36"
87.126.220.31 - - [10/Jul/2026:22:28:42 +0300] "POST /wp-admin/admin-ajax.php HTTP/1.1" 200 58 "https://mithouses.webtrixia.com/wp-admin/nav-menus.php" "Mozilla/5.0 (Macintosh; Intel Mac OS X 10_15_7) AppleWebKit/537.36 (KHTML, like Gecko) Chrome/149.0.0.0 Safari/537.36"
87.126.220.31 - - [10/Jul/2026:22:28:57 +0300] "POST /wp-admin/admin-ajax.php HTTP/1.1" 200 58 "https://mithouses.webtrixia.com/wp-admin/admin.php?page=wc-settings&tab=site-visibility" "Mozilla/5.0 (Macintosh; Intel Mac OS X 10_15_7) AppleWebKit/537.36 (KHTML, like Gecko) Chrome/149.0.0.0 Safari/537.36"
93.94.140.42 - - [10/Jul/2026:22:29:39 +0300] "POST /wp-cron.php?doing_wp_cron=1783711779.1390869617462158203125 HTTP/1.1" 200 0 "-" "WordPress/7.0.1; https://mithouses.webtrixia.com"
87.126.220.31 - - [10/Jul/2026:22:29:39 +0300] "POST /wp-admin/admin-ajax.php HTTP/1.1" 200 58 "https://mithouses.webtrixia.com/wp-admin/post.php?post=119&action=edit" "Mozilla/5.0 (Macintosh; Intel Mac OS X 10_15_7) AppleWebKit/537.36 (KHTML, like Gecko) Chrome/150.0.0.0 Safari/537.36"
93.94.140.42 - - [10/Jul/2026:22:30:40 +0300] "POST /wp-admin/admin-ajax.php?action=as_async_request_queue_runner&nonce=361d350f2e HTTP/1.1" 499 0 "-" "WordPress/7.0.1; https://mithouses.webtrixia.com"
93.94.140.42 - - [10/Jul/2026:22:30:40 +0300] "POST /wp-cron.php?doing_wp_cron=1783711840.1776158809661865234375 HTTP/1.1" 200 0 "-" "WordPress/7.0.1; https://mithouses.webtrixia.com"
87.126.220.31 - - [10/Jul/2026:22:30:40 +0300] "POST /wp-admin/admin-ajax.php HTTP/1.1" 200 58 "https://mithouses.webtrixia.com/wp-admin/post.php?post=119&action=edit" "Mozilla/5.0 (Macintosh; Intel Mac OS X 10_15_7) AppleWebKit/537.36 (KHTML, like Gecko) Chrome/150.0.0.0 Safari/537.36"
87.126.220.31 - - [10/Jul/2026:22:30:43 +0300] "POST /wp-admin/admin-ajax.php HTTP/1.1" 200 58 "https://mithouses.webtrixia.com/wp-admin/nav-menus.php" "Mozilla/5.0 (Macintosh; Intel Mac OS X 10_15_7) AppleWebKit/537.36 (KHTML, like Gecko) Chrome/149.0.0.0 Safari/537.36"
87.126.220.31 - - [10/Jul/2026:22:30:58 +0300] "POST /wp-admin/admin-ajax.php HTTP/1.1" 200 58 "https://mithouses.webtrixia.com/wp-admin/admin.php?page=wc-settings&tab=site-visibility" "Mozilla/5.0 (Macintosh; Intel Mac OS X 10_15_7) AppleWebKit/537.36 (KHTML, like Gecko) Chrome/149.0.0.0 Safari/537.36"
93.94.140.42 - - [10/Jul/2026:22:31:41 +0300] "POST /wp-admin/admin-ajax.php?action=as_async_request_queue_runner&nonce=361d350f2e HTTP/1.1" 499 0 "-" "WordPress/7.0.1; https://mithouses.webtrixia.com"
93.94.140.42 - - [10/Jul/2026:22:31:41 +0300] "POST /wp-cron.php?doing_wp_cron=1783711901.2147660255432128906250 HTTP/1.1" 200 0 "-" "WordPress/7.0.1; https://mithouses.webtrixia.com"
87.126.220.31 - - [10/Jul/2026:22:31:41 +0300] "POST /wp-admin/admin-ajax.php HTTP/1.1" 200 58 "https://mithouses.webtrixia.com/wp-admin/post.php?post=119&action=edit" "Mozilla/5.0 (Macintosh; Intel Mac OS X 10_15_7) AppleWebKit/537.36 (KHTML, like Gecko) Chrome/150.0.0.0 Safari/537.36"
93.94.140.42 - - [10/Jul/2026:22:32:45 +0300] "POST /wp-admin/admin-ajax.php?action=as_async_request_queue_runner&nonce=7488ea83c2 HTTP/1.1" 499 0 "-" "WordPress/7.0.1; https://mithouses.webtrixia.com"
93.94.140.42 - - [10/Jul/2026:22:32:45 +0300] "POST /wp-cron.php?doing_wp_cron=1783711965.5370249748229980468750 HTTP/1.1" 200 0 "-" "WordPress/7.0.1; https://mithouses.webtrixia.com"
87.126.220.31 - - [10/Jul/2026:22:32:45 +0300] "POST /wp-admin/admin-ajax.php HTTP/1.1" 200 58 "https://mithouses.webtrixia.com/wp-admin/nav-menus.php" "Mozilla/5.0 (Macintosh; Intel Mac OS X 10_15_7) AppleWebKit/537.36 (KHTML, like Gecko) Chrome/149.0.0.0 Safari/537.36"
87.126.220.31 - - [10/Jul/2026:22:32:59 +0300] "POST /wp-admin/admin-ajax.php HTTP/1.1" 200 58 "https://mithouses.webtrixia.com/wp-admin/admin.php?page=wc-settings&tab=site-visibility" "Mozilla/5.0 (Macintosh; Intel Mac OS X 10_15_7) AppleWebKit/537.36 (KHTML, like Gecko) Chrome/149.0.0.0 Safari/537.36"
93.94.140.42 - - [10/Jul/2026:22:33:41 +0300] "POST /wp-cron.php?doing_wp_cron=1783712021.1701850891113281250000 HTTP/1.1" 200 0 "-" "WordPress/7.0.1; https://mithouses.webtrixia.com"
87.126.220.31 - - [10/Jul/2026:22:33:41 +0300] "POST /wp-admin/admin-ajax.php HTTP/1.1" 200 58 "https://mithouses.webtrixia.com/wp-admin/post.php?post=119&action=edit" "Mozilla/5.0 (Macintosh; Intel Mac OS X 10_15_7) AppleWebKit/537.36 (KHTML, like Gecko) Chrome/150.0.0.0 Safari/537.36"
87.126.220.31 - - [10/Jul/2026:22:34:15 +0300] "POST /wp-admin/admin-ajax.php HTTP/1.1" 499 0 "https://mithouses.webtrixia.com/wp-admin/edit.php?post_type=product" "Mozilla/5.0 (Macintosh; Intel Mac OS X 10_15_7) AppleWebKit/537.36 (KHTML, like Gecko) Chrome/150.0.0.0 Safari/537.36"
93.94.140.42 - - [10/Jul/2026:22:34:16 +0300] "POST /wp-admin/admin-ajax.php?action=as_async_request_queue_runner&nonce=361d350f2e HTTP/1.1" 499 0 "-" "WordPress/7.0.1; https://mithouses.webtrixia.com"
87.126.220.31 - - [10/Jul/2026:22:34:16 +0300] "POST /wp-admin/admin-ajax.php HTTP/1.1" 200 11 "https://mithouses.webtrixia.com/wp-admin/post.php?post=119&action=edit" "Mozilla/5.0 (Macintosh; Intel Mac OS X 10_15_7) AppleWebKit/537.36 (KHTML, like Gecko) Chrome/150.0.0.0 Safari/537.36"
93.94.140.42 - - [10/Jul/2026:22:34:45 +0300] "POST /wp-cron.php?doing_wp_cron=1783712085.5790410041809082031250 HTTP/1.1" 200 0 "-" "WordPress/7.0.1; https://mithouses.webtrixia.com"
87.126.220.31 - - [10/Jul/2026:22:34:45 +0300] "POST /wp-admin/admin-ajax.php HTTP/1.1" 200 58 "https://mithouses.webtrixia.com/wp-admin/nav-menus.php" "Mozilla/5.0 (Macintosh; Intel Mac OS X 10_15_7) AppleWebKit/537.36 (KHTML, like Gecko) Chrome/149.0.0.0 Safari/537.36"
87.126.220.31 - - [10/Jul/2026:22:35:00 +0300] "POST /wp-admin/admin-ajax.php HTTP/1.1" 200 58 "https://mithouses.webtrixia.com/wp-admin/admin.php?page=wc-settings&tab=site-visibility" "Mozilla/5.0 (Macintosh; Intel Mac OS X 10_15_7) AppleWebKit/537.36 (KHTML, like Gecko) Chrome/149.0.0.0 Safari/537.36"
93.94.140.42 - - [10/Jul/2026:22:36:47 +0300] "POST /wp-admin/admin-ajax.php?action=as_async_request_queue_runner&nonce=7488ea83c2 HTTP/1.1" 499 0 "-" "WordPress/7.0.1; https://mithouses.webtrixia.com"
93.94.140.42 - - [10/Jul/2026:22:36:47 +0300] "POST /wp-cron.php?doing_wp_cron=1783712207.6418030261993408203125 HTTP/1.1" 200 0 "-" "WordPress/7.0.1; https://mithouses.webtrixia.com"
87.126.220.31 - - [10/Jul/2026:22:36:47 +0300] "POST /wp-admin/admin-ajax.php HTTP/1.1" 200 58 "https://mithouses.webtrixia.com/wp-admin/nav-menus.php" "Mozilla/5.0 (Macintosh; Intel Mac OS X 10_15_7) AppleWebKit/537.36 (KHTML, like Gecko) Chrome/149.0.0.0 Safari/537.36"
87.126.220.31 - - [10/Jul/2026:22:37:01 +0300] "POST /wp-admin/admin-ajax.php HTTP/1.1" 200 58 "https://mithouses.webtrixia.com/wp-admin/admin.php?page=wc-settings&tab=site-visibility" "Mozilla/5.0 (Macintosh; Intel Mac OS X 10_15_7) AppleWebKit/537.36 (KHTML, like Gecko) Chrome/149.0.0.0 Safari/537.36"
93.94.140.42 - - [10/Jul/2026:22:38:48 +0300] "POST /wp-admin/admin-ajax.php?action=as_async_request_queue_runner&nonce=7488ea83c2 HTTP/1.1" 499 0 "-" "WordPress/7.0.1; https://mithouses.webtrixia.com"
93.94.140.42 - - [10/Jul/2026:22:38:48 +0300] "POST /wp-cron.php?doing_wp_cron=1783712328.4184830188751220703125 HTTP/1.1" 200 0 "-" "WordPress/7.0.1; https://mithouses.webtrixia.com"
87.126.220.31 - - [10/Jul/2026:22:38:48 +0300] "POST /wp-admin/admin-ajax.php HTTP/1.1" 200 58 "https://mithouses.webtrixia.com/wp-admin/nav-menus.php" "Mozilla/5.0 (Macintosh; Intel Mac OS X 10_15_7) AppleWebKit/537.36 (KHTML, like Gecko) Chrome/149.0.0.0 Safari/537.36"
87.126.220.31 - - [10/Jul/2026:22:39:02 +0300] "POST /wp-admin/admin-ajax.php HTTP/1.1" 200 58 "https://mithouses.webtrixia.com/wp-admin/admin.php?page=wc-settings&tab=site-visibility" "Mozilla/5.0 (Macintosh; Intel Mac OS X 10_15_7) AppleWebKit/537.36 (KHTML, like Gecko) Chrome/149.0.0.0 Safari/537.36"
93.94.140.42 - - [10/Jul/2026:22:40:48 +0300] "POST /wp-admin/admin-ajax.php?action=as_async_request_queue_runner&nonce=7488ea83c2 HTTP/1.1" 499 0 "-" "WordPress/7.0.1; https://mithouses.webtrixia.com"
93.94.140.42 - - [10/Jul/2026:22:40:48 +0300] "POST /wp-cron.php?doing_wp_cron=1783712448.7777049541473388671875 HTTP/1.1" 200 0 "-" "WordPress/7.0.1; https://mithouses.webtrixia.com"
87.126.220.31 - - [10/Jul/2026:22:40:48 +0300] "POST /wp-admin/admin-ajax.php HTTP/1.1" 200 58 "https://mithouses.webtrixia.com/wp-admin/nav-menus.php" "Mozilla/5.0 (Macintosh; Intel Mac OS X 10_15_7) AppleWebKit/537.36 (KHTML, like Gecko) Chrome/149.0.0.0 Safari/537.36"
87.126.220.31 - - [10/Jul/2026:22:41:03 +0300] "POST /wp-admin/admin-ajax.php HTTP/1.1" 200 58 "https://mithouses.webtrixia.com/wp-admin/admin.php?page=wc-settings&tab=site-visibility" "Mozilla/5.0 (Macintosh; Intel Mac OS X 10_15_7) AppleWebKit/537.36 (KHTML, like Gecko) Chrome/149.0.0.0 Safari/537.36"
93.94.140.42 - - [10/Jul/2026:22:42:49 +0300] "POST /wp-admin/admin-ajax.php?action=as_async_request_queue_runner&nonce=7488ea83c2 HTTP/1.1" 499 0 "-" "WordPress/7.0.1; https://mithouses.webtrixia.com"
93.94.140.42 - - [10/Jul/2026:22:42:49 +0300] "POST /wp-cron.php?doing_wp_cron=1783712569.4683539867401123046875 HTTP/1.1" 200 0 "-" "WordPress/7.0.1; https://mithouses.webtrixia.com"
87.126.220.31 - - [10/Jul/2026:22:42:49 +0300] "POST /wp-admin/admin-ajax.php HTTP/1.1" 200 58 "https://mithouses.webtrixia.com/wp-admin/nav-menus.php" "Mozilla/5.0 (Macintosh; Intel Mac OS X 10_15_7) AppleWebKit/537.36 (KHTML, like Gecko) Chrome/149.0.0.0 Safari/537.36"
87.126.220.31 - - [10/Jul/2026:22:43:04 +0300] "POST /wp-admin/admin-ajax.php HTTP/1.1" 200 58 "https://mithouses.webtrixia.com/wp-admin/admin.php?page=wc-settings&tab=site-visibility" "Mozilla/5.0 (Macintosh; Intel Mac OS X 10_15_7) AppleWebKit/537.36 (KHTML, like Gecko) Chrome/149.0.0.0 Safari/537.36"
93.94.140.42 - - [10/Jul/2026:22:44:50 +0300] "POST /wp-admin/admin-ajax.php?action=as_async_request_queue_runner&nonce=7488ea83c2 HTTP/1.1" 499 0 "-" "WordPress/7.0.1; https://mithouses.webtrixia.com"
93.94.140.42 - - [10/Jul/2026:22:44:50 +0300] "POST /wp-cron.php?doing_wp_cron=1783712690.7941958904266357421875 HTTP/1.1" 200 0 "-" "WordPress/7.0.1; https://mithouses.webtrixia.com"
87.126.220.31 - - [10/Jul/2026:22:44:50 +0300] "POST /wp-admin/admin-ajax.php HTTP/1.1" 200 58 "https://mithouses.webtrixia.com/wp-admin/nav-menus.php" "Mozilla/5.0 (Macintosh; Intel Mac OS X 10_15_7) AppleWebKit/537.36 (KHTML, like Gecko) Chrome/149.0.0.0 Safari/537.36"
87.126.220.31 - - [10/Jul/2026:22:45:05 +0300] "POST /wp-admin/admin-ajax.php HTTP/1.1" 200 58 "https://mithouses.webtrixia.com/wp-admin/admin.php?page=wc-settings&tab=site-visibility" "Mozilla/5.0 (Macintosh; Intel Mac OS X 10_15_7) AppleWebKit/537.36 (KHTML, like Gecko) Chrome/149.0.0.0 Safari/537.36"
93.94.140.42 - - [10/Jul/2026:22:46:51 +0300] "POST /wp-admin/admin-ajax.php?action=as_async_request_queue_runner&nonce=7488ea83c2 HTTP/1.1" 499 0 "-" "WordPress/7.0.1; https://mithouses.webtrixia.com"
93.94.140.42 - - [10/Jul/2026:22:46:51 +0300] "POST /wp-cron.php?doing_wp_cron=1783712811.6067359447479248046875 HTTP/1.1" 200 0 "-" "WordPress/7.0.1; https://mithouses.webtrixia.com"
87.126.220.31 - - [10/Jul/2026:22:46:51 +0300] "POST /wp-admin/admin-ajax.php HTTP/1.1" 200 58 "https://mithouses.webtrixia.com/wp-admin/nav-menus.php" "Mozilla/5.0 (Macintosh; Intel Mac OS X 10_15_7) AppleWebKit/537.36 (KHTML, like Gecko) Chrome/149.0.0.0 Safari/537.36"
87.126.220.31 - - [10/Jul/2026:22:47:06 +0300] "POST /wp-admin/admin-ajax.php HTTP/1.1" 200 58 "https://mithouses.webtrixia.com/wp-admin/admin.php?page=wc-settings&tab=site-visibility" "Mozilla/5.0 (Macintosh; Intel Mac OS X 10_15_7) AppleWebKit/537.36 (KHTML, like Gecko) Chrome/149.0.0.0 Safari/537.36"
93.94.140.42 - - [10/Jul/2026:22:48:52 +0300] "POST /wp-admin/admin-ajax.php?action=as_async_request_queue_runner&nonce=7488ea83c2 HTTP/1.1" 499 0 "-" "WordPress/7.0.1; https://mithouses.webtrixia.com"
93.94.140.42 - - [10/Jul/2026:22:48:52 +0300] "POST /wp-cron.php?doing_wp_cron=1783712932.5205829143524169921875 HTTP/1.1" 200 0 "-" "WordPress/7.0.1; https://mithouses.webtrixia.com"
87.126.220.31 - - [10/Jul/2026:22:48:52 +0300] "POST /wp-admin/admin-ajax.php HTTP/1.1" 200 58 "https://mithouses.webtrixia.com/wp-admin/nav-menus.php" "Mozilla/5.0 (Macintosh; Intel Mac OS X 10_15_7) AppleWebKit/537.36 (KHTML, like Gecko) Chrome/149.0.0.0 Safari/537.36"
87.126.220.31 - - [10/Jul/2026:22:49:07 +0300] "POST /wp-admin/admin-ajax.php HTTP/1.1" 200 58 "https://mithouses.webtrixia.com/wp-admin/admin.php?page=wc-settings&tab=site-visibility" "Mozilla/5.0 (Macintosh; Intel Mac OS X 10_15_7) AppleWebKit/537.36 (KHTML, like Gecko) Chrome/149.0.0.0 Safari/537.36"
93.94.140.42 - - [10/Jul/2026:22:50:53 +0300] "POST /wp-admin/admin-ajax.php?action=as_async_request_queue_runner&nonce=7488ea83c2 HTTP/1.1" 499 0 "-" "WordPress/7.0.1; https://mithouses.webtrixia.com"
93.94.140.42 - - [10/Jul/2026:22:50:53 +0300] "POST /wp-cron.php?doing_wp_cron=1783713053.5012750625610351562500 HTTP/1.1" 200 0 "-" "WordPress/7.0.1; https://mithouses.webtrixia.com"
87.126.220.31 - - [10/Jul/2026:22:50:53 +0300] "POST /wp-admin/admin-ajax.php HTTP/1.1" 200 58 "https://mithouses.webtrixia.com/wp-admin/nav-menus.php" "Mozilla/5.0 (Macintosh; Intel Mac OS X 10_15_7) AppleWebKit/537.36 (KHTML, like Gecko) Chrome/149.0.0.0 Safari/537.36"
87.126.220.31 - - [10/Jul/2026:22:51:08 +0300] "POST /wp-admin/admin-ajax.php HTTP/1.1" 200 58 "https://mithouses.webtrixia.com/wp-admin/admin.php?page=wc-settings&tab=site-visibility" "Mozilla/5.0 (Macintosh; Intel Mac OS X 10_15_7) AppleWebKit/537.36 (KHTML, like Gecko) Chrome/149.0.0.0 Safari/537.36"
93.94.140.42 - - [10/Jul/2026:22:52:54 +0300] "POST /wp-admin/admin-ajax.php?action=as_async_request_queue_runner&nonce=7488ea83c2 HTTP/1.1" 499 0 "-" "WordPress/7.0.1; https://mithouses.webtrixia.com"
93.94.140.42 - - [10/Jul/2026:22:52:54 +0300] "POST /wp-cron.php?doing_wp_cron=1783713174.6537001132965087890625 HTTP/1.1" 200 0 "-" "WordPress/7.0.1; https://mithouses.webtrixia.com"
87.126.220.31 - - [10/Jul/2026:22:52:54 +0300] "POST /wp-admin/admin-ajax.php HTTP/1.1" 200 58 "https://mithouses.webtrixia.com/wp-admin/nav-menus.php" "Mozilla/5.0 (Macintosh; Intel Mac OS X 10_15_7) AppleWebKit/537.36 (KHTML, like Gecko) Chrome/149.0.0.0 Safari/537.36"
87.126.220.31 - - [10/Jul/2026:22:53:09 +0300] "POST /wp-admin/admin-ajax.php HTTP/1.1" 200 58 "https://mithouses.webtrixia.com/wp-admin/admin.php?page=wc-settings&tab=site-visibility" "Mozilla/5.0 (Macintosh; Intel Mac OS X 10_15_7) AppleWebKit/537.36 (KHTML, like Gecko) Chrome/149.0.0.0 Safari/537.36"
93.94.140.42 - - [10/Jul/2026:22:54:55 +0300] "POST /wp-admin/admin-ajax.php?action=as_async_request_queue_runner&nonce=7488ea83c2 HTTP/1.1" 499 0 "-" "WordPress/7.0.1; https://mithouses.webtrixia.com"
93.94.140.42 - - [10/Jul/2026:22:54:55 +0300] "POST /wp-cron.php?doing_wp_cron=1783713295.6108520030975341796875 HTTP/1.1" 200 0 "-" "WordPress/7.0.1; https://mithouses.webtrixia.com"
87.126.220.31 - - [10/Jul/2026:22:54:55 +0300] "POST /wp-admin/admin-ajax.php HTTP/1.1" 200 58 "https://mithouses.webtrixia.com/wp-admin/nav-menus.php" "Mozilla/5.0 (Macintosh; Intel Mac OS X 10_15_7) AppleWebKit/537.36 (KHTML, like Gecko) Chrome/149.0.0.0 Safari/537.36"
87.126.220.31 - - [10/Jul/2026:22:55:10 +0300] "POST /wp-admin/admin-ajax.php HTTP/1.1" 200 58 "https://mithouses.webtrixia.com/wp-admin/admin.php?page=wc-settings&tab=site-visibility" "Mozilla/5.0 (Macintosh; Intel Mac OS X 10_15_7) AppleWebKit/537.36 (KHTML, like Gecko) Chrome/149.0.0.0 Safari/537.36"
93.94.140.42 - - [10/Jul/2026:22:56:56 +0300] "POST /wp-admin/admin-ajax.php?action=as_async_request_queue_runner&nonce=7488ea83c2 HTTP/1.1" 499 0 "-" "WordPress/7.0.1; https://mithouses.webtrixia.com"
93.94.140.42 - - [10/Jul/2026:22:56:56 +0300] "POST /wp-cron.php?doing_wp_cron=1783713416.3742160797119140625000 HTTP/1.1" 200 0 "-" "WordPress/7.0.1; https://mithouses.webtrixia.com"
87.126.220.31 - - [10/Jul/2026:22:56:56 +0300] "POST /wp-admin/admin-ajax.php HTTP/1.1" 200 58 "https://mithouses.webtrixia.com/wp-admin/nav-menus.php" "Mozilla/5.0 (Macintosh; Intel Mac OS X 10_15_7) AppleWebKit/537.36 (KHTML, like Gecko) Chrome/149.0.0.0 Safari/537.36"
87.126.220.31 - - [10/Jul/2026:22:57:11 +0300] "POST /wp-admin/admin-ajax.php HTTP/1.1" 200 58 "https://mithouses.webtrixia.com/wp-admin/admin.php?page=wc-settings&tab=site-visibility" "Mozilla/5.0 (Macintosh; Intel Mac OS X 10_15_7) AppleWebKit/537.36 (KHTML, like Gecko) Chrome/149.0.0.0 Safari/537.36"
93.94.140.42 - - [10/Jul/2026:22:58:57 +0300] "POST /wp-admin/admin-ajax.php?action=as_async_request_queue_runner&nonce=7488ea83c2 HTTP/1.1" 499 0 "-" "WordPress/7.0.1; https://mithouses.webtrixia.com"
93.94.140.42 - - [10/Jul/2026:22:58:57 +0300] "POST /wp-cron.php?doing_wp_cron=1783713537.4137270450592041015625 HTTP/1.1" 200 0 "-" "WordPress/7.0.1; https://mithouses.webtrixia.com"
87.126.220.31 - - [10/Jul/2026:22:58:57 +0300] "POST /wp-admin/admin-ajax.php HTTP/1.1" 200 58 "https://mithouses.webtrixia.com/wp-admin/nav-menus.php" "Mozilla/5.0 (Macintosh; Intel Mac OS X 10_15_7) AppleWebKit/537.36 (KHTML, like Gecko) Chrome/149.0.0.0 Safari/537.36"
87.126.220.31 - - [10/Jul/2026:22:59:12 +0300] "POST /wp-admin/admin-ajax.php HTTP/1.1" 200 58 "https://mithouses.webtrixia.com/wp-admin/admin.php?page=wc-settings&tab=site-visibility" "Mozilla/5.0 (Macintosh; Intel Mac OS X 10_15_7) AppleWebKit/537.36 (KHTML, like Gecko) Chrome/149.0.0.0 Safari/537.36"
93.94.140.42 - - [10/Jul/2026:23:00:58 +0300] "POST /wp-admin/admin-ajax.php?action=as_async_request_queue_runner&nonce=7488ea83c2 HTTP/1.1" 499 0 "-" "WordPress/7.0.1; https://mithouses.webtrixia.com"
93.94.140.42 - - [10/Jul/2026:23:00:58 +0300] "POST /wp-cron.php?doing_wp_cron=1783713658.3820779323577880859375 HTTP/1.1" 200 0 "-" "WordPress/7.0.1; https://mithouses.webtrixia.com"
87.126.220.31 - - [10/Jul/2026:23:00:58 +0300] "POST /wp-admin/admin-ajax.php HTTP/1.1" 200 58 "https://mithouses.webtrixia.com/wp-admin/nav-menus.php" "Mozilla/5.0 (Macintosh; Intel Mac OS X 10_15_7) AppleWebKit/537.36 (KHTML, like Gecko) Chrome/149.0.0.0 Safari/537.36"
87.126.220.31 - - [10/Jul/2026:23:01:13 +0300] "POST /wp-admin/admin-ajax.php HTTP/1.1" 200 58 "https://mithouses.webtrixia.com/wp-admin/admin.php?page=wc-settings&tab=site-visibility" "Mozilla/5.0 (Macintosh; Intel Mac OS X 10_15_7) AppleWebKit/537.36 (KHTML, like Gecko) Chrome/149.0.0.0 Safari/537.36"
93.94.140.42 - - [10/Jul/2026:23:02:59 +0300] "POST /wp-admin/admin-ajax.php?action=as_async_request_queue_runner&nonce=7488ea83c2 HTTP/1.1" 499 0 "-" "WordPress/7.0.1; https://mithouses.webtrixia.com"
93.94.140.42 - - [10/Jul/2026:23:02:59 +0300] "POST /wp-cron.php?doing_wp_cron=1783713779.4698300361633300781250 HTTP/1.1" 200 0 "-" "WordPress/7.0.1; https://mithouses.webtrixia.com"
87.126.220.31 - - [10/Jul/2026:23:02:59 +0300] "POST /wp-admin/admin-ajax.php HTTP/1.1" 200 58 "https://mithouses.webtrixia.com/wp-admin/nav-menus.php" "Mozilla/5.0 (Macintosh; Intel Mac OS X 10_15_7) AppleWebKit/537.36 (KHTML, like Gecko) Chrome/149.0.0.0 Safari/537.36"
87.126.220.31 - - [10/Jul/2026:23:03:14 +0300] "POST /wp-admin/admin-ajax.php HTTP/1.1" 200 58 "https://mithouses.webtrixia.com/wp-admin/admin.php?page=wc-settings&tab=site-visibility" "Mozilla/5.0 (Macintosh; Intel Mac OS X 10_15_7) AppleWebKit/537.36 (KHTML, like Gecko) Chrome/149.0.0.0 Safari/537.36"
93.94.140.42 - - [10/Jul/2026:23:05:00 +0300] "POST /wp-admin/admin-ajax.php?action=as_async_request_queue_runner&nonce=7488ea83c2 HTTP/1.1" 499 0 "-" "WordPress/7.0.1; https://mithouses.webtrixia.com"
93.94.140.42 - - [10/Jul/2026:23:05:00 +0300] "POST /wp-cron.php?doing_wp_cron=1783713900.4316010475158691406250 HTTP/1.1" 200 0 "-" "WordPress/7.0.1; https://mithouses.webtrixia.com"
87.126.220.31 - - [10/Jul/2026:23:05:00 +0300] "POST /wp-admin/admin-ajax.php HTTP/1.1" 200 58 "https://mithouses.webtrixia.com/wp-admin/nav-menus.php" "Mozilla/5.0 (Macintosh; Intel Mac OS X 10_15_7) AppleWebKit/537.36 (KHTML, like Gecko) Chrome/149.0.0.0 Safari/537.36"
87.126.220.31 - - [10/Jul/2026:23:05:15 +0300] "POST /wp-admin/admin-ajax.php HTTP/1.1" 200 58 "https://mithouses.webtrixia.com/wp-admin/admin.php?page=wc-settings&tab=site-visibility" "Mozilla/5.0 (Macintosh; Intel Mac OS X 10_15_7) AppleWebKit/537.36 (KHTML, like Gecko) Chrome/149.0.0.0 Safari/537.36"
93.94.140.42 - - [10/Jul/2026:23:07:01 +0300] "POST /wp-admin/admin-ajax.php?action=as_async_request_queue_runner&nonce=7488ea83c2 HTTP/1.1" 499 0 "-" "WordPress/7.0.1; https://mithouses.webtrixia.com"
93.94.140.42 - - [10/Jul/2026:23:07:01 +0300] "POST /wp-cron.php?doing_wp_cron=1783714021.4044029712677001953125 HTTP/1.1" 200 0 "-" "WordPress/7.0.1; https://mithouses.webtrixia.com"
87.126.220.31 - - [10/Jul/2026:23:07:01 +0300] "POST /wp-admin/admin-ajax.php HTTP/1.1" 200 58 "https://mithouses.webtrixia.com/wp-admin/nav-menus.php" "Mozilla/5.0 (Macintosh; Intel Mac OS X 10_15_7) AppleWebKit/537.36 (KHTML, like Gecko) Chrome/149.0.0.0 Safari/537.36"
87.126.220.31 - - [10/Jul/2026:23:07:16 +0300] "POST /wp-admin/admin-ajax.php HTTP/1.1" 200 58 "https://mithouses.webtrixia.com/wp-admin/admin.php?page=wc-settings&tab=site-visibility" "Mozilla/5.0 (Macintosh; Intel Mac OS X 10_15_7) AppleWebKit/537.36 (KHTML, like Gecko) Chrome/149.0.0.0 Safari/537.36"
93.94.140.42 - - [10/Jul/2026:23:09:02 +0300] "POST /wp-admin/admin-ajax.php?action=as_async_request_queue_runner&nonce=7488ea83c2 HTTP/1.1" 499 0 "-" "WordPress/7.0.1; https://mithouses.webtrixia.com"
93.94.140.42 - - [10/Jul/2026:23:09:02 +0300] "POST /wp-cron.php?doing_wp_cron=1783714142.4170839786529541015625 HTTP/1.1" 200 0 "-" "WordPress/7.0.1; https://mithouses.webtrixia.com"
87.126.220.31 - - [10/Jul/2026:23:09:02 +0300] "POST /wp-admin/admin-ajax.php HTTP/1.1" 200 58 "https://mithouses.webtrixia.com/wp-admin/nav-menus.php" "Mozilla/5.0 (Macintosh; Intel Mac OS X 10_15_7) AppleWebKit/537.36 (KHTML, like Gecko) Chrome/149.0.0.0 Safari/537.36"
87.126.220.31 - - [10/Jul/2026:23:09:17 +0300] "POST /wp-admin/admin-ajax.php HTTP/1.1" 200 58 "https://mithouses.webtrixia.com/wp-admin/admin.php?page=wc-settings&tab=site-visibility" "Mozilla/5.0 (Macintosh; Intel Mac OS X 10_15_7) AppleWebKit/537.36 (KHTML, like Gecko) Chrome/149.0.0.0 Safari/537.36"
93.94.140.42 - - [10/Jul/2026:23:11:03 +0300] "POST /wp-admin/admin-ajax.php?action=as_async_request_queue_runner&nonce=7488ea83c2 HTTP/1.1" 499 0 "-" "WordPress/7.0.1; https://mithouses.webtrixia.com"
93.94.140.42 - - [10/Jul/2026:23:11:03 +0300] "POST /wp-cron.php?doing_wp_cron=1783714263.3315300941467285156250 HTTP/1.1" 200 0 "-" "WordPress/7.0.1; https://mithouses.webtrixia.com"
87.126.220.31 - - [10/Jul/2026:23:11:03 +0300] "POST /wp-admin/admin-ajax.php HTTP/1.1" 200 58 "https://mithouses.webtrixia.com/wp-admin/nav-menus.php" "Mozilla/5.0 (Macintosh; Intel Mac OS X 10_15_7) AppleWebKit/537.36 (KHTML, like Gecko) Chrome/149.0.0.0 Safari/537.36"
87.126.220.31 - - [10/Jul/2026:23:11:18 +0300] "POST /wp-admin/admin-ajax.php HTTP/1.1" 200 58 "https://mithouses.webtrixia.com/wp-admin/admin.php?page=wc-settings&tab=site-visibility" "Mozilla/5.0 (Macintosh; Intel Mac OS X 10_15_7) AppleWebKit/537.36 (KHTML, like Gecko) Chrome/149.0.0.0 Safari/537.36"
93.94.140.42 - - [10/Jul/2026:23:13:09 +0300] "POST /wp-admin/admin-ajax.php?action=as_async_request_queue_runner&nonce=7488ea83c2 HTTP/1.1" 499 0 "-" "WordPress/7.0.1; https://mithouses.webtrixia.com"
93.94.140.42 - - [10/Jul/2026:23:13:09 +0300] "POST /wp-cron.php?doing_wp_cron=1783714389.8257730007171630859375 HTTP/1.1" 200 0 "-" "WordPress/7.0.1; https://mithouses.webtrixia.com"
87.126.220.31 - - [10/Jul/2026:23:13:09 +0300] "POST /wp-admin/admin-ajax.php HTTP/1.1" 200 58 "https://mithouses.webtrixia.com/wp-admin/nav-menus.php" "Mozilla/5.0 (Macintosh; Intel Mac OS X 10_15_7) AppleWebKit/537.36 (KHTML, like Gecko) Chrome/149.0.0.0 Safari/537.36"
87.126.220.31 - - [10/Jul/2026:23:13:21 +0300] "POST /wp-admin/admin-ajax.php HTTP/1.1" 200 58 "https://mithouses.webtrixia.com/wp-admin/admin.php?page=wc-settings&tab=site-visibility" "Mozilla/5.0 (Macintosh; Intel Mac OS X 10_15_7) AppleWebKit/537.36 (KHTML, like Gecko) Chrome/149.0.0.0 Safari/537.36"
87.126.220.31 - - [10/Jul/2026:23:14:51 +0300] "GET /wp-content/plugins/elementor-pro/assets/js/frontend.min.js?ver=4.1.2 HTTP/1.1" 304 0 "-" "Mozilla/5.0 (Macintosh; Intel Mac OS X 10_15_7) AppleWebKit/537.36 (KHTML, like Gecko) Chrome/149.0.0.0 Safari/537.36"
87.126.220.31 - - [10/Jul/2026:23:14:51 +0300] "GET /wp-content/plugins/elementor-pro/assets/js/webpack-pro.runtime.min.js?ver=4.1.2 HTTP/1.1" 304 0 "-" "Mozilla/5.0 (Macintosh; Intel Mac OS X 10_15_7) AppleWebKit/537.36 (KHTML, like Gecko) Chrome/149.0.0.0 Safari/537.36"
87.126.220.31 - - [10/Jul/2026:23:14:51 +0300] "GET /wp-content/plugins/elementor-pro/assets/js/notes/notes.min.js?ver=4.1.2 HTTP/1.1" 304 0 "-" "Mozilla/5.0 (Macintosh; Intel Mac OS X 10_15_7) AppleWebKit/537.36 (KHTML, like Gecko) Chrome/149.0.0.0 Safari/537.36"
87.126.220.31 - - [10/Jul/2026:23:14:51 +0300] "GET /wp-content/plugins/elementor-pro/assets/js/elements-handlers.min.js?ver=4.1.2 HTTP/1.1" 304 0 "-" "Mozilla/5.0 (Macintosh; Intel Mac OS X 10_15_7) AppleWebKit/537.36 (KHTML, like Gecko) Chrome/149.0.0.0 Safari/537.36"
87.126.220.31 - - [10/Jul/2026:23:14:51 +0300] "GET /wp-content/plugins/elementor-pro/assets/js/notes/notes-app-initiator.min.js?ver=4.1.2 HTTP/1.1" 304 0 "-" "Mozilla/5.0 (Macintosh; Intel Mac OS X 10_15_7) AppleWebKit/537.36 (KHTML, like Gecko) Chrome/149.0.0.0 Safari/537.36"
87.126.220.31 - - [10/Jul/2026:23:14:51 +0300] "GET /wp-content/plugins/elementor/assets/js/common.min.js?ver=4.1.4 HTTP/1.1" 200 539794 "-" "Mozilla/5.0 (Macintosh; Intel Mac OS X 10_15_7) AppleWebKit/537.36 (KHTML, like Gecko) Chrome/149.0.0.0 Safari/537.36"
87.126.220.31 - - [10/Jul/2026:23:14:52 +0300] "GET /wp-content/plugins/elementor-pro/assets/js/editor.min.js?ver=4.1.2 HTTP/1.1" 304 0 "-" "Mozilla/5.0 (Macintosh; Intel Mac OS X 10_15_7) AppleWebKit/537.36 (KHTML, like Gecko) Chrome/149.0.0.0 Safari/537.36"
87.126.220.31 - - [10/Jul/2026:23:14:52 +0300] "GET /wp-includes/js/dist/date.min.js?ver=c9f8e7dd3232716f34e9 HTTP/1.1" 304 0 "-" "Mozilla/5.0 (Macintosh; Intel Mac OS X 10_15_7) AppleWebKit/537.36 (KHTML, like Gecko) Chrome/149.0.0.0 Safari/537.36"
87.126.220.31 - - [10/Jul/2026:23:14:52 +0300] "GET /wp-content/plugins/elementor/assets/js/packages/icons/icons.min.js?ver=4.1.4 HTTP/1.1" 200 602786 "-" "Mozilla/5.0 (Macintosh; Intel Mac OS X 10_15_7) AppleWebKit/537.36 (KHTML, like Gecko) Chrome/149.0.0.0 Safari/537.36"
87.126.220.31 - - [10/Jul/2026:23:14:52 +0300] "GET /wp-content/plugins/elementor/assets/js/ai.min.js?ver=4.1.4 HTTP/1.1" 200 657699 "-" "Mozilla/5.0 (Macintosh; Intel Mac OS X 10_15_7) AppleWebKit/537.36 (KHTML, like Gecko) Chrome/149.0.0.0 Safari/537.36"
87.126.220.31 - - [10/Jul/2026:23:14:52 +0300] "GET /wp-content/plugins/elementor/assets/js/packages/editor-controls/editor-controls.min.js?ver=4.1.4 HTTP/1.1" 200 610486 "-" "Mozilla/5.0 (Macintosh; Intel Mac OS X 10_15_7) AppleWebKit/537.36 (KHTML, like Gecko) Chrome/149.0.0.0 Safari/537.36"
87.126.220.31 - - [10/Jul/2026:23:14:52 +0300] "GET /wp-content/plugins/elementor/assets/js/packages/ui/ui.min.js?ver=4.1.4 HTTP/1.1" 200 917153 "-" "Mozilla/5.0 (Macintosh; Intel Mac OS X 10_15_7) AppleWebKit/537.36 (KHTML, like Gecko) Chrome/149.0.0.0 Safari/537.36"
87.126.220.31 - - [10/Jul/2026:23:14:52 +0300] "GET /wp-includes/js/media-grid.min.js?ver=7.0.1 HTTP/1.1" 304 0 "-" "Mozilla/5.0 (Macintosh; Intel Mac OS X 10_15_7) AppleWebKit/537.36 (KHTML, like Gecko) Chrome/149.0.0.0 Safari/537.36"
87.126.220.31 - - [10/Jul/2026:23:14:52 +0300] "GET /wp-content/plugins/elementor/assets/js/ai-media-library.min.js?ver=4.1.4 HTTP/1.1" 200 633675 "-" "Mozilla/5.0 (Macintosh; Intel Mac OS X 10_15_7) AppleWebKit/537.36 (KHTML, like Gecko) Chrome/149.0.0.0 Safari/537.36"
87.126.220.31 - - [10/Jul/2026:23:14:52 +0300] "GET /wp-content/plugins/elementor-pro/assets/js/display-conditions.min.js?ver=4.1.2 HTTP/1.1" 304 0 "-" "Mozilla/5.0 (Macintosh; Intel Mac OS X 10_15_7) AppleWebKit/537.36 (KHTML, like Gecko) Chrome/149.0.0.0 Safari/537.36"
87.126.220.31 - - [10/Jul/2026:23:14:52 +0300] "GET /wp-content/plugins/elementor/assets/js/packages/twing/twing.min.js?ver=4.1.4 HTTP/1.1" 200 753067 "-" "Mozilla/5.0 (Macintosh; Intel Mac OS X 10_15_7) AppleWebKit/537.36 (KHTML, like Gecko) Chrome/149.0.0.0 Safari/537.36"
87.126.220.31 - - [10/Jul/2026:23:14:52 +0300] "GET /wp-content/plugins/elementor-pro/assets/js/packages/editor-site-navigation-extended/editor-site-navigation-extended.min.js?ver=4.1.2 HTTP/1.1" 304 0 "-" "Mozilla/5.0 (Macintosh; Intel Mac OS X 10_15_7) AppleWebKit/537.36 (KHTML, like Gecko) Chrome/149.0.0.0 Safari/537.36"
87.126.220.31 - - [10/Jul/2026:23:14:52 +0300] "GET /wp-content/plugins/elementor-pro/assets/js/packages/editor-documents-extended/editor-documents-extended.min.js?ver=4.1.2 HTTP/1.1" 304 0 "-" "Mozilla/5.0 (Macintosh; Intel Mac OS X 10_15_7) AppleWebKit/537.36 (KHTML, like Gecko) Chrome/149.0.0.0 Safari/537.36"
87.126.220.31 - - [10/Jul/2026:23:14:52 +0300] "GET /wp-content/plugins/elementor-pro/assets/js/packages/license-api/license-api.min.js?ver=4.1.2 HTTP/1.1" 304 0 "-" "Mozilla/5.0 (Macintosh; Intel Mac OS X 10_15_7) AppleWebKit/537.36 (KHTML, like Gecko) Chrome/149.0.0.0 Safari/537.36"
87.126.220.31 - - [10/Jul/2026:23:14:52 +0300] "GET /wp-content/plugins/elementor-pro/assets/js/packages/editor-controls-extended/editor-controls-extended.min.js?ver=4.1.2 HTTP/1.1" 304 0 "-" "Mozilla/5.0 (Macintosh; Intel Mac OS X 10_15_7) AppleWebKit/537.36 (KHTML, like Gecko) Chrome/149.0.0.0 Safari/537.36"
87.126.220.31 - - [10/Jul/2026:23:14:52 +0300] "GET /wp-content/plugins/elementor-pro/assets/js/packages/editor-editing-panel-extended/editor-editing-panel-extended.min.js?ver=4.1.2 HTTP/1.1" 304 0 "-" "Mozilla/5.0 (Macintosh; Intel Mac OS X 10_15_7) AppleWebKit/537.36 (KHTML, like Gecko) Chrome/149.0.0.0 Safari/537.36"
87.126.220.31 - - [10/Jul/2026:23:14:52 +0300] "GET /wp-content/plugins/elementor-pro/assets/js/packages/editor-templates-extended/editor-templates-extended.min.js?ver=4.1.2 HTTP/1.1" 304 0 "-" "Mozilla/5.0 (Macintosh; Intel Mac OS X 10_15_7) AppleWebKit/537.36 (KHTML, like Gecko) Chrome/149.0.0.0 Safari/537.36"
87.126.220.31 - - [10/Jul/2026:23:14:52 +0300] "GET /wp-content/plugins/elementor-pro/assets/js/packages/core-adapter-utils/core-adapter-utils.min.js?ver=4.1.2 HTTP/1.1" 304 0 "-" "Mozilla/5.0 (Macintosh; Intel Mac OS X 10_15_7) AppleWebKit/537.36 (KHTML, like Gecko) Chrome/149.0.0.0 Safari/537.36"
87.126.220.31 - - [10/Jul/2026:23:14:52 +0300] "GET /wp-content/plugins/elementor-pro/assets/js/packages/editor-variables-extended/editor-variables-extended.min.js?ver=4.1.2 HTTP/1.1" 304 0 "-" "Mozilla/5.0 (Macintosh; Intel Mac OS X 10_15_7) AppleWebKit/537.36 (KHTML, like Gecko) Chrome/149.0.0.0 Safari/537.36"
87.126.220.31 - - [10/Jul/2026:23:14:52 +0300] "GET /wp-content/plugins/elementor-pro/assets/js/packages/editor-components-extended/editor-components-extended.min.js?ver=4.1.2 HTTP/1.1" 304 0 "-" "Mozilla/5.0 (Macintosh; Intel Mac OS X 10_15_7) AppleWebKit/537.36 (KHTML, like Gecko) Chrome/149.0.0.0 Safari/537.36"
87.126.220.31 - - [10/Jul/2026:23:14:52 +0300] "GET /wp-content/plugins/elementor-pro/assets/js/packages/editor-interactions-extended/editor-interactions-extended.min.js?ver=4.1.2 HTTP/1.1" 304 0 "-" "Mozilla/5.0 (Macintosh; Intel Mac OS X 10_15_7) AppleWebKit/537.36 (KHTML, like Gecko) Chrome/149.0.0.0 Safari/537.36"
87.126.220.31 - - [10/Jul/2026:23:14:52 +0300] "GET /wp-content/plugins/elementor-pro/assets/js/page-transitions.min.js?ver=4.1.2 HTTP/1.1" 304 0 "-" "Mozilla/5.0 (Macintosh; Intel Mac OS X 10_15_7) AppleWebKit/537.36 (KHTML, like Gecko) Chrome/149.0.0.0 Safari/537.36"
87.126.220.31 - - [10/Jul/2026:23:14:52 +0300] "GET /wp-content/plugins/elementor-pro/assets/js/packages/editor-notes/editor-notes.min.js?ver=4.1.2 HTTP/1.1" 304 0 "-" "Mozilla/5.0 (Macintosh; Intel Mac OS X 10_15_7) AppleWebKit/537.36 (KHTML, like Gecko) Chrome/149.0.0.0 Safari/537.36"
87.126.220.31 - - [10/Jul/2026:23:14:52 +0300] "GET /wp-includes/js/dist/compose.min.js?ver=fbe37f6b46750554f947 HTTP/1.1" 304 0 "-" "Mozilla/5.0 (Macintosh; Intel Mac OS X 10_15_7) AppleWebKit/537.36 (KHTML, like Gecko) Chrome/149.0.0.0 Safari/537.36"
87.126.220.31 - - [10/Jul/2026:23:14:52 +0300] "GET /wp-includes/js/dist/blocks.min.js?ver=ef38e42500165bfda301 HTTP/1.1" 304 0 "-" "Mozilla/5.0 (Macintosh; Intel Mac OS X 10_15_7) AppleWebKit/537.36 (KHTML, like Gecko) Chrome/149.0.0.0 Safari/537.36"
87.126.220.31 - - [10/Jul/2026:23:14:52 +0300] "GET /wp-content/plugins/forminator/assets/forminator-ui/js/select2.full.min.js?ver=1.55.1 HTTP/1.1" 304 0 "-" "Mozilla/5.0 (Macintosh; Intel Mac OS X 10_15_7) AppleWebKit/537.36 (KHTML, like Gecko) Chrome/149.0.0.0 Safari/537.36"
87.126.220.31 - - [10/Jul/2026:23:14:52 +0300] "GET /wp-content/plugins/forminator/assets/js/front/Chart.min.js?ver=2.8.0 HTTP/1.1" 304 0 "-" "Mozilla/5.0 (Macintosh; Intel Mac OS X 10_15_7) AppleWebKit/537.36 (KHTML, like Gecko) Chrome/149.0.0.0 Safari/537.36"
87.126.220.31 - - [10/Jul/2026:23:14:52 +0300] "GET /wp-includes/js/zxcvbn.min.js HTTP/1.1" 200 822237 "-" "Mozilla/5.0 (Macintosh; Intel Mac OS X 10_15_7) AppleWebKit/537.36 (KHTML, like Gecko) Chrome/149.0.0.0 Safari/537.36"
87.126.220.31 - - [10/Jul/2026:23:14:52 +0300] "GET /wp-content/plugins/forminator/assets/js/library/jquery.validate.min.js?ver=1.55.1 HTTP/1.1" 304 0 "-" "Mozilla/5.0 (Macintosh; Intel Mac OS X 10_15_7) AppleWebKit/537.36 (KHTML, like Gecko) Chrome/149.0.0.0 Safari/537.36"
87.126.220.31 - - [10/Jul/2026:23:14:52 +0300] "GET /wp-content/plugins/forminator/addons/pro/gutenberg//js/forms-block.min.js?ver=1783630068 HTTP/1.1" 304 0 "-" "Mozilla/5.0 (Macintosh; Intel Mac OS X 10_15_7) AppleWebKit/537.36 (KHTML, like Gecko) Chrome/149.0.0.0 Safari/537.36"
87.126.220.31 - - [10/Jul/2026:23:14:52 +0300] "GET /wp-includes/js/dist/components.min.js?ver=5dedfe13f08880193a28 HTTP/1.1" 200 805148 "-" "Mozilla/5.0 (Macintosh; Intel Mac OS X 10_15_7) AppleWebKit/537.36 (KHTML, like Gecko) Chrome/149.0.0.0 Safari/537.36"
87.126.220.31 - - [10/Jul/2026:23:14:52 +0300] "GET /wp-content/plugins/elementor/assets/js/editor.min.js?ver=4.1.4 HTTP/1.1" 200 1322335 "-" "Mozilla/5.0 (Macintosh; Intel Mac OS X 10_15_7) AppleWebKit/537.36 (KHTML, like Gecko) Chrome/149.0.0.0 Safari/537.36"
87.126.220.31 - - [10/Jul/2026:23:14:52 +0300] "GET /wp-content/plugins/forminator/assets/js/library/intlTelInput.min.js?ver=1.55.1 HTTP/1.1" 304 0 "-" "Mozilla/5.0 (Macintosh; Intel Mac OS X 10_15_7) AppleWebKit/537.36 (KHTML, like Gecko) Chrome/149.0.0.0 Safari/537.36"
87.126.220.31 - - [10/Jul/2026:23:14:52 +0300] "GET /wp-content/plugins/forminator/assets/forminator-ui/js/forminator-ui.min.js?ver=1.7.1 HTTP/1.1" 304 0 "-" "Mozilla/5.0 (Macintosh; Intel Mac OS X 10_15_7) AppleWebKit/537.36 (KHTML, like Gecko) Chrome/149.0.0.0 Safari/537.36"
87.126.220.31 - - [10/Jul/2026:23:14:52 +0300] "GET /wp-content/plugins/forminator/assets/js/library/dompurify.min.js?ver=3.3.1 HTTP/1.1" 304 0 "-" "Mozilla/5.0 (Macintosh; Intel Mac OS X 10_15_7) AppleWebKit/537.36 (KHTML, like Gecko) Chrome/149.0.0.0 Safari/537.36"
87.126.220.31 - - [10/Jul/2026:23:14:52 +0300] "GET /wp-includes/js/dist/block-editor.min.js?ver=f3d941bcb2e86c269881 HTTP/1.1" 200 1056002 "-" "Mozilla/5.0 (Macintosh; Intel Mac OS X 10_15_7) AppleWebKit/537.36 (KHTML, like Gecko) Chrome/149.0.0.0 Safari/537.36"
