87.126.220.31 - - [10/Jul/2026:16:41:53 +0300] "POST /wp-admin/admin-ajax.php HTTP/1.1" 200 172 "https://mithouses.webtrixia.com/wp-admin/post.php?post=38&action=edit" "Mozilla/5.0 (Macintosh; Intel Mac OS X 10_15_7) AppleWebKit/537.36 (KHTML, like Gecko) Chrome/149.0.0.0 Safari/537.36"
87.126.220.31 - - [10/Jul/2026:16:41:53 +0300] "GET /wp-json/wc-analytics/products/reviews?page=1&per_page=1&status=hold&_embed=1&_fields%5B0%5D=id&_locale=user HTTP/1.1" 200 12 "https://mithouses.webtrixia.com/wp-admin/post.php?post=38&action=edit" "Mozilla/5.0 (Macintosh; Intel Mac OS X 10_15_7) AppleWebKit/537.36 (KHTML, like Gecko) Chrome/149.0.0.0 Safari/537.36"
87.126.220.31 - - [10/Jul/2026:16:41:53 +0300] "GET /wp-json/wc-analytics/orders?page=1&per_page=1&status%5B0%5D=processing&status%5B1%5D=on-hold&_fields%5B0%5D=id&_locale=user HTTP/1.1" 200 12 "https://mithouses.webtrixia.com/wp-admin/post.php?post=38&action=edit" "Mozilla/5.0 (Macintosh; Intel Mac OS X 10_15_7) AppleWebKit/537.36 (KHTML, like Gecko) Chrome/149.0.0.0 Safari/537.36"
87.126.220.31 - - [10/Jul/2026:16:41:53 +0300] "GET /wp-json/wc-admin/options?options=woocommerce_ces_tracks_queue&_locale=user HTTP/1.1" 200 46 "https://mithouses.webtrixia.com/wp-admin/post.php?post=38&action=edit" "Mozilla/5.0 (Macintosh; Intel Mac OS X 10_15_7) AppleWebKit/537.36 (KHTML, like Gecko) Chrome/149.0.0.0 Safari/537.36"
87.126.220.31 - - [10/Jul/2026:16:41:54 +0300] "GET /wp-json/wc-admin/onboarding/tasks?_locale=user HTTP/1.1" 200 6937 "https://mithouses.webtrixia.com/wp-admin/post.php?post=38&action=edit" "Mozilla/5.0 (Macintosh; Intel Mac OS X 10_15_7) AppleWebKit/537.36 (KHTML, like Gecko) Chrome/149.0.0.0 Safari/537.36"
87.126.220.31 - - [10/Jul/2026:16:41:55 +0300] "GET /wp-json/wc-analytics/products/count-low-in-stock?status=publish&page=1&per_page=1&_locale=user HTTP/1.1" 200 21 "https://mithouses.webtrixia.com/wp-admin/post.php?post=38&action=edit" "Mozilla/5.0 (Macintosh; Intel Mac OS X 10_15_7) AppleWebKit/537.36 (KHTML, like Gecko) Chrome/149.0.0.0 Safari/537.36"
87.126.220.31 - - [10/Jul/2026:16:41:55 +0300] "GET /wp-json/wc-admin/options?options=woocommerce_allow_tracking%2Cwoocommerce_admin_transient_notices_queue%2Cwoocommerce_admin_install_timestamp&_locale=user HTTP/1.1" 200 148 "https://mithouses.webtrixia.com/wp-admin/post.php?post=38&action=edit" "Mozilla/5.0 (Macintosh; Intel Mac OS X 10_15_7) AppleWebKit/537.36 (KHTML, like Gecko) Chrome/149.0.0.0 Safari/537.36"
87.126.220.31 - - [10/Jul/2026:16:41:55 +0300] "POST /wp-admin/admin-ajax.php HTTP/1.1" 200 31043 "https://mithouses.webtrixia.com/wp-admin/post.php?post=38&action=edit" "Mozilla/5.0 (Macintosh; Intel Mac OS X 10_15_7) AppleWebKit/537.36 (KHTML, like Gecko) Chrome/149.0.0.0 Safari/537.36"
87.126.220.31 - - [10/Jul/2026:16:41:55 +0300] "GET /wp-content/uploads/2026/07/23-300x200.png HTTP/1.1" 304 0 "https://mithouses.webtrixia.com/wp-admin/post.php?post=38&action=edit" "Mozilla/5.0 (Macintosh; Intel Mac OS X 10_15_7) AppleWebKit/537.36 (KHTML, like Gecko) Chrome/149.0.0.0 Safari/537.36"
87.126.220.31 - - [10/Jul/2026:16:41:55 +0300] "GET /wp-content/uploads/2026/07/22-300x200.png HTTP/1.1" 304 0 "https://mithouses.webtrixia.com/wp-admin/post.php?post=38&action=edit" "Mozilla/5.0 (Macintosh; Intel Mac OS X 10_15_7) AppleWebKit/537.36 (KHTML, like Gecko) Chrome/149.0.0.0 Safari/537.36"
87.126.220.31 - - [10/Jul/2026:16:41:55 +0300] "GET /wp-json/wc-analytics/admin/notes?page=1&per_page=25&type=error%2Cupdate&status=unactioned&_locale=user HTTP/1.1" 200 12 "https://mithouses.webtrixia.com/wp-admin/post.php?post=38&action=edit" "Mozilla/5.0 (Macintosh; Intel Mac OS X 10_15_7) AppleWebKit/537.36 (KHTML, like Gecko) Chrome/149.0.0.0 Safari/537.36"
87.126.220.31 - - [10/Jul/2026:16:41:55 +0300] "GET /wp-content/uploads/woocommerce-placeholder-300x300.webp HTTP/1.1" 304 0 "https://mithouses.webtrixia.com/wp-admin/post.php?post=38&action=edit" "Mozilla/5.0 (Macintosh; Intel Mac OS X 10_15_7) AppleWebKit/537.36 (KHTML, like Gecko) Chrome/149.0.0.0 Safari/537.36"
87.126.220.31 - - [10/Jul/2026:16:41:55 +0300] "GET /wp-content/uploads/2026/07/1-3-300x200.png HTTP/1.1" 304 0 "https://mithouses.webtrixia.com/wp-admin/post.php?post=38&action=edit" "Mozilla/5.0 (Macintosh; Intel Mac OS X 10_15_7) AppleWebKit/537.36 (KHTML, like Gecko) Chrome/149.0.0.0 Safari/537.36"
87.126.220.31 - - [10/Jul/2026:16:41:55 +0300] "GET /wp-content/uploads/2026/07/1-300x300.png HTTP/1.1" 304 0 "https://mithouses.webtrixia.com/wp-admin/post.php?post=38&action=edit" "Mozilla/5.0 (Macintosh; Intel Mac OS X 10_15_7) AppleWebKit/537.36 (KHTML, like Gecko) Chrome/149.0.0.0 Safari/537.36"
87.126.220.31 - - [10/Jul/2026:16:41:55 +0300] "GET /wp-content/uploads/2026/07/3-300x300.png HTTP/1.1" 304 0 "https://mithouses.webtrixia.com/wp-admin/post.php?post=38&action=edit" "Mozilla/5.0 (Macintosh; Intel Mac OS X 10_15_7) AppleWebKit/537.36 (KHTML, like Gecko) Chrome/149.0.0.0 Safari/537.36"
87.126.220.31 - - [10/Jul/2026:16:41:56 +0300] "GET /wp-content/uploads/2026/07/2-300x300.png HTTP/1.1" 304 0 "https://mithouses.webtrixia.com/wp-admin/post.php?post=38&action=edit" "Mozilla/5.0 (Macintosh; Intel Mac OS X 10_15_7) AppleWebKit/537.36 (KHTML, like Gecko) Chrome/149.0.0.0 Safari/537.36"
87.126.220.31 - - [10/Jul/2026:16:41:56 +0300] "GET /wp-content/uploads/2026/07/1x-300x240.png HTTP/1.1" 304 0 "https://mithouses.webtrixia.com/wp-admin/post.php?post=38&action=edit" "Mozilla/5.0 (Macintosh; Intel Mac OS X 10_15_7) AppleWebKit/537.36 (KHTML, like Gecko) Chrome/149.0.0.0 Safari/537.36"
87.126.220.31 - - [10/Jul/2026:16:41:56 +0300] "GET /wp-content/uploads/2026/07/21-300x200.png HTTP/1.1" 304 0 "https://mithouses.webtrixia.com/wp-admin/post.php?post=38&action=edit" "Mozilla/5.0 (Macintosh; Intel Mac OS X 10_15_7) AppleWebKit/537.36 (KHTML, like Gecko) Chrome/149.0.0.0 Safari/537.36"
87.126.220.31 - - [10/Jul/2026:16:41:56 +0300] "POST /wp-admin/admin-ajax.php HTTP/1.1" 200 1929 "https://mithouses.webtrixia.com/wp-admin/post.php?post=38&action=edit" "Mozilla/5.0 (Macintosh; Intel Mac OS X 10_15_7) AppleWebKit/537.36 (KHTML, like Gecko) Chrome/149.0.0.0 Safari/537.36"
87.126.220.31 - - [10/Jul/2026:16:41:56 +0300] "GET /wp-content/uploads/2026/07/1-1-300x183.png HTTP/1.1" 304 0 "https://mithouses.webtrixia.com/wp-admin/post.php?post=38&action=edit" "Mozilla/5.0 (Macintosh; Intel Mac OS X 10_15_7) AppleWebKit/537.36 (KHTML, like Gecko) Chrome/149.0.0.0 Safari/537.36"
87.126.220.31 - - [10/Jul/2026:16:41:56 +0300] "GET /wp-content/uploads/2026/07/4-300x300.png HTTP/1.1" 304 0 "https://mithouses.webtrixia.com/wp-admin/post.php?post=38&action=edit" "Mozilla/5.0 (Macintosh; Intel Mac OS X 10_15_7) AppleWebKit/537.36 (KHTML, like Gecko) Chrome/149.0.0.0 Safari/537.36"
87.126.220.31 - - [10/Jul/2026:16:41:56 +0300] "GET /wp-content/uploads/2026/07/logo-mit-Photoroom-300x300.png HTTP/1.1" 304 0 "https://mithouses.webtrixia.com/wp-admin/post.php?post=38&action=edit" "Mozilla/5.0 (Macintosh; Intel Mac OS X 10_15_7) AppleWebKit/537.36 (KHTML, like Gecko) Chrome/149.0.0.0 Safari/537.36"
87.126.220.31 - - [10/Jul/2026:16:41:56 +0300] "POST /wp-admin/admin-ajax.php HTTP/1.1" 200 56 "https://mithouses.webtrixia.com/wp-admin/post.php?post=38&action=edit" "Mozilla/5.0 (Macintosh; Intel Mac OS X 10_15_7) AppleWebKit/537.36 (KHTML, like Gecko) Chrome/149.0.0.0 Safari/537.36"
87.126.220.31 - - [10/Jul/2026:16:41:59 +0300] "POST /wp-admin/async-upload.php HTTP/1.1" 200 1889 "https://mithouses.webtrixia.com/wp-admin/post.php?post=38&action=edit" "Mozilla/5.0 (Macintosh; Intel Mac OS X 10_15_7) AppleWebKit/537.36 (KHTML, like Gecko) Chrome/149.0.0.0 Safari/537.36"
87.126.220.31 - - [10/Jul/2026:16:41:59 +0300] "GET /wp-content/uploads/2026/07/31-300x225.png HTTP/1.1" 200 134707 "https://mithouses.webtrixia.com/wp-admin/post.php?post=38&action=edit" "Mozilla/5.0 (Macintosh; Intel Mac OS X 10_15_7) AppleWebKit/537.36 (KHTML, like Gecko) Chrome/149.0.0.0 Safari/537.36"
87.126.220.31 - - [10/Jul/2026:16:42:01 +0300] "POST /wp-admin/admin-ajax.php HTTP/1.1" 200 1651 "https://mithouses.webtrixia.com/wp-admin/post.php?post=38&action=edit" "Mozilla/5.0 (Macintosh; Intel Mac OS X 10_15_7) AppleWebKit/537.36 (KHTML, like Gecko) Chrome/149.0.0.0 Safari/537.36"
87.126.220.31 - - [10/Jul/2026:16:42:01 +0300] "GET /wp-content/uploads/2026/07/31-300x300.png HTTP/1.1" 200 168955 "https://mithouses.webtrixia.com/wp-admin/post.php?post=38&action=edit" "Mozilla/5.0 (Macintosh; Intel Mac OS X 10_15_7) AppleWebKit/537.36 (KHTML, like Gecko) Chrome/149.0.0.0 Safari/537.36"
87.126.220.31 - - [10/Jul/2026:16:42:04 +0300] "POST /wp-admin/admin-ajax.php HTTP/1.1" 200 32897 "https://mithouses.webtrixia.com/wp-admin/post.php?post=38&action=edit" "Mozilla/5.0 (Macintosh; Intel Mac OS X 10_15_7) AppleWebKit/537.36 (KHTML, like Gecko) Chrome/149.0.0.0 Safari/537.36"
87.126.220.31 - - [10/Jul/2026:16:42:10 +0300] "POST /wp-admin/async-upload.php HTTP/1.1" 200 1889 "https://mithouses.webtrixia.com/wp-admin/post.php?post=38&action=edit" "Mozilla/5.0 (Macintosh; Intel Mac OS X 10_15_7) AppleWebKit/537.36 (KHTML, like Gecko) Chrome/149.0.0.0 Safari/537.36"
87.126.220.31 - - [10/Jul/2026:16:42:10 +0300] "GET /wp-content/uploads/2026/07/32-300x225.png HTTP/1.1" 200 128153 "https://mithouses.webtrixia.com/wp-admin/post.php?post=38&action=edit" "Mozilla/5.0 (Macintosh; Intel Mac OS X 10_15_7) AppleWebKit/537.36 (KHTML, like Gecko) Chrome/149.0.0.0 Safari/537.36"
87.126.220.31 - - [10/Jul/2026:16:42:11 +0300] "GET /wp-content/uploads/2026/07/32-150x150.png HTTP/1.1" 200 44588 "https://mithouses.webtrixia.com/wp-admin/post.php?post=38&action=edit" "Mozilla/5.0 (Macintosh; Intel Mac OS X 10_15_7) AppleWebKit/537.36 (KHTML, like Gecko) Chrome/149.0.0.0 Safari/537.36"
93.94.140.42 - - [10/Jul/2026:16:42:52 +0300] "POST /wp-cron.php?doing_wp_cron=1783690972.4532110691070556640625 HTTP/1.1" 200 0 "-" "WordPress/7.0.1; https://mithouses.webtrixia.com"
87.126.220.31 - - [10/Jul/2026:16:42:52 +0300] "POST /wp-admin/admin-ajax.php HTTP/1.1" 200 58 "https://mithouses.webtrixia.com/wp-admin/post.php?post=38&action=edit" "Mozilla/5.0 (Macintosh; Intel Mac OS X 10_15_7) AppleWebKit/537.36 (KHTML, like Gecko) Chrome/149.0.0.0 Safari/537.36"
87.126.220.31 - - [10/Jul/2026:16:43:11 +0300] "POST /wp-admin/admin-ajax.php HTTP/1.1" 200 58 "https://mithouses.webtrixia.com/wp-admin/nav-menus.php" "Mozilla/5.0 (Macintosh; Intel Mac OS X 10_15_7) AppleWebKit/537.36 (KHTML, like Gecko) Chrome/149.0.0.0 Safari/537.36"
93.94.140.42 - - [10/Jul/2026:16:44:53 +0300] "POST /wp-admin/admin-ajax.php?action=as_async_request_queue_runner&nonce=361d350f2e HTTP/1.1" 499 0 "-" "WordPress/7.0.1; https://mithouses.webtrixia.com"
93.94.140.42 - - [10/Jul/2026:16:44:53 +0300] "POST /wp-cron.php?doing_wp_cron=1783691093.6059620380401611328125 HTTP/1.1" 200 0 "-" "WordPress/7.0.1; https://mithouses.webtrixia.com"
87.126.220.31 - - [10/Jul/2026:16:44:53 +0300] "POST /wp-admin/admin-ajax.php HTTP/1.1" 200 58 "https://mithouses.webtrixia.com/wp-admin/post.php?post=38&action=edit" "Mozilla/5.0 (Macintosh; Intel Mac OS X 10_15_7) AppleWebKit/537.36 (KHTML, like Gecko) Chrome/149.0.0.0 Safari/537.36"
87.126.220.31 - - [10/Jul/2026:16:45:12 +0300] "POST /wp-admin/admin-ajax.php HTTP/1.1" 200 58 "https://mithouses.webtrixia.com/wp-admin/nav-menus.php" "Mozilla/5.0 (Macintosh; Intel Mac OS X 10_15_7) AppleWebKit/537.36 (KHTML, like Gecko) Chrome/149.0.0.0 Safari/537.36"
93.94.140.42 - - [10/Jul/2026:16:45:52 +0300] "POST /wp-cron.php?doing_wp_cron=1783691152.8006041049957275390625 HTTP/1.1" 200 0 "-" "WordPress/7.0.1; https://mithouses.webtrixia.com"
87.126.220.31 - - [10/Jul/2026:16:45:52 +0300] "POST /wp-admin/admin-ajax.php HTTP/1.1" 200 58 "https://mithouses.webtrixia.com/wp-admin/post.php?post=38&action=edit" "Mozilla/5.0 (Macintosh; Intel Mac OS X 10_15_7) AppleWebKit/537.36 (KHTML, like Gecko) Chrome/149.0.0.0 Safari/537.36"
93.94.140.42 - - [10/Jul/2026:16:46:56 +0300] "POST /wp-admin/admin-ajax.php?action=as_async_request_queue_runner&nonce=361d350f2e HTTP/1.1" 499 0 "-" "WordPress/7.0.1; https://mithouses.webtrixia.com"
93.94.140.42 - - [10/Jul/2026:16:46:56 +0300] "POST /wp-cron.php?doing_wp_cron=1783691216.2221369743347167968750 HTTP/1.1" 200 0 "-" "WordPress/7.0.1; https://mithouses.webtrixia.com"
87.126.220.31 - - [10/Jul/2026:16:46:56 +0300] "POST /wp-admin/admin-ajax.php HTTP/1.1" 200 58 "https://mithouses.webtrixia.com/wp-admin/post.php?post=38&action=edit" "Mozilla/5.0 (Macintosh; Intel Mac OS X 10_15_7) AppleWebKit/537.36 (KHTML, like Gecko) Chrome/149.0.0.0 Safari/537.36"
87.126.220.31 - - [10/Jul/2026:16:47:01 +0300] "POST /wp-admin/async-upload.php HTTP/1.1" 200 1889 "https://mithouses.webtrixia.com/wp-admin/post.php?post=38&action=edit" "Mozilla/5.0 (Macintosh; Intel Mac OS X 10_15_7) AppleWebKit/537.36 (KHTML, like Gecko) Chrome/149.0.0.0 Safari/537.36"
87.126.220.31 - - [10/Jul/2026:16:47:02 +0300] "GET /wp-content/uploads/2026/07/33-300x225.png HTTP/1.1" 200 129309 "https://mithouses.webtrixia.com/wp-admin/post.php?post=38&action=edit" "Mozilla/5.0 (Macintosh; Intel Mac OS X 10_15_7) AppleWebKit/537.36 (KHTML, like Gecko) Chrome/149.0.0.0 Safari/537.36"
87.126.220.31 - - [10/Jul/2026:16:47:02 +0300] "GET /wp-content/uploads/2026/07/33-150x150.png HTTP/1.1" 200 43652 "https://mithouses.webtrixia.com/wp-admin/post.php?post=38&action=edit" "Mozilla/5.0 (Macintosh; Intel Mac OS X 10_15_7) AppleWebKit/537.36 (KHTML, like Gecko) Chrome/149.0.0.0 Safari/537.36"
87.126.220.31 - - [10/Jul/2026:16:47:05 +0300] "POST /wp-admin/post.php HTTP/1.1" 302 0 "https://mithouses.webtrixia.com/wp-admin/post.php?post=38&action=edit" "Mozilla/5.0 (Macintosh; Intel Mac OS X 10_15_7) AppleWebKit/537.36 (KHTML, like Gecko) Chrome/149.0.0.0 Safari/537.36"
87.126.220.31 - - [10/Jul/2026:16:47:08 +0300] "GET /wp-admin/post.php?post=38&action=edit&message=1 HTTP/1.1" 200 558399 "https://mithouses.webtrixia.com/wp-admin/post.php?post=38&action=edit" "Mozilla/5.0 (Macintosh; Intel Mac OS X 10_15_7) AppleWebKit/537.36 (KHTML, like Gecko) Chrome/149.0.0.0 Safari/537.36"
87.126.220.31 - - [10/Jul/2026:16:47:08 +0300] "GET /wp-content/uploads/2026/07/31-300x300.png HTTP/1.1" 304 0 "https://mithouses.webtrixia.com/wp-admin/post.php?post=38&action=edit" "Mozilla/5.0 (Macintosh; Intel Mac OS X 10_15_7) AppleWebKit/537.36 (KHTML, like Gecko) Chrome/149.0.0.0 Safari/537.36"
87.126.220.31 - - [10/Jul/2026:16:47:08 +0300] "GET /wp-content/uploads/2026/07/33-150x150.png HTTP/1.1" 304 0 "https://mithouses.webtrixia.com/wp-admin/post.php?post=38&action=edit" "Mozilla/5.0 (Macintosh; Intel Mac OS X 10_15_7) AppleWebKit/537.36 (KHTML, like Gecko) Chrome/149.0.0.0 Safari/537.36"
87.126.220.31 - - [10/Jul/2026:16:47:08 +0300] "GET /wp-content/uploads/2026/07/32-150x150.png HTTP/1.1" 304 0 "https://mithouses.webtrixia.com/wp-admin/post.php?post=38&action=edit" "Mozilla/5.0 (Macintosh; Intel Mac OS X 10_15_7) AppleWebKit/537.36 (KHTML, like Gecko) Chrome/149.0.0.0 Safari/537.36"
87.126.220.31 - - [10/Jul/2026:16:47:12 +0300] "POST /wp-admin/admin-ajax.php HTTP/1.1" 200 168 "https://mithouses.webtrixia.com/wp-admin/post.php?post=38&action=edit" "Mozilla/5.0 (Macintosh; Intel Mac OS X 10_15_7) AppleWebKit/537.36 (KHTML, like Gecko) Chrome/149.0.0.0 Safari/537.36"
87.126.220.31 - - [10/Jul/2026:16:47:12 +0300] "GET /wp-json/wc-analytics/products/count-low-in-stock?status=publish&page=1&per_page=1&_locale=user HTTP/1.1" 200 21 "https://mithouses.webtrixia.com/wp-admin/post.php?post=38&action=edit" "Mozilla/5.0 (Macintosh; Intel Mac OS X 10_15_7) AppleWebKit/537.36 (KHTML, like Gecko) Chrome/149.0.0.0 Safari/537.36"
87.126.220.31 - - [10/Jul/2026:16:47:12 +0300] "GET /wp-json/wc-analytics/orders?page=1&per_page=1&status%5B0%5D=processing&status%5B1%5D=on-hold&_fields%5B0%5D=id&_locale=user HTTP/1.1" 200 12 "https://mithouses.webtrixia.com/wp-admin/post.php?post=38&action=edit" "Mozilla/5.0 (Macintosh; Intel Mac OS X 10_15_7) AppleWebKit/537.36 (KHTML, like Gecko) Chrome/149.0.0.0 Safari/537.36"
87.126.220.31 - - [10/Jul/2026:16:47:13 +0300] "GET /wp-json/wc-analytics/products/reviews?page=1&per_page=1&status=hold&_embed=1&_fields%5B0%5D=id&_locale=user HTTP/1.1" 200 12 "https://mithouses.webtrixia.com/wp-admin/post.php?post=38&action=edit" "Mozilla/5.0 (Macintosh; Intel Mac OS X 10_15_7) AppleWebKit/537.36 (KHTML, like Gecko) Chrome/149.0.0.0 Safari/537.36"
87.126.220.31 - - [10/Jul/2026:16:47:13 +0300] "GET /wp-json/wc-admin/onboarding/tasks?_locale=user HTTP/1.1" 200 6937 "https://mithouses.webtrixia.com/wp-admin/post.php?post=38&action=edit" "Mozilla/5.0 (Macintosh; Intel Mac OS X 10_15_7) AppleWebKit/537.36 (KHTML, like Gecko) Chrome/149.0.0.0 Safari/537.36"
87.126.220.31 - - [10/Jul/2026:16:47:15 +0300] "POST /wp-admin/admin-ajax.php HTTP/1.1" 200 58 "https://mithouses.webtrixia.com/wp-admin/nav-menus.php" "Mozilla/5.0 (Macintosh; Intel Mac OS X 10_15_7) AppleWebKit/537.36 (KHTML, like Gecko) Chrome/149.0.0.0 Safari/537.36"
87.126.220.31 - - [10/Jul/2026:16:47:15 +0300] "GET /wp-json/wc-admin/options?options=woocommerce_ces_tracks_queue&_locale=user HTTP/1.1" 200 369 "https://mithouses.webtrixia.com/wp-admin/post.php?post=38&action=edit" "Mozilla/5.0 (Macintosh; Intel Mac OS X 10_15_7) AppleWebKit/537.36 (KHTML, like Gecko) Chrome/149.0.0.0 Safari/537.36"
87.126.220.31 - - [10/Jul/2026:16:47:16 +0300] "GET /wp-admin/admin-ajax.php?action=oembed-cache&post=38 HTTP/1.1" 200 11 "https://mithouses.webtrixia.com/wp-admin/post.php?post=38&action=edit" "Mozilla/5.0 (Macintosh; Intel Mac OS X 10_15_7) AppleWebKit/537.36 (KHTML, like Gecko) Chrome/149.0.0.0 Safari/537.36"
87.126.220.31 - - [10/Jul/2026:16:47:16 +0300] "GET /wp-json/wc-analytics/admin/notes?page=1&per_page=25&type=error%2Cupdate&status=unactioned&_locale=user HTTP/1.1" 200 12 "https://mithouses.webtrixia.com/wp-admin/post.php?post=38&action=edit" "Mozilla/5.0 (Macintosh; Intel Mac OS X 10_15_7) AppleWebKit/537.36 (KHTML, like Gecko) Chrome/149.0.0.0 Safari/537.36"
87.126.220.31 - - [10/Jul/2026:16:47:16 +0300] "GET /wp-json/wc-admin/options?options=woocommerce_admin_transient_notices_queue%2Cwoocommerce_admin_install_timestamp%2Cwoocommerce_allow_tracking&_locale=user HTTP/1.1" 200 148 "https://mithouses.webtrixia.com/wp-admin/post.php?post=38&action=edit" "Mozilla/5.0 (Macintosh; Intel Mac OS X 10_15_7) AppleWebKit/537.36 (KHTML, like Gecko) Chrome/149.0.0.0 Safari/537.36"
87.126.220.31 - - [10/Jul/2026:16:47:18 +0300] "POST /wp-admin/admin-ajax.php HTTP/1.1" 200 282 "https://mithouses.webtrixia.com/wp-admin/post.php?post=38&action=edit" "Mozilla/5.0 (Macintosh; Intel Mac OS X 10_15_7) AppleWebKit/537.36 (KHTML, like Gecko) Chrome/149.0.0.0 Safari/537.36"
87.126.220.31 - - [10/Jul/2026:16:47:18 +0300] "POST /wp-json/wc-admin/options?_locale=user HTTP/1.1" 200 63 "https://mithouses.webtrixia.com/wp-admin/post.php?post=38&action=edit" "Mozilla/5.0 (Macintosh; Intel Mac OS X 10_15_7) AppleWebKit/537.36 (KHTML, like Gecko) Chrome/149.0.0.0 Safari/537.36"
87.126.220.31 - - [10/Jul/2026:16:47:18 +0300] "GET /wp-json/wc-admin/options?options=woocommerce_ces_shown_for_actions&_locale=user HTTP/1.1" 200 72 "https://mithouses.webtrixia.com/wp-admin/post.php?post=38&action=edit" "Mozilla/5.0 (Macintosh; Intel Mac OS X 10_15_7) AppleWebKit/537.36 (KHTML, like Gecko) Chrome/149.0.0.0 Safari/537.36"
87.126.220.31 - - [10/Jul/2026:16:47:19 +0300] "POST /wp-json/wc-admin/options?_locale=user HTTP/1.1" 200 53 "https://mithouses.webtrixia.com/wp-admin/post.php?post=38&action=edit" "Mozilla/5.0 (Macintosh; Intel Mac OS X 10_15_7) AppleWebKit/537.36 (KHTML, like Gecko) Chrome/149.0.0.0 Safari/537.36"
93.94.140.42 - - [10/Jul/2026:16:47:42 +0300] "POST /wp-cron.php?doing_wp_cron=1783691262.2296938896179199218750 HTTP/1.1" 200 0 "-" "WordPress/7.0.1; https://mithouses.webtrixia.com"
87.126.220.31 - - [10/Jul/2026:16:47:42 +0300] "GET /wp-content/uploads/2026/07/31-300x300.png HTTP/1.1" 304 0 "https://mithouses.webtrixia.com/wp-admin/edit.php?post_type=product" "Mozilla/5.0 (Macintosh; Intel Mac OS X 10_15_7) AppleWebKit/537.36 (KHTML, like Gecko) Chrome/149.0.0.0 Safari/537.36"
87.126.220.31 - - [10/Jul/2026:16:47:42 +0300] "GET /wp-admin/edit.php?post_type=product HTTP/1.1" 200 424222 "https://mithouses.webtrixia.com/wp-admin/post.php?post=38&action=edit" "Mozilla/5.0 (Macintosh; Intel Mac OS X 10_15_7) AppleWebKit/537.36 (KHTML, like Gecko) Chrome/149.0.0.0 Safari/537.36"
87.126.220.31 - - [10/Jul/2026:16:47:44 +0300] "POST /wp-admin/admin-ajax.php HTTP/1.1" 200 11 "https://mithouses.webtrixia.com/wp-admin/post.php?post=38&action=edit" "Mozilla/5.0 (Macintosh; Intel Mac OS X 10_15_7) AppleWebKit/537.36 (KHTML, like Gecko) Chrome/149.0.0.0 Safari/537.36"
87.126.220.31 - - [10/Jul/2026:16:47:44 +0300] "GET /wp-json/wc-admin/options?options=woocommerce_ces_tracks_queue&_locale=user HTTP/1.1" 200 46 "https://mithouses.webtrixia.com/wp-admin/edit.php?post_type=product" "Mozilla/5.0 (Macintosh; Intel Mac OS X 10_15_7) AppleWebKit/537.36 (KHTML, like Gecko) Chrome/149.0.0.0 Safari/537.36"
87.126.220.31 - - [10/Jul/2026:16:47:45 +0300] "GET /wp-json/wc-analytics/orders?page=1&per_page=1&status%5B0%5D=processing&status%5B1%5D=on-hold&_fields%5B0%5D=id&_locale=user HTTP/1.1" 200 12 "https://mithouses.webtrixia.com/wp-admin/edit.php?post_type=product" "Mozilla/5.0 (Macintosh; Intel Mac OS X 10_15_7) AppleWebKit/537.36 (KHTML, like Gecko) Chrome/149.0.0.0 Safari/537.36"
87.126.220.31 - - [10/Jul/2026:16:47:45 +0300] "GET /wp-json/wc-admin/onboarding/tasks?_locale=user HTTP/1.1" 200 6937 "https://mithouses.webtrixia.com/wp-admin/edit.php?post_type=product" "Mozilla/5.0 (Macintosh; Intel Mac OS X 10_15_7) AppleWebKit/537.36 (KHTML, like Gecko) Chrome/149.0.0.0 Safari/537.36"
87.126.220.31 - - [10/Jul/2026:16:47:45 +0300] "GET /wp-content/uploads/2026/07/21-150x150.png HTTP/1.1" 304 0 "https://mithouses.webtrixia.com/wp-admin/edit.php?post_type=product" "Mozilla/5.0 (Macintosh; Intel Mac OS X 10_15_7) AppleWebKit/537.36 (KHTML, like Gecko) Chrome/149.0.0.0 Safari/537.36"
87.126.220.31 - - [10/Jul/2026:16:47:45 +0300] "GET /wp-content/uploads/2026/07/1-1-150x150.png HTTP/1.1" 304 0 "https://mithouses.webtrixia.com/wp-admin/edit.php?post_type=product" "Mozilla/5.0 (Macintosh; Intel Mac OS X 10_15_7) AppleWebKit/537.36 (KHTML, like Gecko) Chrome/149.0.0.0 Safari/537.36"
87.126.220.31 - - [10/Jul/2026:16:47:46 +0300] "GET /wp-json/wc-analytics/products/count-low-in-stock?status=publish&page=1&per_page=1&_locale=user HTTP/1.1" 200 21 "https://mithouses.webtrixia.com/wp-admin/edit.php?post_type=product" "Mozilla/5.0 (Macintosh; Intel Mac OS X 10_15_7) AppleWebKit/537.36 (KHTML, like Gecko) Chrome/149.0.0.0 Safari/537.36"
87.126.220.31 - - [10/Jul/2026:16:47:46 +0300] "GET /wp-json/wc-analytics/products/reviews?page=1&per_page=1&status=hold&_embed=1&_fields%5B0%5D=id&_locale=user HTTP/1.1" 200 12 "https://mithouses.webtrixia.com/wp-admin/edit.php?post_type=product" "Mozilla/5.0 (Macintosh; Intel Mac OS X 10_15_7) AppleWebKit/537.36 (KHTML, like Gecko) Chrome/149.0.0.0 Safari/537.36"
87.126.220.31 - - [10/Jul/2026:16:47:47 +0300] "POST /wp-admin/admin-ajax.php HTTP/1.1" 200 122 "https://mithouses.webtrixia.com/wp-admin/edit.php?post_type=product" "Mozilla/5.0 (Macintosh; Intel Mac OS X 10_15_7) AppleWebKit/537.36 (KHTML, like Gecko) Chrome/149.0.0.0 Safari/537.36"
87.126.220.31 - - [10/Jul/2026:16:47:47 +0300] "GET /wp-json/wc-analytics/admin/notes?page=1&per_page=25&type=error%2Cupdate&status=unactioned&_locale=user HTTP/1.1" 200 12 "https://mithouses.webtrixia.com/wp-admin/edit.php?post_type=product" "Mozilla/5.0 (Macintosh; Intel Mac OS X 10_15_7) AppleWebKit/537.36 (KHTML, like Gecko) Chrome/149.0.0.0 Safari/537.36"
87.126.220.31 - - [10/Jul/2026:16:47:47 +0300] "GET /wp-json/wc-admin/options?options=woocommerce_admin_transient_notices_queue%2Cwoocommerce_admin_install_timestamp&_locale=user HTTP/1.1" 200 113 "https://mithouses.webtrixia.com/wp-admin/edit.php?post_type=product" "Mozilla/5.0 (Macintosh; Intel Mac OS X 10_15_7) AppleWebKit/537.36 (KHTML, like Gecko) Chrome/149.0.0.0 Safari/537.36"
87.126.220.31 - - [10/Jul/2026:16:47:48 +0300] "GET /product/%d0%ba%d1%8a%d1%89%d0%b0/ HTTP/1.1" 200 217091 "https://mithouses.webtrixia.com/wp-admin/edit.php?post_type=product" "Mozilla/5.0 (Macintosh; Intel Mac OS X 10_15_7) AppleWebKit/537.36 (KHTML, like Gecko) Chrome/149.0.0.0 Safari/537.36"
87.126.220.31 - - [10/Jul/2026:16:47:48 +0300] "GET /wp-content/uploads/2026/07/1-1-150x92.png HTTP/1.1" 200 32048 "https://mithouses.webtrixia.com/product/%d0%ba%d1%8a%d1%89%d0%b0/" "Mozilla/5.0 (Macintosh; Intel Mac OS X 10_15_7) AppleWebKit/537.36 (KHTML, like Gecko) Chrome/149.0.0.0 Safari/537.36"
87.126.220.31 - - [10/Jul/2026:16:47:48 +0300] "GET /wp-content/uploads/2026/07/1x-150x120.png HTTP/1.1" 200 40597 "https://mithouses.webtrixia.com/product/%d0%ba%d1%8a%d1%89%d0%b0/" "Mozilla/5.0 (Macintosh; Intel Mac OS X 10_15_7) AppleWebKit/537.36 (KHTML, like Gecko) Chrome/149.0.0.0 Safari/537.36"
87.126.220.31 - - [10/Jul/2026:16:47:48 +0300] "GET /wp-content/uploads/2026/07/21-300x300.png HTTP/1.1" 304 0 "https://mithouses.webtrixia.com/product/%d0%ba%d1%8a%d1%89%d0%b0/" "Mozilla/5.0 (Macintosh; Intel Mac OS X 10_15_7) AppleWebKit/537.36 (KHTML, like Gecko) Chrome/149.0.0.0 Safari/537.36"
87.126.220.31 - - [10/Jul/2026:16:47:48 +0300] "GET /wp-content/uploads/2026/07/1-3-150x100.png HTTP/1.1" 200 31742 "https://mithouses.webtrixia.com/product/%d0%ba%d1%8a%d1%89%d0%b0/" "Mozilla/5.0 (Macintosh; Intel Mac OS X 10_15_7) AppleWebKit/537.36 (KHTML, like Gecko) Chrome/149.0.0.0 Safari/537.36"
87.126.220.31 - - [10/Jul/2026:16:47:48 +0300] "GET /wp-content/uploads/2026/07/32-300x300.png HTTP/1.1" 200 163688 "https://mithouses.webtrixia.com/product/%d0%ba%d1%8a%d1%89%d0%b0/" "Mozilla/5.0 (Macintosh; Intel Mac OS X 10_15_7) AppleWebKit/537.36 (KHTML, like Gecko) Chrome/149.0.0.0 Safari/537.36"
87.126.220.31 - - [10/Jul/2026:16:47:49 +0300] "GET /wp-content/uploads/2026/07/1-1-600x367.png HTTP/1.1" 200 433775 "https://mithouses.webtrixia.com/product/%d0%ba%d1%8a%d1%89%d0%b0/" "Mozilla/5.0 (Macintosh; Intel Mac OS X 10_15_7) AppleWebKit/537.36 (KHTML, like Gecko) Chrome/149.0.0.0 Safari/537.36"
87.126.220.31 - - [10/Jul/2026:16:47:49 +0300] "GET /wp-content/uploads/2026/07/22-300x300.png HTTP/1.1" 200 157244 "https://mithouses.webtrixia.com/product/%d0%ba%d1%8a%d1%89%d0%b0/" "Mozilla/5.0 (Macintosh; Intel Mac OS X 10_15_7) AppleWebKit/537.36 (KHTML, like Gecko) Chrome/149.0.0.0 Safari/537.36"
87.126.220.31 - - [10/Jul/2026:16:47:49 +0300] "GET /wp-content/uploads/2026/07/1-3-600x400.png HTTP/1.1" 200 429085 "https://mithouses.webtrixia.com/product/%d0%ba%d1%8a%d1%89%d0%b0/" "Mozilla/5.0 (Macintosh; Intel Mac OS X 10_15_7) AppleWebKit/537.36 (KHTML, like Gecko) Chrome/149.0.0.0 Safari/537.36"
87.126.220.31 - - [10/Jul/2026:16:47:49 +0300] "GET /wp-content/uploads/2026/07/1x-600x480.png HTTP/1.1" 200 552365 "https://mithouses.webtrixia.com/product/%d0%ba%d1%8a%d1%89%d0%b0/" "Mozilla/5.0 (Macintosh; Intel Mac OS X 10_15_7) AppleWebKit/537.36 (KHTML, like Gecko) Chrome/149.0.0.0 Safari/537.36"
87.126.220.31 - - [10/Jul/2026:16:47:49 +0300] "GET /wp-content/uploads/2026/07/1-1.png HTTP/1.1" 200 2411964 "https://mithouses.webtrixia.com/product/%d0%ba%d1%8a%d1%89%d0%b0/" "Mozilla/5.0 (Macintosh; Intel Mac OS X 10_15_7) AppleWebKit/537.36 (KHTML, like Gecko) Chrome/149.0.0.0 Safari/537.36"
87.126.220.31 - - [10/Jul/2026:16:47:50 +0300] "POST /?wc-ajax=get_refreshed_fragments HTTP/1.1" 200 1635 "https://mithouses.webtrixia.com/product/%d0%ba%d1%8a%d1%89%d0%b0/" "Mozilla/5.0 (Macintosh; Intel Mac OS X 10_15_7) AppleWebKit/537.36 (KHTML, like Gecko) Chrome/149.0.0.0 Safari/537.36"
93.94.140.42 - - [10/Jul/2026:16:49:03 +0300] "POST /wp-admin/admin-ajax.php?action=as_async_request_queue_runner&nonce=361d350f2e HTTP/1.1" 499 0 "-" "WordPress/7.0.1; https://mithouses.webtrixia.com"
87.126.220.31 - - [10/Jul/2026:16:49:04 +0300] "GET /wp-json/wc-analytics/products/count-low-in-stock?status=publish&page=1&per_page=1&_locale=user HTTP/1.1" 200 21 "https://mithouses.webtrixia.com/wp-admin/edit.php?post_type=product" "Mozilla/5.0 (Macintosh; Intel Mac OS X 10_15_7) AppleWebKit/537.36 (KHTML, like Gecko) Chrome/149.0.0.0 Safari/537.36"
87.126.220.31 - - [10/Jul/2026:16:49:04 +0300] "GET /wp-json/wc-analytics/orders?page=1&per_page=1&status%5B0%5D=processing&status%5B1%5D=on-hold&_fields%5B0%5D=id&_locale=user HTTP/1.1" 200 12 "https://mithouses.webtrixia.com/wp-admin/edit.php?post_type=product" "Mozilla/5.0 (Macintosh; Intel Mac OS X 10_15_7) AppleWebKit/537.36 (KHTML, like Gecko) Chrome/149.0.0.0 Safari/537.36"
93.94.140.42 - - [10/Jul/2026:16:49:04 +0300] "POST /wp-cron.php?doing_wp_cron=1783691343.8859350681304931640625 HTTP/1.1" 499 0 "-" "WordPress/7.0.1; https://mithouses.webtrixia.com"
87.126.220.31 - - [10/Jul/2026:16:49:04 +0300] "GET /wp-admin/edit.php?post_type=product HTTP/1.1" 200 424318 "https://mithouses.webtrixia.com/wp-admin/post.php?post=38&action=edit" "Mozilla/5.0 (Macintosh; Intel Mac OS X 10_15_7) AppleWebKit/537.36 (KHTML, like Gecko) Chrome/149.0.0.0 Safari/537.36"
87.126.220.31 - - [10/Jul/2026:16:49:05 +0300] "GET /wp-json/wc-analytics/products/reviews?page=1&per_page=1&status=hold&_embed=1&_fields%5B0%5D=id&_locale=user HTTP/1.1" 200 12 "https://mithouses.webtrixia.com/wp-admin/edit.php?post_type=product" "Mozilla/5.0 (Macintosh; Intel Mac OS X 10_15_7) AppleWebKit/537.36 (KHTML, like Gecko) Chrome/149.0.0.0 Safari/537.36"
87.126.220.31 - - [10/Jul/2026:16:49:06 +0300] "GET /wp-json/wc-admin/options?options=woocommerce_ces_tracks_queue&_locale=user HTTP/1.1" 200 46 "https://mithouses.webtrixia.com/wp-admin/edit.php?post_type=product" "Mozilla/5.0 (Macintosh; Intel Mac OS X 10_15_7) AppleWebKit/537.36 (KHTML, like Gecko) Chrome/149.0.0.0 Safari/537.36"
87.126.220.31 - - [10/Jul/2026:16:49:06 +0300] "GET /wp-json/wc-admin/onboarding/tasks?_locale=user HTTP/1.1" 200 6937 "https://mithouses.webtrixia.com/wp-admin/edit.php?post_type=product" "Mozilla/5.0 (Macintosh; Intel Mac OS X 10_15_7) AppleWebKit/537.36 (KHTML, like Gecko) Chrome/149.0.0.0 Safari/537.36"
87.126.220.31 - - [10/Jul/2026:16:49:07 +0300] "GET /wp-json/wc-admin/options?options=woocommerce_admin_transient_notices_queue%2Cwoocommerce_admin_install_timestamp&_locale=user HTTP/1.1" 200 113 "https://mithouses.webtrixia.com/wp-admin/edit.php?post_type=product" "Mozilla/5.0 (Macintosh; Intel Mac OS X 10_15_7) AppleWebKit/537.36 (KHTML, like Gecko) Chrome/149.0.0.0 Safari/537.36"
87.126.220.31 - - [10/Jul/2026:16:49:07 +0300] "POST /wp-admin/admin-ajax.php HTTP/1.1" 200 122 "https://mithouses.webtrixia.com/wp-admin/edit.php?post_type=product" "Mozilla/5.0 (Macintosh; Intel Mac OS X 10_15_7) AppleWebKit/537.36 (KHTML, like Gecko) Chrome/149.0.0.0 Safari/537.36"
87.126.220.31 - - [10/Jul/2026:16:49:07 +0300] "GET /wp-json/wc-analytics/admin/notes?page=1&per_page=25&type=error%2Cupdate&status=unactioned&_locale=user HTTP/1.1" 200 12 "https://mithouses.webtrixia.com/wp-admin/edit.php?post_type=product" "Mozilla/5.0 (Macintosh; Intel Mac OS X 10_15_7) AppleWebKit/537.36 (KHTML, like Gecko) Chrome/149.0.0.0 Safari/537.36"
87.126.220.31 - - [10/Jul/2026:16:49:08 +0300] "GET /wp-admin/post.php?post=115&action=edit HTTP/1.1" 200 557849 "https://mithouses.webtrixia.com/wp-admin/edit.php?post_type=product" "Mozilla/5.0 (Macintosh; Intel Mac OS X 10_15_7) AppleWebKit/537.36 (KHTML, like Gecko) Chrome/149.0.0.0 Safari/537.36"
87.126.220.31 - - [10/Jul/2026:16:49:08 +0300] "GET /wp-content/uploads/2026/07/1-1-300x300.png HTTP/1.1" 304 0 "https://mithouses.webtrixia.com/wp-admin/post.php?post=115&action=edit" "Mozilla/5.0 (Macintosh; Intel Mac OS X 10_15_7) AppleWebKit/537.36 (KHTML, like Gecko) Chrome/149.0.0.0 Safari/537.36"
87.126.220.31 - - [10/Jul/2026:16:49:08 +0300] "GET /wp-content/uploads/2026/07/1-3-150x150.png HTTP/1.1" 304 0 "https://mithouses.webtrixia.com/wp-admin/post.php?post=115&action=edit" "Mozilla/5.0 (Macintosh; Intel Mac OS X 10_15_7) AppleWebKit/537.36 (KHTML, like Gecko) Chrome/149.0.0.0 Safari/537.36"
87.126.220.31 - - [10/Jul/2026:16:49:08 +0300] "GET /wp-content/uploads/2026/07/1x-150x150.png HTTP/1.1" 304 0 "https://mithouses.webtrixia.com/wp-admin/post.php?post=115&action=edit" "Mozilla/5.0 (Macintosh; Intel Mac OS X 10_15_7) AppleWebKit/537.36 (KHTML, like Gecko) Chrome/149.0.0.0 Safari/537.36"
87.126.220.31 - - [10/Jul/2026:16:49:10 +0300] "POST /wp-admin/admin-ajax.php HTTP/1.1" 200 170 "https://mithouses.webtrixia.com/wp-admin/post.php?post=115&action=edit" "Mozilla/5.0 (Macintosh; Intel Mac OS X 10_15_7) AppleWebKit/537.36 (KHTML, like Gecko) Chrome/149.0.0.0 Safari/537.36"
87.126.220.31 - - [10/Jul/2026:16:49:10 +0300] "GET /wp-json/wc-analytics/orders?page=1&per_page=1&status%5B0%5D=processing&status%5B1%5D=on-hold&_fields%5B0%5D=id&_locale=user HTTP/1.1" 200 12 "https://mithouses.webtrixia.com/wp-admin/post.php?post=115&action=edit" "Mozilla/5.0 (Macintosh; Intel Mac OS X 10_15_7) AppleWebKit/537.36 (KHTML, like Gecko) Chrome/149.0.0.0 Safari/537.36"
87.126.220.31 - - [10/Jul/2026:16:49:10 +0300] "GET /wp-json/wc-analytics/products/count-low-in-stock?status=publish&page=1&per_page=1&_locale=user HTTP/1.1" 200 21 "https://mithouses.webtrixia.com/wp-admin/post.php?post=115&action=edit" "Mozilla/5.0 (Macintosh; Intel Mac OS X 10_15_7) AppleWebKit/537.36 (KHTML, like Gecko) Chrome/149.0.0.0 Safari/537.36"
87.126.220.31 - - [10/Jul/2026:16:49:10 +0300] "GET /wp-json/wc-analytics/products/reviews?page=1&per_page=1&status=hold&_embed=1&_fields%5B0%5D=id&_locale=user HTTP/1.1" 200 12 "https://mithouses.webtrixia.com/wp-admin/post.php?post=115&action=edit" "Mozilla/5.0 (Macintosh; Intel Mac OS X 10_15_7) AppleWebKit/537.36 (KHTML, like Gecko) Chrome/149.0.0.0 Safari/537.36"
87.126.220.31 - - [10/Jul/2026:16:49:11 +0300] "GET /wp-json/wc-admin/onboarding/tasks?_locale=user HTTP/1.1" 200 6937 "https://mithouses.webtrixia.com/wp-admin/post.php?post=115&action=edit" "Mozilla/5.0 (Macintosh; Intel Mac OS X 10_15_7) AppleWebKit/537.36 (KHTML, like Gecko) Chrome/149.0.0.0 Safari/537.36"
87.126.220.31 - - [10/Jul/2026:16:49:12 +0300] "GET /wp-json/wc-admin/options?options=woocommerce_ces_tracks_queue&_locale=user HTTP/1.1" 200 46 "https://mithouses.webtrixia.com/wp-admin/post.php?post=115&action=edit" "Mozilla/5.0 (Macintosh; Intel Mac OS X 10_15_7) AppleWebKit/537.36 (KHTML, like Gecko) Chrome/149.0.0.0 Safari/537.36"
87.126.220.31 - - [10/Jul/2026:16:49:12 +0300] "GET /wp-json/wc-analytics/admin/notes?page=1&per_page=25&type=error%2Cupdate&status=unactioned&_locale=user HTTP/1.1" 200 12 "https://mithouses.webtrixia.com/wp-admin/post.php?post=115&action=edit" "Mozilla/5.0 (Macintosh; Intel Mac OS X 10_15_7) AppleWebKit/537.36 (KHTML, like Gecko) Chrome/149.0.0.0 Safari/537.36"
87.126.220.31 - - [10/Jul/2026:16:49:12 +0300] "POST /wp-admin/admin-ajax.php HTTP/1.1" 200 285 "https://mithouses.webtrixia.com/wp-admin/post.php?post=115&action=edit" "Mozilla/5.0 (Macintosh; Intel Mac OS X 10_15_7) AppleWebKit/537.36 (KHTML, like Gecko) Chrome/149.0.0.0 Safari/537.36"
87.126.220.31 - - [10/Jul/2026:16:49:13 +0300] "GET /wp-json/wc-admin/options?options=woocommerce_admin_transient_notices_queue%2Cwoocommerce_admin_install_timestamp%2Cwoocommerce_allow_tracking&_locale=user HTTP/1.1" 200 148 "https://mithouses.webtrixia.com/wp-admin/post.php?post=115&action=edit" "Mozilla/5.0 (Macintosh; Intel Mac OS X 10_15_7) AppleWebKit/537.36 (KHTML, like Gecko) Chrome/149.0.0.0 Safari/537.36"
87.126.220.31 - - [10/Jul/2026:16:49:13 +0300] "POST /wp-admin/admin-ajax.php HTTP/1.1" 200 1895 "https://mithouses.webtrixia.com/wp-admin/post.php?post=115&action=edit" "Mozilla/5.0 (Macintosh; Intel Mac OS X 10_15_7) AppleWebKit/537.36 (KHTML, like Gecko) Chrome/149.0.0.0 Safari/537.36"
87.126.220.31 - - [10/Jul/2026:16:49:13 +0300] "GET /wp-content/uploads/2026/07/1-1-300x183.png HTTP/1.1" 304 0 "https://mithouses.webtrixia.com/wp-admin/post.php?post=115&action=edit" "Mozilla/5.0 (Macintosh; Intel Mac OS X 10_15_7) AppleWebKit/537.36 (KHTML, like Gecko) Chrome/149.0.0.0 Safari/537.36"
87.126.220.31 - - [10/Jul/2026:16:49:13 +0300] "POST /wp-admin/admin-ajax.php HTTP/1.1" 200 36605 "https://mithouses.webtrixia.com/wp-admin/post.php?post=115&action=edit" "Mozilla/5.0 (Macintosh; Intel Mac OS X 10_15_7) AppleWebKit/537.36 (KHTML, like Gecko) Chrome/149.0.0.0 Safari/537.36"
87.126.220.31 - - [10/Jul/2026:16:49:14 +0300] "POST /wp-admin/admin-ajax.php HTTP/1.1" 200 58 "https://mithouses.webtrixia.com/wp-admin/nav-menus.php" "Mozilla/5.0 (Macintosh; Intel Mac OS X 10_15_7) AppleWebKit/537.36 (KHTML, like Gecko) Chrome/149.0.0.0 Safari/537.36"
87.126.220.31 - - [10/Jul/2026:16:49:14 +0300] "GET /wp-content/uploads/2026/07/31-300x225.png HTTP/1.1" 304 0 "https://mithouses.webtrixia.com/wp-admin/post.php?post=115&action=edit" "Mozilla/5.0 (Macintosh; Intel Mac OS X 10_15_7) AppleWebKit/537.36 (KHTML, like Gecko) Chrome/149.0.0.0 Safari/537.36"
87.126.220.31 - - [10/Jul/2026:16:49:14 +0300] "GET /wp-content/uploads/2026/07/22-300x200.png HTTP/1.1" 304 0 "https://mithouses.webtrixia.com/wp-admin/post.php?post=115&action=edit" "Mozilla/5.0 (Macintosh; Intel Mac OS X 10_15_7) AppleWebKit/537.36 (KHTML, like Gecko) Chrome/149.0.0.0 Safari/537.36"
87.126.220.31 - - [10/Jul/2026:16:49:14 +0300] "GET /wp-content/uploads/2026/07/32-300x225.png HTTP/1.1" 304 0 "https://mithouses.webtrixia.com/wp-admin/post.php?post=115&action=edit" "Mozilla/5.0 (Macintosh; Intel Mac OS X 10_15_7) AppleWebKit/537.36 (KHTML, like Gecko) Chrome/149.0.0.0 Safari/537.36"
87.126.220.31 - - [10/Jul/2026:16:49:14 +0300] "GET /wp-content/uploads/2026/07/33-300x225.png HTTP/1.1" 304 0 "https://mithouses.webtrixia.com/wp-admin/post.php?post=115&action=edit" "Mozilla/5.0 (Macintosh; Intel Mac OS X 10_15_7) AppleWebKit/537.36 (KHTML, like Gecko) Chrome/149.0.0.0 Safari/537.36"
87.126.220.31 - - [10/Jul/2026:16:49:14 +0300] "GET /wp-content/uploads/2026/07/23-300x200.png HTTP/1.1" 304 0 "https://mithouses.webtrixia.com/wp-admin/post.php?post=115&action=edit" "Mozilla/5.0 (Macintosh; Intel Mac OS X 10_15_7) AppleWebKit/537.36 (KHTML, like Gecko) Chrome/149.0.0.0 Safari/537.36"
87.126.220.31 - - [10/Jul/2026:16:49:14 +0300] "GET /wp-content/uploads/2026/07/21-300x200.png HTTP/1.1" 304 0 "https://mithouses.webtrixia.com/wp-admin/post.php?post=115&action=edit" "Mozilla/5.0 (Macintosh; Intel Mac OS X 10_15_7) AppleWebKit/537.36 (KHTML, like Gecko) Chrome/149.0.0.0 Safari/537.36"
87.126.220.31 - - [10/Jul/2026:16:49:14 +0300] "GET /wp-content/uploads/2026/07/1x-300x240.png HTTP/1.1" 304 0 "https://mithouses.webtrixia.com/wp-admin/post.php?post=115&action=edit" "Mozilla/5.0 (Macintosh; Intel Mac OS X 10_15_7) AppleWebKit/537.36 (KHTML, like Gecko) Chrome/149.0.0.0 Safari/537.36"
87.126.220.31 - - [10/Jul/2026:16:49:14 +0300] "GET /wp-content/uploads/2026/07/1-3-300x200.png HTTP/1.1" 304 0 "https://mithouses.webtrixia.com/wp-admin/post.php?post=115&action=edit" "Mozilla/5.0 (Macintosh; Intel Mac OS X 10_15_7) AppleWebKit/537.36 (KHTML, like Gecko) Chrome/149.0.0.0 Safari/537.36"
87.126.220.31 - - [10/Jul/2026:16:49:14 +0300] "GET /wp-content/uploads/2026/07/1x-300x300.png HTTP/1.1" 304 0 "https://mithouses.webtrixia.com/wp-admin/post.php?post=115&action=edit" "Mozilla/5.0 (Macintosh; Intel Mac OS X 10_15_7) AppleWebKit/537.36 (KHTML, like Gecko) Chrome/149.0.0.0 Safari/537.36"
87.126.220.31 - - [10/Jul/2026:16:49:16 +0300] "POST /wp-admin/admin-ajax.php HTTP/1.1" 200 36605 "https://mithouses.webtrixia.com/wp-admin/post.php?post=115&action=edit" "Mozilla/5.0 (Macintosh; Intel Mac OS X 10_15_7) AppleWebKit/537.36 (KHTML, like Gecko) Chrome/149.0.0.0 Safari/537.36"
87.126.220.31 - - [10/Jul/2026:16:49:25 +0300] "POST /wp-admin/async-upload.php HTTP/1.1" 200 1899 "https://mithouses.webtrixia.com/wp-admin/post.php?post=115&action=edit" "Mozilla/5.0 (Macintosh; Intel Mac OS X 10_15_7) AppleWebKit/537.36 (KHTML, like Gecko) Chrome/149.0.0.0 Safari/537.36"
87.126.220.31 - - [10/Jul/2026:16:49:25 +0300] "GET /wp-content/uploads/2026/07/2-1-300x240.png HTTP/1.1" 200 144151 "https://mithouses.webtrixia.com/wp-admin/post.php?post=115&action=edit" "Mozilla/5.0 (Macintosh; Intel Mac OS X 10_15_7) AppleWebKit/537.36 (KHTML, like Gecko) Chrome/149.0.0.0 Safari/537.36"
87.126.220.31 - - [10/Jul/2026:16:49:25 +0300] "GET /wp-content/uploads/2026/07/2-1-150x150.png HTTP/1.1" 200 46478 "https://mithouses.webtrixia.com/wp-admin/post.php?post=115&action=edit" "Mozilla/5.0 (Macintosh; Intel Mac OS X 10_15_7) AppleWebKit/537.36 (KHTML, like Gecko) Chrome/149.0.0.0 Safari/537.36"
87.126.220.31 - - [10/Jul/2026:16:49:30 +0300] "POST /wp-admin/post.php HTTP/1.1" 302 0 "https://mithouses.webtrixia.com/wp-admin/post.php?post=115&action=edit" "Mozilla/5.0 (Macintosh; Intel Mac OS X 10_15_7) AppleWebKit/537.36 (KHTML, like Gecko) Chrome/149.0.0.0 Safari/537.36"
87.126.220.31 - - [10/Jul/2026:16:49:32 +0300] "GET /wp-admin/post.php?post=115&action=edit&message=1 HTTP/1.1" 200 558427 "https://mithouses.webtrixia.com/wp-admin/post.php?post=115&action=edit" "Mozilla/5.0 (Macintosh; Intel Mac OS X 10_15_7) AppleWebKit/537.36 (KHTML, like Gecko) Chrome/149.0.0.0 Safari/537.36"
87.126.220.31 - - [10/Jul/2026:16:49:32 +0300] "GET /wp-content/uploads/2026/07/2-1-150x150.png HTTP/1.1" 304 0 "https://mithouses.webtrixia.com/wp-admin/post.php?post=115&action=edit" "Mozilla/5.0 (Macintosh; Intel Mac OS X 10_15_7) AppleWebKit/537.36 (KHTML, like Gecko) Chrome/149.0.0.0 Safari/537.36"
87.126.220.31 - - [10/Jul/2026:16:49:34 +0300] "POST /wp-admin/admin-ajax.php HTTP/1.1" 200 170 "https://mithouses.webtrixia.com/wp-admin/post.php?post=115&action=edit" "Mozilla/5.0 (Macintosh; Intel Mac OS X 10_15_7) AppleWebKit/537.36 (KHTML, like Gecko) Chrome/149.0.0.0 Safari/537.36"
87.126.220.31 - - [10/Jul/2026:16:49:34 +0300] "GET /wp-json/wc-analytics/orders?page=1&per_page=1&status%5B0%5D=processing&status%5B1%5D=on-hold&_fields%5B0%5D=id&_locale=user HTTP/1.1" 200 12 "https://mithouses.webtrixia.com/wp-admin/post.php?post=115&action=edit" "Mozilla/5.0 (Macintosh; Intel Mac OS X 10_15_7) AppleWebKit/537.36 (KHTML, like Gecko) Chrome/149.0.0.0 Safari/537.36"
87.126.220.31 - - [10/Jul/2026:16:49:35 +0300] "GET /wp-json/wc-analytics/products/reviews?page=1&per_page=1&status=hold&_embed=1&_fields%5B0%5D=id&_locale=user HTTP/1.1" 200 12 "https://mithouses.webtrixia.com/wp-admin/post.php?post=115&action=edit" "Mozilla/5.0 (Macintosh; Intel Mac OS X 10_15_7) AppleWebKit/537.36 (KHTML, like Gecko) Chrome/149.0.0.0 Safari/537.36"
87.126.220.31 - - [10/Jul/2026:16:49:35 +0300] "GET /wp-json/wc-analytics/products/count-low-in-stock?status=publish&page=1&per_page=1&_locale=user HTTP/1.1" 200 21 "https://mithouses.webtrixia.com/wp-admin/post.php?post=115&action=edit" "Mozilla/5.0 (Macintosh; Intel Mac OS X 10_15_7) AppleWebKit/537.36 (KHTML, like Gecko) Chrome/149.0.0.0 Safari/537.36"
87.126.220.31 - - [10/Jul/2026:16:49:35 +0300] "GET /wp-json/wc-admin/onboarding/tasks?_locale=user HTTP/1.1" 200 6937 "https://mithouses.webtrixia.com/wp-admin/post.php?post=115&action=edit" "Mozilla/5.0 (Macintosh; Intel Mac OS X 10_15_7) AppleWebKit/537.36 (KHTML, like Gecko) Chrome/149.0.0.0 Safari/537.36"
87.126.220.31 - - [10/Jul/2026:16:49:37 +0300] "GET /wp-json/wc-admin/options?options=woocommerce_ces_tracks_queue&_locale=user HTTP/1.1" 200 46 "https://mithouses.webtrixia.com/wp-admin/post.php?post=115&action=edit" "Mozilla/5.0 (Macintosh; Intel Mac OS X 10_15_7) AppleWebKit/537.36 (KHTML, like Gecko) Chrome/149.0.0.0 Safari/537.36"
87.126.220.31 - - [10/Jul/2026:16:49:37 +0300] "GET /wp-admin/admin-ajax.php?action=oembed-cache&post=115 HTTP/1.1" 499 0 "https://mithouses.webtrixia.com/wp-admin/post.php?post=115&action=edit" "Mozilla/5.0 (Macintosh; Intel Mac OS X 10_15_7) AppleWebKit/537.36 (KHTML, like Gecko) Chrome/149.0.0.0 Safari/537.36"
87.126.220.31 - - [10/Jul/2026:16:49:37 +0300] "POST /wp-admin/admin-ajax.php HTTP/1.1" 499 0 "https://mithouses.webtrixia.com/wp-admin/post.php?post=115&action=edit" "Mozilla/5.0 (Macintosh; Intel Mac OS X 10_15_7) AppleWebKit/537.36 (KHTML, like Gecko) Chrome/149.0.0.0 Safari/537.36"
87.126.220.31 - - [10/Jul/2026:16:49:37 +0300] "GET /wp-json/wc-analytics/admin/notes?page=1&per_page=25&type=error%2Cupdate&status=unactioned&_locale=user HTTP/1.1" 499 0 "https://mithouses.webtrixia.com/wp-admin/post.php?post=115&action=edit" "Mozilla/5.0 (Macintosh; Intel Mac OS X 10_15_7) AppleWebKit/537.36 (KHTML, like Gecko) Chrome/149.0.0.0 Safari/537.36"
87.126.220.31 - - [10/Jul/2026:16:49:37 +0300] "GET /wp-json/wc-admin/options?options=woocommerce_allow_tracking%2Cwoocommerce_admin_transient_notices_queue%2Cwoocommerce_admin_install_timestamp&_locale=user HTTP/1.1" 499 0 "https://mithouses.webtrixia.com/wp-admin/post.php?post=115&action=edit" "Mozilla/5.0 (Macintosh; Intel Mac OS X 10_15_7) AppleWebKit/537.36 (KHTML, like Gecko) Chrome/149.0.0.0 Safari/537.36"
93.94.140.42 - - [10/Jul/2026:16:49:38 +0300] "POST /wp-cron.php?doing_wp_cron=1783691378.6949250698089599609375 HTTP/1.1" 200 0 "-" "WordPress/7.0.1; https://mithouses.webtrixia.com"
87.126.220.31 - - [10/Jul/2026:16:49:38 +0300] "POST /wp-admin/admin-ajax.php HTTP/1.1" 200 11 "https://mithouses.webtrixia.com/wp-admin/post.php?post=115&action=edit" "Mozilla/5.0 (Macintosh; Intel Mac OS X 10_15_7) AppleWebKit/537.36 (KHTML, like Gecko) Chrome/149.0.0.0 Safari/537.36"
93.94.140.42 - - [10/Jul/2026:16:51:16 +0300] "POST /wp-admin/admin-ajax.php?action=as_async_request_queue_runner&nonce=7488ea83c2 HTTP/1.1" 499 0 "-" "WordPress/7.0.1; https://mithouses.webtrixia.com"
93.94.140.42 - - [10/Jul/2026:16:51:16 +0300] "POST /wp-cron.php?doing_wp_cron=1783691476.1188790798187255859375 HTTP/1.1" 200 0 "-" "WordPress/7.0.1; https://mithouses.webtrixia.com"
87.126.220.31 - - [10/Jul/2026:16:51:16 +0300] "POST /wp-admin/admin-ajax.php HTTP/1.1" 200 58 "https://mithouses.webtrixia.com/wp-admin/nav-menus.php" "Mozilla/5.0 (Macintosh; Intel Mac OS X 10_15_7) AppleWebKit/537.36 (KHTML, like Gecko) Chrome/149.0.0.0 Safari/537.36"
93.94.140.42 - - [10/Jul/2026:16:53:17 +0300] "POST /wp-admin/admin-ajax.php?action=as_async_request_queue_runner&nonce=7488ea83c2 HTTP/1.1" 499 0 "-" "WordPress/7.0.1; https://mithouses.webtrixia.com"
93.94.140.42 - - [10/Jul/2026:16:53:17 +0300] "POST /wp-cron.php?doing_wp_cron=1783691597.2797260284423828125000 HTTP/1.1" 200 0 "-" "WordPress/7.0.1; https://mithouses.webtrixia.com"
87.126.220.31 - - [10/Jul/2026:16:53:17 +0300] "POST /wp-admin/admin-ajax.php HTTP/1.1" 200 58 "https://mithouses.webtrixia.com/wp-admin/nav-menus.php" "Mozilla/5.0 (Macintosh; Intel Mac OS X 10_15_7) AppleWebKit/537.36 (KHTML, like Gecko) Chrome/149.0.0.0 Safari/537.36"
93.94.140.42 - - [10/Jul/2026:16:55:18 +0300] "POST /wp-admin/admin-ajax.php?action=as_async_request_queue_runner&nonce=7488ea83c2 HTTP/1.1" 499 0 "-" "WordPress/7.0.1; https://mithouses.webtrixia.com"
93.94.140.42 - - [10/Jul/2026:16:55:18 +0300] "POST /wp-cron.php?doing_wp_cron=1783691718.1228508949279785156250 HTTP/1.1" 200 0 "-" "WordPress/7.0.1; https://mithouses.webtrixia.com"
87.126.220.31 - - [10/Jul/2026:16:55:18 +0300] "POST /wp-admin/admin-ajax.php HTTP/1.1" 200 58 "https://mithouses.webtrixia.com/wp-admin/nav-menus.php" "Mozilla/5.0 (Macintosh; Intel Mac OS X 10_15_7) AppleWebKit/537.36 (KHTML, like Gecko) Chrome/149.0.0.0 Safari/537.36"
93.94.140.42 - - [10/Jul/2026:16:57:19 +0300] "POST /wp-admin/admin-ajax.php?action=as_async_request_queue_runner&nonce=7488ea83c2 HTTP/1.1" 499 0 "-" "WordPress/7.0.1; https://mithouses.webtrixia.com"
93.94.140.42 - - [10/Jul/2026:16:57:19 +0300] "POST /wp-cron.php?doing_wp_cron=1783691839.1156699657440185546875 HTTP/1.1" 200 0 "-" "WordPress/7.0.1; https://mithouses.webtrixia.com"
87.126.220.31 - - [10/Jul/2026:16:57:19 +0300] "POST /wp-admin/admin-ajax.php HTTP/1.1" 200 58 "https://mithouses.webtrixia.com/wp-admin/nav-menus.php" "Mozilla/5.0 (Macintosh; Intel Mac OS X 10_15_7) AppleWebKit/537.36 (KHTML, like Gecko) Chrome/149.0.0.0 Safari/537.36"
93.94.140.42 - - [10/Jul/2026:16:59:20 +0300] "POST /wp-admin/admin-ajax.php?action=as_async_request_queue_runner&nonce=7488ea83c2 HTTP/1.1" 499 0 "-" "WordPress/7.0.1; https://mithouses.webtrixia.com"
93.94.140.42 - - [10/Jul/2026:16:59:20 +0300] "POST /wp-cron.php?doing_wp_cron=1783691960.1897540092468261718750 HTTP/1.1" 200 0 "-" "WordPress/7.0.1; https://mithouses.webtrixia.com"
87.126.220.31 - - [10/Jul/2026:16:59:20 +0300] "POST /wp-admin/admin-ajax.php HTTP/1.1" 200 58 "https://mithouses.webtrixia.com/wp-admin/nav-menus.php" "Mozilla/5.0 (Macintosh; Intel Mac OS X 10_15_7) AppleWebKit/537.36 (KHTML, like Gecko) Chrome/149.0.0.0 Safari/537.36"
93.94.140.42 - - [10/Jul/2026:17:00:05 +0300] "POST /wp-cron.php?doing_wp_cron=1783692005.3643040657043457031250 HTTP/1.1" 200 0 "-" "WordPress/7.0.1; https://mithouses.webtrixia.com"
87.126.220.31 - - [10/Jul/2026:17:00:05 +0300] "GET /sapp-wp-signon.php?pass=6uwruytfsyee5jm7fbdt2c71s1ns0pey HTTP/1.1" 302 0 "https://cpanel.webtrixia.com/" "Mozilla/5.0 (Macintosh; Intel Mac OS X 10_15_7) AppleWebKit/537.36 (KHTML, like Gecko) Chrome/149.0.0.0 Safari/537.36"
87.126.220.31 - - [10/Jul/2026:17:00:06 +0300] "GET /sapp-wp-signon.php?pass=6uwruytfsyee5jm7fbdt2c71s1ns0pey&FLUSH_CACHE=1 HTTP/1.1" 302 0 "https://cpanel.webtrixia.com/" "Mozilla/5.0 (Macintosh; Intel Mac OS X 10_15_7) AppleWebKit/537.36 (KHTML, like Gecko) Chrome/149.0.0.0 Safari/537.36"
87.126.220.31 - - [10/Jul/2026:17:00:08 +0300] "GET /wp-admin/ HTTP/1.1" 200 686647 "https://cpanel.webtrixia.com/" "Mozilla/5.0 (Macintosh; Intel Mac OS X 10_15_7) AppleWebKit/537.36 (KHTML, like Gecko) Chrome/149.0.0.0 Safari/537.36"
