87.126.220.31 - - [10/Jul/2026:15:52:17 +0300] "GET /wp-content/uploads/2026/07/kushta1-300x200.png HTTP/1.1" 200 132099 "https://mithouses.webtrixia.com/wp-admin/post.php?post=38&action=edit" "Mozilla/5.0 (Macintosh; Intel Mac OS X 10_15_7) AppleWebKit/537.36 (KHTML, like Gecko) Chrome/149.0.0.0 Safari/537.36"
87.126.220.31 - - [10/Jul/2026:15:52:17 +0300] "GET /wp-content/uploads/woocommerce-placeholder-300x300.webp HTTP/1.1" 200 1360 "https://mithouses.webtrixia.com/wp-admin/post.php?post=38&action=edit" "Mozilla/5.0 (Macintosh; Intel Mac OS X 10_15_7) AppleWebKit/537.36 (KHTML, like Gecko) Chrome/149.0.0.0 Safari/537.36"
87.126.220.31 - - [10/Jul/2026:15:52:17 +0300] "GET /wp-content/uploads/2026/07/logo-mit-Photoroom-300x300.png HTTP/1.1" 200 21757 "https://mithouses.webtrixia.com/wp-admin/post.php?post=38&action=edit" "Mozilla/5.0 (Macintosh; Intel Mac OS X 10_15_7) AppleWebKit/537.36 (KHTML, like Gecko) Chrome/149.0.0.0 Safari/537.36"
87.126.220.31 - - [10/Jul/2026:15:52:17 +0300] "GET /wp-content/uploads/2026/07/1-300x300.png HTTP/1.1" 200 14960 "https://mithouses.webtrixia.com/wp-admin/post.php?post=38&action=edit" "Mozilla/5.0 (Macintosh; Intel Mac OS X 10_15_7) AppleWebKit/537.36 (KHTML, like Gecko) Chrome/149.0.0.0 Safari/537.36"
87.126.220.31 - - [10/Jul/2026:15:52:17 +0300] "GET /wp-content/uploads/2026/07/mithousee-300x200.png HTTP/1.1" 200 101085 "https://mithouses.webtrixia.com/wp-admin/post.php?post=38&action=edit" "Mozilla/5.0 (Macintosh; Intel Mac OS X 10_15_7) AppleWebKit/537.36 (KHTML, like Gecko) Chrome/149.0.0.0 Safari/537.36"
87.126.220.31 - - [10/Jul/2026:15:52:17 +0300] "GET /wp-content/uploads/2026/07/2-300x300.png HTTP/1.1" 200 17820 "https://mithouses.webtrixia.com/wp-admin/post.php?post=38&action=edit" "Mozilla/5.0 (Macintosh; Intel Mac OS X 10_15_7) AppleWebKit/537.36 (KHTML, like Gecko) Chrome/149.0.0.0 Safari/537.36"
87.126.220.31 - - [10/Jul/2026:15:52:17 +0300] "GET /wp-content/uploads/2026/07/house-300x169.png HTTP/1.1" 200 93881 "https://mithouses.webtrixia.com/wp-admin/post.php?post=38&action=edit" "Mozilla/5.0 (Macintosh; Intel Mac OS X 10_15_7) AppleWebKit/537.36 (KHTML, like Gecko) Chrome/149.0.0.0 Safari/537.36"
87.126.220.31 - - [10/Jul/2026:15:52:17 +0300] "GET /wp-content/uploads/2026/07/3-300x300.png HTTP/1.1" 200 13347 "https://mithouses.webtrixia.com/wp-admin/post.php?post=38&action=edit" "Mozilla/5.0 (Macintosh; Intel Mac OS X 10_15_7) AppleWebKit/537.36 (KHTML, like Gecko) Chrome/149.0.0.0 Safari/537.36"
93.94.140.42 - - [10/Jul/2026:15:53:16 +0300] "POST /wp-admin/admin-ajax.php?action=as_async_request_queue_runner&nonce=361d350f2e HTTP/1.1" 499 0 "-" "WordPress/7.0.1; https://mithouses.webtrixia.com"
93.94.140.42 - - [10/Jul/2026:15:53:16 +0300] "POST /wp-cron.php?doing_wp_cron=1783687996.6032779216766357421875 HTTP/1.1" 200 0 "-" "WordPress/7.0.1; https://mithouses.webtrixia.com"
87.126.220.31 - - [10/Jul/2026:15:53:16 +0300] "POST /wp-admin/admin-ajax.php HTTP/1.1" 200 58 "https://mithouses.webtrixia.com/wp-admin/post.php?post=38&action=edit" "Mozilla/5.0 (Macintosh; Intel Mac OS X 10_15_7) AppleWebKit/537.36 (KHTML, like Gecko) Chrome/149.0.0.0 Safari/537.36"
87.126.220.31 - - [10/Jul/2026:15:53:24 +0300] "POST /wp-admin/admin-ajax.php HTTP/1.1" 200 58 "https://mithouses.webtrixia.com/wp-admin/edit.php?post_type=product" "Mozilla/5.0 (Macintosh; Intel Mac OS X 10_15_7) AppleWebKit/537.36 (KHTML, like Gecko) Chrome/149.0.0.0 Safari/537.36"
93.94.140.42 - - [10/Jul/2026:15:54:15 +0300] "POST /wp-cron.php?doing_wp_cron=1783688055.7859780788421630859375 HTTP/1.1" 200 0 "-" "WordPress/7.0.1; https://mithouses.webtrixia.com"
87.126.220.31 - - [10/Jul/2026:15:54:15 +0300] "POST /wp-admin/admin-ajax.php HTTP/1.1" 200 58 "https://mithouses.webtrixia.com/wp-admin/post.php?post=38&action=edit" "Mozilla/5.0 (Macintosh; Intel Mac OS X 10_15_7) AppleWebKit/537.36 (KHTML, like Gecko) Chrome/149.0.0.0 Safari/537.36"
93.94.140.42 - - [10/Jul/2026:15:55:26 +0300] "POST /wp-admin/admin-ajax.php?action=as_async_request_queue_runner&nonce=361d350f2e HTTP/1.1" 499 0 "-" "WordPress/7.0.1; https://mithouses.webtrixia.com"
93.94.140.42 - - [10/Jul/2026:15:55:26 +0300] "POST /wp-cron.php?doing_wp_cron=1783688126.5990970134735107421875 HTTP/1.1" 200 0 "-" "WordPress/7.0.1; https://mithouses.webtrixia.com"
87.126.220.31 - - [10/Jul/2026:15:55:26 +0300] "POST /wp-admin/admin-ajax.php HTTP/1.1" 200 58 "https://mithouses.webtrixia.com/wp-admin/edit.php?post_type=product" "Mozilla/5.0 (Macintosh; Intel Mac OS X 10_15_7) AppleWebKit/537.36 (KHTML, like Gecko) Chrome/149.0.0.0 Safari/537.36"
93.94.140.42 - - [10/Jul/2026:15:56:16 +0300] "POST /wp-cron.php?doing_wp_cron=1783688176.5179650783538818359375 HTTP/1.1" 200 0 "-" "WordPress/7.0.1; https://mithouses.webtrixia.com"
87.126.220.31 - - [10/Jul/2026:15:56:16 +0300] "POST /wp-admin/admin-ajax.php HTTP/1.1" 200 58 "https://mithouses.webtrixia.com/wp-admin/post.php?post=38&action=edit" "Mozilla/5.0 (Macintosh; Intel Mac OS X 10_15_7) AppleWebKit/537.36 (KHTML, like Gecko) Chrome/149.0.0.0 Safari/537.36"
93.94.140.42 - - [10/Jul/2026:15:57:23 +0300] "POST /wp-admin/admin-ajax.php?action=as_async_request_queue_runner&nonce=361d350f2e HTTP/1.1" 499 0 "-" "WordPress/7.0.1; https://mithouses.webtrixia.com"
93.94.140.42 - - [10/Jul/2026:15:57:23 +0300] "POST /wp-cron.php?doing_wp_cron=1783688243.3586900234222412109375 HTTP/1.1" 200 0 "-" "WordPress/7.0.1; https://mithouses.webtrixia.com"
87.126.220.31 - - [10/Jul/2026:15:57:23 +0300] "POST /wp-admin/admin-ajax.php HTTP/1.1" 200 58 "https://mithouses.webtrixia.com/wp-admin/edit.php?post_type=product" "Mozilla/5.0 (Macintosh; Intel Mac OS X 10_15_7) AppleWebKit/537.36 (KHTML, like Gecko) Chrome/149.0.0.0 Safari/537.36"
87.126.220.31 - - [10/Jul/2026:15:57:24 +0300] "GET /wp-admin/post-new.php?post_type=product HTTP/1.1" 200 549202 "https://mithouses.webtrixia.com/wp-admin/edit.php?post_type=product" "Mozilla/5.0 (Macintosh; Intel Mac OS X 10_15_7) AppleWebKit/537.36 (KHTML, like Gecko) Chrome/149.0.0.0 Safari/537.36"
87.126.220.31 - - [10/Jul/2026:15:57:26 +0300] "POST /wp-admin/admin-ajax.php HTTP/1.1" 500 195 "https://mithouses.webtrixia.com/wp-admin/post-new.php?post_type=product" "Mozilla/5.0 (Macintosh; Intel Mac OS X 10_15_7) AppleWebKit/537.36 (KHTML, like Gecko) Chrome/149.0.0.0 Safari/537.36"
87.126.220.31 - - [10/Jul/2026:15:57:26 +0300] "GET /wp-json/wc-analytics/products/count-low-in-stock?status=publish&page=1&per_page=1&_locale=user HTTP/1.1" 200 21 "https://mithouses.webtrixia.com/wp-admin/post-new.php?post_type=product" "Mozilla/5.0 (Macintosh; Intel Mac OS X 10_15_7) AppleWebKit/537.36 (KHTML, like Gecko) Chrome/149.0.0.0 Safari/537.36"
87.126.220.31 - - [10/Jul/2026:15:57:26 +0300] "GET /wp-json/wc-analytics/orders?page=1&per_page=1&status%5B0%5D=processing&status%5B1%5D=on-hold&_fields%5B0%5D=id&_locale=user HTTP/1.1" 200 12 "https://mithouses.webtrixia.com/wp-admin/post-new.php?post_type=product" "Mozilla/5.0 (Macintosh; Intel Mac OS X 10_15_7) AppleWebKit/537.36 (KHTML, like Gecko) Chrome/149.0.0.0 Safari/537.36"
87.126.220.31 - - [10/Jul/2026:15:57:26 +0300] "GET /wp-json/wc-admin/onboarding/tasks?_locale=user HTTP/1.1" 200 6937 "https://mithouses.webtrixia.com/wp-admin/post-new.php?post_type=product" "Mozilla/5.0 (Macintosh; Intel Mac OS X 10_15_7) AppleWebKit/537.36 (KHTML, like Gecko) Chrome/149.0.0.0 Safari/537.36"
87.126.220.31 - - [10/Jul/2026:15:57:28 +0300] "GET /wp-json/wc-analytics/products/reviews?page=1&per_page=1&status=hold&_embed=1&_fields%5B0%5D=id&_locale=user HTTP/1.1" 200 12 "https://mithouses.webtrixia.com/wp-admin/post-new.php?post_type=product" "Mozilla/5.0 (Macintosh; Intel Mac OS X 10_15_7) AppleWebKit/537.36 (KHTML, like Gecko) Chrome/149.0.0.0 Safari/537.36"
87.126.220.31 - - [10/Jul/2026:15:57:28 +0300] "GET /wp-json/wc-admin/options?options=woocommerce_ces_tracks_queue&_locale=user HTTP/1.1" 200 46 "https://mithouses.webtrixia.com/wp-admin/post-new.php?post_type=product" "Mozilla/5.0 (Macintosh; Intel Mac OS X 10_15_7) AppleWebKit/537.36 (KHTML, like Gecko) Chrome/149.0.0.0 Safari/537.36"
87.126.220.31 - - [10/Jul/2026:15:57:28 +0300] "GET /wp-json/wc-admin/options?options=woocommerce_allow_tracking%2Cwoocommerce_admin_transient_notices_queue%2Cwoocommerce_admin_install_timestamp&_locale=user HTTP/1.1" 200 148 "https://mithouses.webtrixia.com/wp-admin/post-new.php?post_type=product" "Mozilla/5.0 (Macintosh; Intel Mac OS X 10_15_7) AppleWebKit/537.36 (KHTML, like Gecko) Chrome/149.0.0.0 Safari/537.36"
87.126.220.31 - - [10/Jul/2026:15:57:28 +0300] "GET /wp-json/wc-analytics/admin/notes?page=1&per_page=25&type=error%2Cupdate&status=unactioned&_locale=user HTTP/1.1" 200 12 "https://mithouses.webtrixia.com/wp-admin/post-new.php?post_type=product" "Mozilla/5.0 (Macintosh; Intel Mac OS X 10_15_7) AppleWebKit/537.36 (KHTML, like Gecko) Chrome/149.0.0.0 Safari/537.36"
87.126.220.31 - - [10/Jul/2026:15:57:31 +0300] "POST /wp-admin/admin-ajax.php HTTP/1.1" 200 58 "https://mithouses.webtrixia.com/wp-admin/post.php?post=38&action=edit" "Mozilla/5.0 (Macintosh; Intel Mac OS X 10_15_7) AppleWebKit/537.36 (KHTML, like Gecko) Chrome/149.0.0.0 Safari/537.36"
87.126.220.31 - - [10/Jul/2026:15:57:32 +0300] "POST /wp-admin/admin-ajax.php HTTP/1.1" 200 58 "https://mithouses.webtrixia.com/wp-admin/edit.php?post_type=product" "Mozilla/5.0 (Macintosh; Intel Mac OS X 10_15_7) AppleWebKit/537.36 (KHTML, like Gecko) Chrome/149.0.0.0 Safari/537.36"
87.126.220.31 - - [10/Jul/2026:15:57:32 +0300] "POST /wp-admin/admin-ajax.php HTTP/1.1" 200 129 "https://mithouses.webtrixia.com/wp-admin/post-new.php?post_type=product" "Mozilla/5.0 (Macintosh; Intel Mac OS X 10_15_7) AppleWebKit/537.36 (KHTML, like Gecko) Chrome/149.0.0.0 Safari/537.36"
87.126.220.31 - - [10/Jul/2026:15:57:37 +0300] "POST /wp-admin/admin-ajax.php HTTP/1.1" 200 19900 "https://mithouses.webtrixia.com/wp-admin/post-new.php?post_type=product" "Mozilla/5.0 (Macintosh; Intel Mac OS X 10_15_7) AppleWebKit/537.36 (KHTML, like Gecko) Chrome/149.0.0.0 Safari/537.36"
87.126.220.31 - - [10/Jul/2026:15:57:37 +0300] "POST /wp-admin/admin-ajax.php HTTP/1.1" 200 58 "https://mithouses.webtrixia.com/wp-admin/post-new.php?post_type=product" "Mozilla/5.0 (Macintosh; Intel Mac OS X 10_15_7) AppleWebKit/537.36 (KHTML, like Gecko) Chrome/149.0.0.0 Safari/537.36"
93.94.140.42 - - [10/Jul/2026:15:57:44 +0300] "POST /wp-cron.php?doing_wp_cron=1783688264.9250490665435791015625 HTTP/1.1" 200 0 "-" "WordPress/7.0.1; https://mithouses.webtrixia.com"
87.126.220.31 - - [10/Jul/2026:15:57:44 +0300] "POST /wp-admin/async-upload.php HTTP/1.1" 200 1895 "https://mithouses.webtrixia.com/wp-admin/post-new.php?post_type=product" "Mozilla/5.0 (Macintosh; Intel Mac OS X 10_15_7) AppleWebKit/537.36 (KHTML, like Gecko) Chrome/149.0.0.0 Safari/537.36"
87.126.220.31 - - [10/Jul/2026:15:57:45 +0300] "GET /wp-content/uploads/2026/07/1-1-300x183.png HTTP/1.1" 200 117850 "https://mithouses.webtrixia.com/wp-admin/post-new.php?post_type=product" "Mozilla/5.0 (Macintosh; Intel Mac OS X 10_15_7) AppleWebKit/537.36 (KHTML, like Gecko) Chrome/149.0.0.0 Safari/537.36"
87.126.220.31 - - [10/Jul/2026:15:57:46 +0300] "POST /wp-admin/admin-ajax.php HTTP/1.1" 200 1655 "https://mithouses.webtrixia.com/wp-admin/post-new.php?post_type=product" "Mozilla/5.0 (Macintosh; Intel Mac OS X 10_15_7) AppleWebKit/537.36 (KHTML, like Gecko) Chrome/149.0.0.0 Safari/537.36"
87.126.220.31 - - [10/Jul/2026:15:57:46 +0300] "GET /wp-content/uploads/2026/07/1-1-300x300.png HTTP/1.1" 200 168909 "https://mithouses.webtrixia.com/wp-admin/post-new.php?post_type=product" "Mozilla/5.0 (Macintosh; Intel Mac OS X 10_15_7) AppleWebKit/537.36 (KHTML, like Gecko) Chrome/149.0.0.0 Safari/537.36"
87.126.220.31 - - [10/Jul/2026:15:57:49 +0300] "POST /wp-admin/admin-ajax.php HTTP/1.1" 200 21760 "https://mithouses.webtrixia.com/wp-admin/post-new.php?post_type=product" "Mozilla/5.0 (Macintosh; Intel Mac OS X 10_15_7) AppleWebKit/537.36 (KHTML, like Gecko) Chrome/149.0.0.0 Safari/537.36"
87.126.220.31 - - [10/Jul/2026:15:58:32 +0300] "POST /wp-admin/async-upload.php HTTP/1.1" 200 1897 "https://mithouses.webtrixia.com/wp-admin/post-new.php?post_type=product" "Mozilla/5.0 (Macintosh; Intel Mac OS X 10_15_7) AppleWebKit/537.36 (KHTML, like Gecko) Chrome/149.0.0.0 Safari/537.36"
87.126.220.31 - - [10/Jul/2026:15:58:33 +0300] "GET /wp-content/uploads/2026/07/1-3-300x200.png HTTP/1.1" 200 116707 "https://mithouses.webtrixia.com/wp-admin/post-new.php?post_type=product" "Mozilla/5.0 (Macintosh; Intel Mac OS X 10_15_7) AppleWebKit/537.36 (KHTML, like Gecko) Chrome/149.0.0.0 Safari/537.36"
93.94.140.42 - - [10/Jul/2026:15:58:33 +0300] "POST /wp-admin/admin-ajax.php?action=as_async_request_queue_runner&nonce=361d350f2e HTTP/1.1" 499 0 "-" "WordPress/7.0.1; https://mithouses.webtrixia.com"
87.126.220.31 - - [10/Jul/2026:15:58:33 +0300] "POST /wp-admin/admin-ajax.php HTTP/1.1" 200 58 "https://mithouses.webtrixia.com/wp-admin/post.php?post=38&action=edit" "Mozilla/5.0 (Macintosh; Intel Mac OS X 10_15_7) AppleWebKit/537.36 (KHTML, like Gecko) Chrome/149.0.0.0 Safari/537.36"
87.126.220.31 - - [10/Jul/2026:15:58:37 +0300] "POST /wp-admin/admin-ajax.php HTTP/1.1" 200 58 "https://mithouses.webtrixia.com/wp-admin/post-new.php?post_type=product" "Mozilla/5.0 (Macintosh; Intel Mac OS X 10_15_7) AppleWebKit/537.36 (KHTML, like Gecko) Chrome/149.0.0.0 Safari/537.36"
93.94.140.42 - - [10/Jul/2026:15:58:38 +0300] "POST /wp-cron.php?doing_wp_cron=1783688318.7744219303131103515625 HTTP/1.1" 200 0 "-" "WordPress/7.0.1; https://mithouses.webtrixia.com"
93.94.140.42 - - [10/Jul/2026:15:59:34 +0300] "POST /wp-admin/admin-ajax.php?action=as_async_request_queue_runner&nonce=361d350f2e HTTP/1.1" 499 0 "-" "WordPress/7.0.1; https://mithouses.webtrixia.com"
87.126.220.31 - - [10/Jul/2026:15:59:34 +0300] "POST /wp-admin/admin-ajax.php HTTP/1.1" 200 58 "https://mithouses.webtrixia.com/wp-admin/edit.php?post_type=product" "Mozilla/5.0 (Macintosh; Intel Mac OS X 10_15_7) AppleWebKit/537.36 (KHTML, like Gecko) Chrome/149.0.0.0 Safari/537.36"
87.126.220.31 - - [10/Jul/2026:15:59:37 +0300] "POST /wp-admin/admin-ajax.php HTTP/1.1" 200 58 "https://mithouses.webtrixia.com/wp-admin/post-new.php?post_type=product" "Mozilla/5.0 (Macintosh; Intel Mac OS X 10_15_7) AppleWebKit/537.36 (KHTML, like Gecko) Chrome/149.0.0.0 Safari/537.36"
93.94.140.42 - - [10/Jul/2026:15:59:39 +0300] "POST /wp-cron.php?doing_wp_cron=1783688379.7975718975067138671875 HTTP/1.1" 200 0 "-" "WordPress/7.0.1; https://mithouses.webtrixia.com"
87.126.220.31 - - [10/Jul/2026:16:00:05 +0300] "GET /wp-content/uploads/2026/07/1-3-150x150.png HTTP/1.1" 200 41769 "https://mithouses.webtrixia.com/wp-admin/post-new.php?post_type=product" "Mozilla/5.0 (Macintosh; Intel Mac OS X 10_15_7) AppleWebKit/537.36 (KHTML, like Gecko) Chrome/149.0.0.0 Safari/537.36"
87.126.220.31 - - [10/Jul/2026:16:00:33 +0300] "POST /wp-admin/admin-ajax.php HTTP/1.1" 200 58 "https://mithouses.webtrixia.com/wp-admin/post.php?post=38&action=edit" "Mozilla/5.0 (Macintosh; Intel Mac OS X 10_15_7) AppleWebKit/537.36 (KHTML, like Gecko) Chrome/149.0.0.0 Safari/537.36"
93.94.140.42 - - [10/Jul/2026:16:00:38 +0300] "POST /wp-admin/admin-ajax.php?action=as_async_request_queue_runner&nonce=361d350f2e HTTP/1.1" 499 0 "-" "WordPress/7.0.1; https://mithouses.webtrixia.com"
93.94.140.42 - - [10/Jul/2026:16:00:38 +0300] "POST /wp-cron.php?doing_wp_cron=1783688438.1764640808105468750000 HTTP/1.1" 200 0 "-" "WordPress/7.0.1; https://mithouses.webtrixia.com"
87.126.220.31 - - [10/Jul/2026:16:00:38 +0300] "POST /wp-admin/admin-ajax.php HTTP/1.1" 200 58 "https://mithouses.webtrixia.com/wp-admin/post-new.php?post_type=product" "Mozilla/5.0 (Macintosh; Intel Mac OS X 10_15_7) AppleWebKit/537.36 (KHTML, like Gecko) Chrome/149.0.0.0 Safari/537.36"
87.126.220.31 - - [10/Jul/2026:16:01:34 +0300] "POST /wp-admin/admin-ajax.php HTTP/1.1" 200 58 "https://mithouses.webtrixia.com/wp-admin/edit.php?post_type=product" "Mozilla/5.0 (Macintosh; Intel Mac OS X 10_15_7) AppleWebKit/537.36 (KHTML, like Gecko) Chrome/149.0.0.0 Safari/537.36"
87.126.220.31 - - [10/Jul/2026:16:01:37 +0300] "POST /wp-admin/admin-ajax.php HTTP/1.1" 200 58 "https://mithouses.webtrixia.com/wp-admin/post-new.php?post_type=product" "Mozilla/5.0 (Macintosh; Intel Mac OS X 10_15_7) AppleWebKit/537.36 (KHTML, like Gecko) Chrome/149.0.0.0 Safari/537.36"
93.94.140.42 - - [10/Jul/2026:16:02:35 +0300] "POST /wp-admin/admin-ajax.php?action=as_async_request_queue_runner&nonce=361d350f2e HTTP/1.1" 499 0 "-" "WordPress/7.0.1; https://mithouses.webtrixia.com"
93.94.140.42 - - [10/Jul/2026:16:02:35 +0300] "POST /wp-cron.php?doing_wp_cron=1783688555.5311028957366943359375 HTTP/1.1" 200 0 "-" "WordPress/7.0.1; https://mithouses.webtrixia.com"
87.126.220.31 - - [10/Jul/2026:16:02:35 +0300] "POST /wp-admin/admin-ajax.php HTTP/1.1" 200 58 "https://mithouses.webtrixia.com/wp-admin/post.php?post=38&action=edit" "Mozilla/5.0 (Macintosh; Intel Mac OS X 10_15_7) AppleWebKit/537.36 (KHTML, like Gecko) Chrome/149.0.0.0 Safari/537.36"
93.94.140.42 - - [10/Jul/2026:16:02:40 +0300] "POST /wp-cron.php?doing_wp_cron=1783688560.8493940830230712890625 HTTP/1.1" 200 0 "-" "WordPress/7.0.1; https://mithouses.webtrixia.com"
87.126.220.31 - - [10/Jul/2026:16:03:01 +0300] "POST /wp-admin/admin-ajax.php HTTP/1.1" 200 58 "https://mithouses.webtrixia.com/wp-admin/post-new.php?post_type=product" "Mozilla/5.0 (Macintosh; Intel Mac OS X 10_15_7) AppleWebKit/537.36 (KHTML, like Gecko) Chrome/149.0.0.0 Safari/537.36"
87.126.220.31 - - [10/Jul/2026:16:03:09 +0300] "POST /wp-admin/async-upload.php HTTP/1.1" 200 1888 "https://mithouses.webtrixia.com/wp-admin/post-new.php?post_type=product" "Mozilla/5.0 (Macintosh; Intel Mac OS X 10_15_7) AppleWebKit/537.36 (KHTML, like Gecko) Chrome/149.0.0.0 Safari/537.36"
87.126.220.31 - - [10/Jul/2026:16:03:10 +0300] "GET /wp-content/uploads/2026/07/1x-300x240.png HTTP/1.1" 200 150004 "https://mithouses.webtrixia.com/wp-admin/post-new.php?post_type=product" "Mozilla/5.0 (Macintosh; Intel Mac OS X 10_15_7) AppleWebKit/537.36 (KHTML, like Gecko) Chrome/149.0.0.0 Safari/537.36"
87.126.220.31 - - [10/Jul/2026:16:03:13 +0300] "GET /wp-content/uploads/2026/07/1x-150x150.png HTTP/1.1" 200 48105 "https://mithouses.webtrixia.com/wp-admin/post-new.php?post_type=product" "Mozilla/5.0 (Macintosh; Intel Mac OS X 10_15_7) AppleWebKit/537.36 (KHTML, like Gecko) Chrome/149.0.0.0 Safari/537.36"
87.126.220.31 - - [10/Jul/2026:16:03:20 +0300] "POST /wp-admin/post.php HTTP/1.1" 302 0 "https://mithouses.webtrixia.com/wp-admin/post-new.php?post_type=product&wp-post-new-reload=true" "Mozilla/5.0 (Macintosh; Intel Mac OS X 10_15_7) AppleWebKit/537.36 (KHTML, like Gecko) Chrome/149.0.0.0 Safari/537.36"
87.126.220.31 - - [10/Jul/2026:16:03:22 +0300] "GET /wp-admin/post.php?post=115&action=edit&message=6 HTTP/1.1" 200 558518 "https://mithouses.webtrixia.com/wp-admin/post-new.php?post_type=product&wp-post-new-reload=true" "Mozilla/5.0 (Macintosh; Intel Mac OS X 10_15_7) AppleWebKit/537.36 (KHTML, like Gecko) Chrome/149.0.0.0 Safari/537.36"
87.126.220.31 - - [10/Jul/2026:16:03:22 +0300] "GET /wp-content/uploads/2026/07/1-1-300x300.png HTTP/1.1" 304 0 "https://mithouses.webtrixia.com/wp-admin/post.php?post=115&action=edit" "Mozilla/5.0 (Macintosh; Intel Mac OS X 10_15_7) AppleWebKit/537.36 (KHTML, like Gecko) Chrome/149.0.0.0 Safari/537.36"
87.126.220.31 - - [10/Jul/2026:16:03:22 +0300] "GET /wp-content/uploads/2026/07/1-3-150x150.png HTTP/1.1" 304 0 "https://mithouses.webtrixia.com/wp-admin/post.php?post=115&action=edit" "Mozilla/5.0 (Macintosh; Intel Mac OS X 10_15_7) AppleWebKit/537.36 (KHTML, like Gecko) Chrome/149.0.0.0 Safari/537.36"
87.126.220.31 - - [10/Jul/2026:16:03:22 +0300] "GET /wp-content/uploads/2026/07/1x-150x150.png HTTP/1.1" 304 0 "https://mithouses.webtrixia.com/wp-admin/post.php?post=115&action=edit" "Mozilla/5.0 (Macintosh; Intel Mac OS X 10_15_7) AppleWebKit/537.36 (KHTML, like Gecko) Chrome/149.0.0.0 Safari/537.36"
87.126.220.31 - - [10/Jul/2026:16:03:24 +0300] "POST /wp-admin/admin-ajax.php HTTP/1.1" 200 170 "https://mithouses.webtrixia.com/wp-admin/post.php?post=115&action=edit" "Mozilla/5.0 (Macintosh; Intel Mac OS X 10_15_7) AppleWebKit/537.36 (KHTML, like Gecko) Chrome/149.0.0.0 Safari/537.36"
87.126.220.31 - - [10/Jul/2026:16:03:25 +0300] "GET /wp-json/wc-analytics/products/reviews?page=1&per_page=1&status=hold&_embed=1&_fields%5B0%5D=id&_locale=user HTTP/1.1" 200 12 "https://mithouses.webtrixia.com/wp-admin/post.php?post=115&action=edit" "Mozilla/5.0 (Macintosh; Intel Mac OS X 10_15_7) AppleWebKit/537.36 (KHTML, like Gecko) Chrome/149.0.0.0 Safari/537.36"
87.126.220.31 - - [10/Jul/2026:16:03:25 +0300] "GET /wp-json/wc-admin/options?options=woocommerce_ces_tracks_queue&_locale=user HTTP/1.1" 200 46 "https://mithouses.webtrixia.com/wp-admin/post.php?post=115&action=edit" "Mozilla/5.0 (Macintosh; Intel Mac OS X 10_15_7) AppleWebKit/537.36 (KHTML, like Gecko) Chrome/149.0.0.0 Safari/537.36"
87.126.220.31 - - [10/Jul/2026:16:03:25 +0300] "GET /wp-json/wc-admin/onboarding/tasks?_locale=user HTTP/1.1" 200 6937 "https://mithouses.webtrixia.com/wp-admin/post.php?post=115&action=edit" "Mozilla/5.0 (Macintosh; Intel Mac OS X 10_15_7) AppleWebKit/537.36 (KHTML, like Gecko) Chrome/149.0.0.0 Safari/537.36"
87.126.220.31 - - [10/Jul/2026:16:03:25 +0300] "GET /wp-json/wc-analytics/products/count-low-in-stock?status=publish&page=1&per_page=1&_locale=user HTTP/1.1" 200 21 "https://mithouses.webtrixia.com/wp-admin/post.php?post=115&action=edit" "Mozilla/5.0 (Macintosh; Intel Mac OS X 10_15_7) AppleWebKit/537.36 (KHTML, like Gecko) Chrome/149.0.0.0 Safari/537.36"
87.126.220.31 - - [10/Jul/2026:16:03:27 +0300] "GET /wp-json/wc-analytics/orders?page=1&per_page=1&status%5B0%5D=processing&status%5B1%5D=on-hold&_fields%5B0%5D=id&_locale=user HTTP/1.1" 200 12 "https://mithouses.webtrixia.com/wp-admin/post.php?post=115&action=edit" "Mozilla/5.0 (Macintosh; Intel Mac OS X 10_15_7) AppleWebKit/537.36 (KHTML, like Gecko) Chrome/149.0.0.0 Safari/537.36"
87.126.220.31 - - [10/Jul/2026:16:03:27 +0300] "GET /wp-json/wc-admin/options?options=woocommerce_admin_transient_notices_queue%2Cwoocommerce_admin_install_timestamp%2Cwoocommerce_allow_tracking&_locale=user HTTP/1.1" 200 148 "https://mithouses.webtrixia.com/wp-admin/post.php?post=115&action=edit" "Mozilla/5.0 (Macintosh; Intel Mac OS X 10_15_7) AppleWebKit/537.36 (KHTML, like Gecko) Chrome/149.0.0.0 Safari/537.36"
87.126.220.31 - - [10/Jul/2026:16:03:27 +0300] "GET /wp-admin/admin-ajax.php?action=oembed-cache&post=115 HTTP/1.1" 200 11 "https://mithouses.webtrixia.com/wp-admin/post.php?post=115&action=edit" "Mozilla/5.0 (Macintosh; Intel Mac OS X 10_15_7) AppleWebKit/537.36 (KHTML, like Gecko) Chrome/149.0.0.0 Safari/537.36"
87.126.220.31 - - [10/Jul/2026:16:03:27 +0300] "GET /wp-json/wc-analytics/admin/notes?page=1&per_page=25&type=error%2Cupdate&status=unactioned&_locale=user HTTP/1.1" 200 12 "https://mithouses.webtrixia.com/wp-admin/post.php?post=115&action=edit" "Mozilla/5.0 (Macintosh; Intel Mac OS X 10_15_7) AppleWebKit/537.36 (KHTML, like Gecko) Chrome/149.0.0.0 Safari/537.36"
87.126.220.31 - - [10/Jul/2026:16:03:27 +0300] "POST /wp-admin/admin-ajax.php HTTP/1.1" 200 285 "https://mithouses.webtrixia.com/wp-admin/post.php?post=115&action=edit" "Mozilla/5.0 (Macintosh; Intel Mac OS X 10_15_7) AppleWebKit/537.36 (KHTML, like Gecko) Chrome/149.0.0.0 Safari/537.36"
93.94.140.42 - - [10/Jul/2026:16:03:36 +0300] "POST /wp-admin/admin-ajax.php?action=as_async_request_queue_runner&nonce=361d350f2e HTTP/1.1" 499 0 "-" "WordPress/7.0.1; https://mithouses.webtrixia.com"
87.126.220.31 - - [10/Jul/2026:16:03:36 +0300] "POST /wp-admin/admin-ajax.php HTTP/1.1" 200 58 "https://mithouses.webtrixia.com/wp-admin/edit.php?post_type=product" "Mozilla/5.0 (Macintosh; Intel Mac OS X 10_15_7) AppleWebKit/537.36 (KHTML, like Gecko) Chrome/149.0.0.0 Safari/537.36"
93.94.140.42 - - [10/Jul/2026:16:03:41 +0300] "POST /wp-cron.php?doing_wp_cron=1783688621.5715439319610595703125 HTTP/1.1" 200 0 "-" "WordPress/7.0.1; https://mithouses.webtrixia.com"
87.126.220.31 - - [10/Jul/2026:16:04:24 +0300] "POST /wp-admin/admin-ajax.php HTTP/1.1" 200 58 "https://mithouses.webtrixia.com/wp-admin/post.php?post=115&action=edit" "Mozilla/5.0 (Macintosh; Intel Mac OS X 10_15_7) AppleWebKit/537.36 (KHTML, like Gecko) Chrome/149.0.0.0 Safari/537.36"
87.126.220.31 - - [10/Jul/2026:16:04:35 +0300] "POST /wp-admin/admin-ajax.php HTTP/1.1" 200 58 "https://mithouses.webtrixia.com/wp-admin/post.php?post=38&action=edit" "Mozilla/5.0 (Macintosh; Intel Mac OS X 10_15_7) AppleWebKit/537.36 (KHTML, like Gecko) Chrome/149.0.0.0 Safari/537.36"
93.94.140.42 - - [10/Jul/2026:16:05:37 +0300] "POST /wp-admin/admin-ajax.php?action=as_async_request_queue_runner&nonce=361d350f2e HTTP/1.1" 499 0 "-" "WordPress/7.0.1; https://mithouses.webtrixia.com"
93.94.140.42 - - [10/Jul/2026:16:05:37 +0300] "POST /wp-cron.php?doing_wp_cron=1783688737.4924120903015136718750 HTTP/1.1" 200 0 "-" "WordPress/7.0.1; https://mithouses.webtrixia.com"
87.126.220.31 - - [10/Jul/2026:16:05:37 +0300] "POST /wp-admin/admin-ajax.php HTTP/1.1" 200 58 "https://mithouses.webtrixia.com/wp-admin/edit.php?post_type=product" "Mozilla/5.0 (Macintosh; Intel Mac OS X 10_15_7) AppleWebKit/537.36 (KHTML, like Gecko) Chrome/149.0.0.0 Safari/537.36"
87.126.220.31 - - [10/Jul/2026:16:06:24 +0300] "POST /wp-admin/admin-ajax.php HTTP/1.1" 200 58 "https://mithouses.webtrixia.com/wp-admin/post.php?post=115&action=edit" "Mozilla/5.0 (Macintosh; Intel Mac OS X 10_15_7) AppleWebKit/537.36 (KHTML, like Gecko) Chrome/149.0.0.0 Safari/537.36"
87.126.220.31 - - [10/Jul/2026:16:06:36 +0300] "POST /wp-admin/admin-ajax.php HTTP/1.1" 200 58 "https://mithouses.webtrixia.com/wp-admin/post.php?post=38&action=edit" "Mozilla/5.0 (Macintosh; Intel Mac OS X 10_15_7) AppleWebKit/537.36 (KHTML, like Gecko) Chrome/149.0.0.0 Safari/537.36"
93.94.140.42 - - [10/Jul/2026:16:07:38 +0300] "POST /wp-admin/admin-ajax.php?action=as_async_request_queue_runner&nonce=361d350f2e HTTP/1.1" 499 0 "-" "WordPress/7.0.1; https://mithouses.webtrixia.com"
93.94.140.42 - - [10/Jul/2026:16:07:38 +0300] "POST /wp-cron.php?doing_wp_cron=1783688858.6388080120086669921875 HTTP/1.1" 200 0 "-" "WordPress/7.0.1; https://mithouses.webtrixia.com"
87.126.220.31 - - [10/Jul/2026:16:07:38 +0300] "POST /wp-admin/admin-ajax.php HTTP/1.1" 200 58 "https://mithouses.webtrixia.com/wp-admin/edit.php?post_type=product" "Mozilla/5.0 (Macintosh; Intel Mac OS X 10_15_7) AppleWebKit/537.36 (KHTML, like Gecko) Chrome/149.0.0.0 Safari/537.36"
87.126.220.31 - - [10/Jul/2026:16:08:24 +0300] "POST /wp-admin/admin-ajax.php HTTP/1.1" 200 58 "https://mithouses.webtrixia.com/wp-admin/post.php?post=115&action=edit" "Mozilla/5.0 (Macintosh; Intel Mac OS X 10_15_7) AppleWebKit/537.36 (KHTML, like Gecko) Chrome/149.0.0.0 Safari/537.36"
93.94.140.42 - - [10/Jul/2026:16:09:31 +0300] "POST /wp-admin/admin-ajax.php?action=as_async_request_queue_runner&nonce=361d350f2e HTTP/1.1" 499 0 "-" "WordPress/7.0.1; https://mithouses.webtrixia.com"
93.94.140.42 - - [10/Jul/2026:16:09:31 +0300] "POST /wp-cron.php?doing_wp_cron=1783688971.0966799259185791015625 HTTP/1.1" 200 0 "-" "WordPress/7.0.1; https://mithouses.webtrixia.com"
87.126.220.31 - - [10/Jul/2026:16:09:31 +0300] "POST /wp-admin/admin-ajax.php HTTP/1.1" 200 58 "https://mithouses.webtrixia.com/wp-admin/post.php?post=115&action=edit" "Mozilla/5.0 (Macintosh; Intel Mac OS X 10_15_7) AppleWebKit/537.36 (KHTML, like Gecko) Chrome/149.0.0.0 Safari/537.36"
87.126.220.31 - - [10/Jul/2026:16:09:35 +0300] "POST /wp-admin/admin-ajax.php HTTP/1.1" 200 58 "https://mithouses.webtrixia.com/wp-admin/post.php?post=38&action=edit" "Mozilla/5.0 (Macintosh; Intel Mac OS X 10_15_7) AppleWebKit/537.36 (KHTML, like Gecko) Chrome/149.0.0.0 Safari/537.36"
87.126.220.31 - - [10/Jul/2026:16:09:36 +0300] "POST /wp-admin/admin-ajax.php HTTP/1.1" 200 11 "https://mithouses.webtrixia.com/wp-admin/post.php?post=115&action=edit" "Mozilla/5.0 (Macintosh; Intel Mac OS X 10_15_7) AppleWebKit/537.36 (KHTML, like Gecko) Chrome/149.0.0.0 Safari/537.36"
93.94.140.42 - - [10/Jul/2026:16:09:39 +0300] "POST /wp-cron.php?doing_wp_cron=1783688979.1336350440979003906250 HTTP/1.1" 200 0 "-" "WordPress/7.0.1; https://mithouses.webtrixia.com"
87.126.220.31 - - [10/Jul/2026:16:09:39 +0300] "POST /wp-admin/admin-ajax.php HTTP/1.1" 200 58 "https://mithouses.webtrixia.com/wp-admin/edit.php?post_type=product" "Mozilla/5.0 (Macintosh; Intel Mac OS X 10_15_7) AppleWebKit/537.36 (KHTML, like Gecko) Chrome/149.0.0.0 Safari/537.36"
93.94.140.42 - - [10/Jul/2026:16:09:41 +0300] "POST /wp-cron.php?doing_wp_cron=1783688981.1050350666046142578125 HTTP/1.1" 200 0 "-" "WordPress/7.0.1; https://mithouses.webtrixia.com"
87.126.220.31 - - [10/Jul/2026:16:09:41 +0300] "GET /wp-admin/edit.php?post_type=product HTTP/1.1" 200 418792 "https://mithouses.webtrixia.com/wp-admin/" "Mozilla/5.0 (Macintosh; Intel Mac OS X 10_15_7) AppleWebKit/537.36 (KHTML, like Gecko) Chrome/149.0.0.0 Safari/537.36"
87.126.220.31 - - [10/Jul/2026:16:09:41 +0300] "GET /wp-content/uploads/2026/07/1-1-150x150.png HTTP/1.1" 200 46648 "https://mithouses.webtrixia.com/wp-admin/edit.php?post_type=product" "Mozilla/5.0 (Macintosh; Intel Mac OS X 10_15_7) AppleWebKit/537.36 (KHTML, like Gecko) Chrome/149.0.0.0 Safari/537.36"
87.126.220.31 - - [10/Jul/2026:16:09:45 +0300] "GET /wp-json/wc-analytics/orders?page=1&per_page=1&status%5B0%5D=processing&status%5B1%5D=on-hold&_fields%5B0%5D=id&_locale=user HTTP/1.1" 200 12 "https://mithouses.webtrixia.com/wp-admin/edit.php?post_type=product" "Mozilla/5.0 (Macintosh; Intel Mac OS X 10_15_7) AppleWebKit/537.36 (KHTML, like Gecko) Chrome/149.0.0.0 Safari/537.36"
87.126.220.31 - - [10/Jul/2026:16:09:45 +0300] "GET /wp-json/wc-analytics/products/reviews?page=1&per_page=1&status=hold&_embed=1&_fields%5B0%5D=id&_locale=user HTTP/1.1" 200 12 "https://mithouses.webtrixia.com/wp-admin/edit.php?post_type=product" "Mozilla/5.0 (Macintosh; Intel Mac OS X 10_15_7) AppleWebKit/537.36 (KHTML, like Gecko) Chrome/149.0.0.0 Safari/537.36"
87.126.220.31 - - [10/Jul/2026:16:09:46 +0300] "GET /wp-json/wc-admin/options?options=woocommerce_ces_tracks_queue&_locale=user HTTP/1.1" 200 46 "https://mithouses.webtrixia.com/wp-admin/edit.php?post_type=product" "Mozilla/5.0 (Macintosh; Intel Mac OS X 10_15_7) AppleWebKit/537.36 (KHTML, like Gecko) Chrome/149.0.0.0 Safari/537.36"
87.126.220.31 - - [10/Jul/2026:16:09:46 +0300] "GET /wp-json/wc-analytics/products/count-low-in-stock?status=publish&page=1&per_page=1&_locale=user HTTP/1.1" 200 21 "https://mithouses.webtrixia.com/wp-admin/edit.php?post_type=product" "Mozilla/5.0 (Macintosh; Intel Mac OS X 10_15_7) AppleWebKit/537.36 (KHTML, like Gecko) Chrome/149.0.0.0 Safari/537.36"
87.126.220.31 - - [10/Jul/2026:16:09:48 +0300] "GET /wp-json/wc-admin/onboarding/tasks?_locale=user HTTP/1.1" 200 6937 "https://mithouses.webtrixia.com/wp-admin/edit.php?post_type=product" "Mozilla/5.0 (Macintosh; Intel Mac OS X 10_15_7) AppleWebKit/537.36 (KHTML, like Gecko) Chrome/149.0.0.0 Safari/537.36"
87.126.220.31 - - [10/Jul/2026:16:09:49 +0300] "POST /wp-admin/admin-ajax.php HTTP/1.1" 200 122 "https://mithouses.webtrixia.com/wp-admin/edit.php?post_type=product" "Mozilla/5.0 (Macintosh; Intel Mac OS X 10_15_7) AppleWebKit/537.36 (KHTML, like Gecko) Chrome/149.0.0.0 Safari/537.36"
87.126.220.31 - - [10/Jul/2026:16:09:49 +0300] "GET /favicon.ico HTTP/1.1" 302 0 "https://mithouses.webtrixia.com/wp-admin/edit.php?post_type=product" "Mozilla/5.0 (Macintosh; Intel Mac OS X 10_15_7) AppleWebKit/537.36 (KHTML, like Gecko) Chrome/149.0.0.0 Safari/537.36"
87.126.220.31 - - [10/Jul/2026:16:09:49 +0300] "GET /wp-json/wc-analytics/admin/notes?page=1&per_page=25&type=error%2Cupdate&status=unactioned&_locale=user HTTP/1.1" 200 12 "https://mithouses.webtrixia.com/wp-admin/edit.php?post_type=product" "Mozilla/5.0 (Macintosh; Intel Mac OS X 10_15_7) AppleWebKit/537.36 (KHTML, like Gecko) Chrome/149.0.0.0 Safari/537.36"
87.126.220.31 - - [10/Jul/2026:16:09:50 +0300] "GET /wp-json/wc-admin/options?options=woocommerce_admin_transient_notices_queue%2Cwoocommerce_admin_install_timestamp&_locale=user HTTP/1.1" 200 113 "https://mithouses.webtrixia.com/wp-admin/edit.php?post_type=product" "Mozilla/5.0 (Macintosh; Intel Mac OS X 10_15_7) AppleWebKit/537.36 (KHTML, like Gecko) Chrome/149.0.0.0 Safari/537.36"
87.126.220.31 - - [10/Jul/2026:16:09:52 +0300] "POST /wp-admin/admin-ajax.php HTTP/1.1" 200 58 "https://mithouses.webtrixia.com/wp-admin/edit.php?post_type=product" "Mozilla/5.0 (Macintosh; Intel Mac OS X 10_15_7) AppleWebKit/537.36 (KHTML, like Gecko) Chrome/149.0.0.0 Safari/537.36"
164.92.195.226 - - [10/Jul/2026:16:09:59 +0300] "GET / HTTP/1.1" 200 157696 "-" "Mozilla/5.0 (X11; Linux x86_64) AppleWebKit/537.36 (KHTML, like Gecko) Chrome/142.0.0.0 Safari/537.36"
164.92.195.226 - - [10/Jul/2026:16:10:02 +0300] "GET /favicon.ico HTTP/1.1" 302 0 "https://mithouses.webtrixia.com/" "Mozilla/5.0 (X11; Linux x86_64) AppleWebKit/537.36 (KHTML, like Gecko) Chrome/142.0.0.0 Safari/537.36"
93.94.140.42 - - [10/Jul/2026:16:11:37 +0300] "POST /wp-admin/admin-ajax.php?action=as_async_request_queue_runner&nonce=361d350f2e HTTP/1.1" 499 0 "-" "WordPress/7.0.1; https://mithouses.webtrixia.com"
93.94.140.42 - - [10/Jul/2026:16:11:37 +0300] "POST /wp-cron.php?doing_wp_cron=1783689097.8931269645690917968750 HTTP/1.1" 200 0 "-" "WordPress/7.0.1; https://mithouses.webtrixia.com"
87.126.220.31 - - [10/Jul/2026:16:11:37 +0300] "POST /wp-admin/admin-ajax.php HTTP/1.1" 200 58 "https://mithouses.webtrixia.com/wp-admin/post.php?post=38&action=edit" "Mozilla/5.0 (Macintosh; Intel Mac OS X 10_15_7) AppleWebKit/537.36 (KHTML, like Gecko) Chrome/149.0.0.0 Safari/537.36"
87.126.220.31 - - [10/Jul/2026:16:11:52 +0300] "POST /wp-admin/admin-ajax.php HTTP/1.1" 200 58 "https://mithouses.webtrixia.com/wp-admin/edit.php?post_type=product" "Mozilla/5.0 (Macintosh; Intel Mac OS X 10_15_7) AppleWebKit/537.36 (KHTML, like Gecko) Chrome/149.0.0.0 Safari/537.36"
93.94.140.42 - - [10/Jul/2026:16:13:38 +0300] "POST /wp-admin/admin-ajax.php?action=as_async_request_queue_runner&nonce=361d350f2e HTTP/1.1" 499 0 "-" "WordPress/7.0.1; https://mithouses.webtrixia.com"
93.94.140.42 - - [10/Jul/2026:16:13:38 +0300] "POST /wp-cron.php?doing_wp_cron=1783689218.5416879653930664062500 HTTP/1.1" 200 0 "-" "WordPress/7.0.1; https://mithouses.webtrixia.com"
87.126.220.31 - - [10/Jul/2026:16:13:38 +0300] "POST /wp-admin/admin-ajax.php HTTP/1.1" 200 58 "https://mithouses.webtrixia.com/wp-admin/post.php?post=38&action=edit" "Mozilla/5.0 (Macintosh; Intel Mac OS X 10_15_7) AppleWebKit/537.36 (KHTML, like Gecko) Chrome/149.0.0.0 Safari/537.36"
87.126.220.31 - - [10/Jul/2026:16:13:52 +0300] "POST /wp-admin/admin-ajax.php HTTP/1.1" 200 58 "https://mithouses.webtrixia.com/wp-admin/edit.php?post_type=product" "Mozilla/5.0 (Macintosh; Intel Mac OS X 10_15_7) AppleWebKit/537.36 (KHTML, like Gecko) Chrome/149.0.0.0 Safari/537.36"
93.94.140.42 - - [10/Jul/2026:16:15:39 +0300] "POST /wp-admin/admin-ajax.php?action=as_async_request_queue_runner&nonce=361d350f2e HTTP/1.1" 499 0 "-" "WordPress/7.0.1; https://mithouses.webtrixia.com"
93.94.140.42 - - [10/Jul/2026:16:15:39 +0300] "POST /wp-cron.php?doing_wp_cron=1783689339.5712459087371826171875 HTTP/1.1" 200 0 "-" "WordPress/7.0.1; https://mithouses.webtrixia.com"
87.126.220.31 - - [10/Jul/2026:16:15:39 +0300] "POST /wp-admin/admin-ajax.php HTTP/1.1" 200 58 "https://mithouses.webtrixia.com/wp-admin/post.php?post=38&action=edit" "Mozilla/5.0 (Macintosh; Intel Mac OS X 10_15_7) AppleWebKit/537.36 (KHTML, like Gecko) Chrome/149.0.0.0 Safari/537.36"
87.126.220.31 - - [10/Jul/2026:16:15:43 +0300] "GET /wp-json/elementor/v1/checklist/user-progress HTTP/1.1" 200 632 "https://mithouses.webtrixia.com/wp-admin/post.php?post=104&action=elementor" "Mozilla/5.0 (Macintosh; Intel Mac OS X 10_15_7) AppleWebKit/537.36 (KHTML, like Gecko) Chrome/149.0.0.0 Safari/537.36"
87.126.220.31 - - [10/Jul/2026:16:15:52 +0300] "POST /wp-admin/admin-ajax.php HTTP/1.1" 200 58 "https://mithouses.webtrixia.com/wp-admin/edit.php?post_type=product" "Mozilla/5.0 (Macintosh; Intel Mac OS X 10_15_7) AppleWebKit/537.36 (KHTML, like Gecko) Chrome/149.0.0.0 Safari/537.36"
87.126.220.31 - - [10/Jul/2026:16:16:03 +0300] "POST /wp-admin/admin-ajax.php HTTP/1.1" 200 58 "https://mithouses.webtrixia.com/wp-admin/edit.php?post_type=product" "Mozilla/5.0 (Macintosh; Intel Mac OS X 10_15_7) AppleWebKit/537.36 (KHTML, like Gecko) Chrome/149.0.0.0 Safari/537.36"
87.126.220.31 - - [10/Jul/2026:16:16:09 +0300] "GET /wp-admin/post-new.php?post_type=product HTTP/1.1" 200 549193 "https://mithouses.webtrixia.com/wp-admin/edit.php?post_type=product" "Mozilla/5.0 (Macintosh; Intel Mac OS X 10_15_7) AppleWebKit/537.36 (KHTML, like Gecko) Chrome/149.0.0.0 Safari/537.36"
87.126.220.31 - - [10/Jul/2026:16:16:11 +0300] "POST /wp-admin/admin-ajax.php HTTP/1.1" 200 11 "https://mithouses.webtrixia.com/wp-admin/post.php?post=38&action=edit" "Mozilla/5.0 (Macintosh; Intel Mac OS X 10_15_7) AppleWebKit/537.36 (KHTML, like Gecko) Chrome/149.0.0.0 Safari/537.36"
87.126.220.31 - - [10/Jul/2026:16:16:11 +0300] "POST /wp-admin/admin-ajax.php HTTP/1.1" 500 195 "https://mithouses.webtrixia.com/wp-admin/post-new.php?post_type=product" "Mozilla/5.0 (Macintosh; Intel Mac OS X 10_15_7) AppleWebKit/537.36 (KHTML, like Gecko) Chrome/149.0.0.0 Safari/537.36"
87.126.220.31 - - [10/Jul/2026:16:16:12 +0300] "GET /wp-json/wc-analytics/products/count-low-in-stock?status=publish&page=1&per_page=1&_locale=user HTTP/1.1" 200 21 "https://mithouses.webtrixia.com/wp-admin/post-new.php?post_type=product" "Mozilla/5.0 (Macintosh; Intel Mac OS X 10_15_7) AppleWebKit/537.36 (KHTML, like Gecko) Chrome/149.0.0.0 Safari/537.36"
87.126.220.31 - - [10/Jul/2026:16:16:12 +0300] "GET /wp-json/wc-analytics/products/reviews?page=1&per_page=1&status=hold&_embed=1&_fields%5B0%5D=id&_locale=user HTTP/1.1" 200 12 "https://mithouses.webtrixia.com/wp-admin/post-new.php?post_type=product" "Mozilla/5.0 (Macintosh; Intel Mac OS X 10_15_7) AppleWebKit/537.36 (KHTML, like Gecko) Chrome/149.0.0.0 Safari/537.36"
87.126.220.31 - - [10/Jul/2026:16:16:12 +0300] "GET /wp-json/wc-admin/onboarding/tasks?_locale=user HTTP/1.1" 200 6937 "https://mithouses.webtrixia.com/wp-admin/post-new.php?post_type=product" "Mozilla/5.0 (Macintosh; Intel Mac OS X 10_15_7) AppleWebKit/537.36 (KHTML, like Gecko) Chrome/149.0.0.0 Safari/537.36"
87.126.220.31 - - [10/Jul/2026:16:16:13 +0300] "GET /wp-json/wc-analytics/orders?page=1&per_page=1&status%5B0%5D=processing&status%5B1%5D=on-hold&_fields%5B0%5D=id&_locale=user HTTP/1.1" 200 12 "https://mithouses.webtrixia.com/wp-admin/post-new.php?post_type=product" "Mozilla/5.0 (Macintosh; Intel Mac OS X 10_15_7) AppleWebKit/537.36 (KHTML, like Gecko) Chrome/149.0.0.0 Safari/537.36"
87.126.220.31 - - [10/Jul/2026:16:16:14 +0300] "GET /wp-json/wc-admin/options?options=woocommerce_ces_tracks_queue&_locale=user HTTP/1.1" 200 46 "https://mithouses.webtrixia.com/wp-admin/post-new.php?post_type=product" "Mozilla/5.0 (Macintosh; Intel Mac OS X 10_15_7) AppleWebKit/537.36 (KHTML, like Gecko) Chrome/149.0.0.0 Safari/537.36"
87.126.220.31 - - [10/Jul/2026:16:16:14 +0300] "GET /wp-json/wc-analytics/admin/notes?page=1&per_page=25&type=error%2Cupdate&status=unactioned&_locale=user HTTP/1.1" 200 12 "https://mithouses.webtrixia.com/wp-admin/post-new.php?post_type=product" "Mozilla/5.0 (Macintosh; Intel Mac OS X 10_15_7) AppleWebKit/537.36 (KHTML, like Gecko) Chrome/149.0.0.0 Safari/537.36"
87.126.220.31 - - [10/Jul/2026:16:16:14 +0300] "GET /wp-json/wc-admin/options?options=woocommerce_admin_transient_notices_queue%2Cwoocommerce_admin_install_timestamp%2Cwoocommerce_allow_tracking&_locale=user HTTP/1.1" 200 148 "https://mithouses.webtrixia.com/wp-admin/post-new.php?post_type=product" "Mozilla/5.0 (Macintosh; Intel Mac OS X 10_15_7) AppleWebKit/537.36 (KHTML, like Gecko) Chrome/149.0.0.0 Safari/537.36"
87.126.220.31 - - [10/Jul/2026:16:16:17 +0300] "POST /wp-admin/admin-ajax.php HTTP/1.1" 200 128 "https://mithouses.webtrixia.com/wp-admin/post-new.php?post_type=product" "Mozilla/5.0 (Macintosh; Intel Mac OS X 10_15_7) AppleWebKit/537.36 (KHTML, like Gecko) Chrome/149.0.0.0 Safari/537.36"
87.126.220.31 - - [10/Jul/2026:16:16:18 +0300] "GET /wp-admin/edit.php?post_type=product HTTP/1.1" 200 418878 "https://mithouses.webtrixia.com/wp-admin/post-new.php?post_type=product" "Mozilla/5.0 (Macintosh; Intel Mac OS X 10_15_7) AppleWebKit/537.36 (KHTML, like Gecko) Chrome/149.0.0.0 Safari/537.36"
87.126.220.31 - - [10/Jul/2026:16:16:18 +0300] "GET /wp-content/uploads/2026/07/1-1-150x150.png HTTP/1.1" 304 0 "https://mithouses.webtrixia.com/wp-admin/edit.php?post_type=product" "Mozilla/5.0 (Macintosh; Intel Mac OS X 10_15_7) AppleWebKit/537.36 (KHTML, like Gecko) Chrome/149.0.0.0 Safari/537.36"
87.126.220.31 - - [10/Jul/2026:16:16:19 +0300] "GET /wp-json/wc-analytics/products/reviews?page=1&per_page=1&status=hold&_embed=1&_fields%5B0%5D=id&_locale=user HTTP/1.1" 499 0 "https://mithouses.webtrixia.com/wp-admin/edit.php?post_type=product" "Mozilla/5.0 (Macintosh; Intel Mac OS X 10_15_7) AppleWebKit/537.36 (KHTML, like Gecko) Chrome/149.0.0.0 Safari/537.36"
87.126.220.31 - - [10/Jul/2026:16:16:19 +0300] "GET /wp-json/wp/v2/ HTTP/1.1" 499 0 "https://mithouses.webtrixia.com/wp-admin/edit.php?post_type=product" "Mozilla/5.0 (Macintosh; Intel Mac OS X 10_15_7) AppleWebKit/537.36 (KHTML, like Gecko) Chrome/149.0.0.0 Safari/537.36"
87.126.220.31 - - [10/Jul/2026:16:16:19 +0300] "GET /wp-json/wc-admin/onboarding/tasks?_locale=user HTTP/1.1" 499 0 "https://mithouses.webtrixia.com/wp-admin/edit.php?post_type=product" "Mozilla/5.0 (Macintosh; Intel Mac OS X 10_15_7) AppleWebKit/537.36 (KHTML, like Gecko) Chrome/149.0.0.0 Safari/537.36"
87.126.220.31 - - [10/Jul/2026:16:16:19 +0300] "GET /wp-json/wc-analytics/products/count-low-in-stock?status=publish&page=1&per_page=1&_locale=user HTTP/1.1" 499 0 "https://mithouses.webtrixia.com/wp-admin/edit.php?post_type=product" "Mozilla/5.0 (Macintosh; Intel Mac OS X 10_15_7) AppleWebKit/537.36 (KHTML, like Gecko) Chrome/149.0.0.0 Safari/537.36"
87.126.220.31 - - [10/Jul/2026:16:16:19 +0300] "GET /wp-json/wc-analytics/orders?page=1&per_page=1&status%5B0%5D=processing&status%5B1%5D=on-hold&_fields%5B0%5D=id&_locale=user HTTP/1.1" 499 0 "https://mithouses.webtrixia.com/wp-admin/edit.php?post_type=product" "Mozilla/5.0 (Macintosh; Intel Mac OS X 10_15_7) AppleWebKit/537.36 (KHTML, like Gecko) Chrome/149.0.0.0 Safari/537.36"
87.126.220.31 - - [10/Jul/2026:16:16:20 +0300] "POST /wp-admin/admin-ajax.php HTTP/1.1" 200 484 "https://mithouses.webtrixia.com/wp-admin/post-new.php?post_type=product" "Mozilla/5.0 (Macintosh; Intel Mac OS X 10_15_7) AppleWebKit/537.36 (KHTML, like Gecko) Chrome/149.0.0.0 Safari/537.36"
87.126.220.31 - - [10/Jul/2026:16:16:25 +0300] "POST /wp-admin/admin-ajax.php HTTP/1.1" 200 25475 "https://mithouses.webtrixia.com/wp-admin/post-new.php?post_type=product" "Mozilla/5.0 (Macintosh; Intel Mac OS X 10_15_7) AppleWebKit/537.36 (KHTML, like Gecko) Chrome/149.0.0.0 Safari/537.36"
87.126.220.31 - - [10/Jul/2026:16:16:29 +0300] "GET /wp-content/uploads/2026/07/1x-300x240.png HTTP/1.1" 304 0 "https://mithouses.webtrixia.com/wp-admin/post-new.php?post_type=product" "Mozilla/5.0 (Macintosh; Intel Mac OS X 10_15_7) AppleWebKit/537.36 (KHTML, like Gecko) Chrome/149.0.0.0 Safari/537.36"
87.126.220.31 - - [10/Jul/2026:16:16:29 +0300] "GET /wp-content/uploads/2026/07/1-1-300x183.png HTTP/1.1" 304 0 "https://mithouses.webtrixia.com/wp-admin/post-new.php?post_type=product" "Mozilla/5.0 (Macintosh; Intel Mac OS X 10_15_7) AppleWebKit/537.36 (KHTML, like Gecko) Chrome/149.0.0.0 Safari/537.36"
87.126.220.31 - - [10/Jul/2026:16:16:29 +0300] "GET /wp-content/uploads/2026/07/1-3-300x200.png HTTP/1.1" 304 0 "https://mithouses.webtrixia.com/wp-admin/post-new.php?post_type=product" "Mozilla/5.0 (Macintosh; Intel Mac OS X 10_15_7) AppleWebKit/537.36 (KHTML, like Gecko) Chrome/149.0.0.0 Safari/537.36"
87.126.220.31 - - [10/Jul/2026:16:16:32 +0300] "POST /wp-admin/async-upload.php HTTP/1.1" 200 1883 "https://mithouses.webtrixia.com/wp-admin/post-new.php?post_type=product" "Mozilla/5.0 (Macintosh; Intel Mac OS X 10_15_7) AppleWebKit/537.36 (KHTML, like Gecko) Chrome/149.0.0.0 Safari/537.36"
87.126.220.31 - - [10/Jul/2026:16:16:32 +0300] "GET /wp-content/uploads/2026/07/21-300x200.png HTTP/1.1" 200 121946 "https://mithouses.webtrixia.com/wp-admin/post-new.php?post_type=product" "Mozilla/5.0 (Macintosh; Intel Mac OS X 10_15_7) AppleWebKit/537.36 (KHTML, like Gecko) Chrome/149.0.0.0 Safari/537.36"
87.126.220.31 - - [10/Jul/2026:16:16:34 +0300] "POST /wp-admin/admin-ajax.php HTTP/1.1" 200 1652 "https://mithouses.webtrixia.com/wp-admin/post-new.php?post_type=product" "Mozilla/5.0 (Macintosh; Intel Mac OS X 10_15_7) AppleWebKit/537.36 (KHTML, like Gecko) Chrome/149.0.0.0 Safari/537.36"
87.126.220.31 - - [10/Jul/2026:16:16:34 +0300] "GET /wp-content/uploads/2026/07/21-300x300.png HTTP/1.1" 200 159466 "https://mithouses.webtrixia.com/wp-admin/post-new.php?post_type=product" "Mozilla/5.0 (Macintosh; Intel Mac OS X 10_15_7) AppleWebKit/537.36 (KHTML, like Gecko) Chrome/149.0.0.0 Safari/537.36"
87.126.220.31 - - [10/Jul/2026:16:16:36 +0300] "POST /wp-admin/admin-ajax.php HTTP/1.1" 200 27323 "https://mithouses.webtrixia.com/wp-admin/post-new.php?post_type=product" "Mozilla/5.0 (Macintosh; Intel Mac OS X 10_15_7) AppleWebKit/537.36 (KHTML, like Gecko) Chrome/149.0.0.0 Safari/537.36"
93.94.140.42 - - [10/Jul/2026:16:16:43 +0300] "POST /wp-admin/admin-ajax.php?action=as_async_request_queue_runner&nonce=361d350f2e HTTP/1.1" 499 0 "-" "WordPress/7.0.1; https://mithouses.webtrixia.com"
93.94.140.42 - - [10/Jul/2026:16:16:43 +0300] "POST /wp-cron.php?doing_wp_cron=1783689403.8234970569610595703125 HTTP/1.1" 200 0 "-" "WordPress/7.0.1; https://mithouses.webtrixia.com"
87.126.220.31 - - [10/Jul/2026:16:16:43 +0300] "POST /wp-admin/async-upload.php HTTP/1.1" 200 1883 "https://mithouses.webtrixia.com/wp-admin/post-new.php?post_type=product" "Mozilla/5.0 (Macintosh; Intel Mac OS X 10_15_7) AppleWebKit/537.36 (KHTML, like Gecko) Chrome/149.0.0.0 Safari/537.36"
87.126.220.31 - - [10/Jul/2026:16:16:43 +0300] "GET /wp-content/uploads/2026/07/22-300x200.png HTTP/1.1" 200 116794 "https://mithouses.webtrixia.com/wp-admin/post-new.php?post_type=product" "Mozilla/5.0 (Macintosh; Intel Mac OS X 10_15_7) AppleWebKit/537.36 (KHTML, like Gecko) Chrome/149.0.0.0 Safari/537.36"
87.126.220.31 - - [10/Jul/2026:16:16:46 +0300] "POST /wp-admin/async-upload.php HTTP/1.1" 200 1883 "https://mithouses.webtrixia.com/wp-admin/post-new.php?post_type=product" "Mozilla/5.0 (Macintosh; Intel Mac OS X 10_15_7) AppleWebKit/537.36 (KHTML, like Gecko) Chrome/149.0.0.0 Safari/537.36"
87.126.220.31 - - [10/Jul/2026:16:16:47 +0300] "GET /wp-content/uploads/2026/07/23-300x200.png HTTP/1.1" 200 116867 "https://mithouses.webtrixia.com/wp-admin/post-new.php?post_type=product" "Mozilla/5.0 (Macintosh; Intel Mac OS X 10_15_7) AppleWebKit/537.36 (KHTML, like Gecko) Chrome/149.0.0.0 Safari/537.36"
87.126.220.31 - - [10/Jul/2026:16:16:47 +0300] "GET /wp-content/uploads/2026/07/23-150x150.png HTTP/1.1" 200 43514 "https://mithouses.webtrixia.com/wp-admin/post-new.php?post_type=product" "Mozilla/5.0 (Macintosh; Intel Mac OS X 10_15_7) AppleWebKit/537.36 (KHTML, like Gecko) Chrome/149.0.0.0 Safari/537.36"
87.126.220.31 - - [10/Jul/2026:16:16:47 +0300] "GET /wp-content/uploads/2026/07/22-150x150.png HTTP/1.1" 200 43432 "https://mithouses.webtrixia.com/wp-admin/post-new.php?post_type=product" "Mozilla/5.0 (Macintosh; Intel Mac OS X 10_15_7) AppleWebKit/537.36 (KHTML, like Gecko) Chrome/149.0.0.0 Safari/537.36"
87.126.220.31 - - [10/Jul/2026:16:16:51 +0300] "GET /wp-json/elementor/v1/checklist/user-progress HTTP/1.1" 200 632 "https://mithouses.webtrixia.com/wp-admin/post.php?post=104&action=elementor" "Mozilla/5.0 (Macintosh; Intel Mac OS X 10_15_7) AppleWebKit/537.36 (KHTML, like Gecko) Chrome/149.0.0.0 Safari/537.36"
87.126.220.31 - - [10/Jul/2026:16:16:53 +0300] "POST /wp-admin/post.php HTTP/1.1" 302 0 "https://mithouses.webtrixia.com/wp-admin/post-new.php?post_type=product&wp-post-new-reload=true" "Mozilla/5.0 (Macintosh; Intel Mac OS X 10_15_7) AppleWebKit/537.36 (KHTML, like Gecko) Chrome/149.0.0.0 Safari/537.36"
87.126.220.31 - - [10/Jul/2026:16:16:55 +0300] "GET /wp-admin/post.php?post=119&action=edit&message=6 HTTP/1.1" 200 558567 "https://mithouses.webtrixia.com/wp-admin/post-new.php?post_type=product&wp-post-new-reload=true" "Mozilla/5.0 (Macintosh; Intel Mac OS X 10_15_7) AppleWebKit/537.36 (KHTML, like Gecko) Chrome/149.0.0.0 Safari/537.36"
87.126.220.31 - - [10/Jul/2026:16:16:55 +0300] "GET /wp-content/uploads/2026/07/21-300x300.png HTTP/1.1" 304 0 "https://mithouses.webtrixia.com/wp-admin/post.php?post=119&action=edit" "Mozilla/5.0 (Macintosh; Intel Mac OS X 10_15_7) AppleWebKit/537.36 (KHTML, like Gecko) Chrome/149.0.0.0 Safari/537.36"
87.126.220.31 - - [10/Jul/2026:16:16:55 +0300] "GET /wp-content/uploads/2026/07/22-150x150.png HTTP/1.1" 304 0 "https://mithouses.webtrixia.com/wp-admin/post.php?post=119&action=edit" "Mozilla/5.0 (Macintosh; Intel Mac OS X 10_15_7) AppleWebKit/537.36 (KHTML, like Gecko) Chrome/149.0.0.0 Safari/537.36"
87.126.220.31 - - [10/Jul/2026:16:16:55 +0300] "GET /wp-content/uploads/2026/07/23-150x150.png HTTP/1.1" 304 0 "https://mithouses.webtrixia.com/wp-admin/post.php?post=119&action=edit" "Mozilla/5.0 (Macintosh; Intel Mac OS X 10_15_7) AppleWebKit/537.36 (KHTML, like Gecko) Chrome/149.0.0.0 Safari/537.36"
87.126.220.31 - - [10/Jul/2026:16:16:58 +0300] "POST /wp-admin/admin-ajax.php HTTP/1.1" 200 169 "https://mithouses.webtrixia.com/wp-admin/post.php?post=119&action=edit" "Mozilla/5.0 (Macintosh; Intel Mac OS X 10_15_7) AppleWebKit/537.36 (KHTML, like Gecko) Chrome/149.0.0.0 Safari/537.36"
