136.228.146.66 - - [10/Jul/2026:17:02:45 +0300] "GET /wp-includes/js/dist/script-modules/block-library/navigation/view.min.js?ver=96a846e1d7b789c39ab9 HTTP/1.1" 200 3053 "https://primafg.com/%D0%BE%D0%B1%D0%BE%D1%80%D0%BE%D1%82%D0%BD%D0%BE-%D1%84%D0%B8%D0%BD%D0%B0%D0%BD%D1%81%D0%B8%D1%80%D0%B0%D0%BD%D0%B5/" "Mozilla/5.0 (Windows NT 10.0; Win64; x64) AppleWebKit/537.36 (KHTML, like Gecko) Chrome/149.0.0.0 Safari/537.36"
136.228.146.66 - - [10/Jul/2026:17:02:45 +0300] "GET /wp-includes/js/dist/script-modules/interactivity/index.min.js?ver=efaa5193bbad9c60ffd1 HTTP/1.1" 200 40106 "https://primafg.com/%D0%BE%D0%B1%D0%BE%D1%80%D0%BE%D1%82%D0%BD%D0%BE-%D1%84%D0%B8%D0%BD%D0%B0%D0%BD%D1%81%D0%B8%D1%80%D0%B0%D0%BD%D0%B5/" "Mozilla/5.0 (Windows NT 10.0; Win64; x64) AppleWebKit/537.36 (KHTML, like Gecko) Chrome/149.0.0.0 Safari/537.36"
136.228.146.66 - - [10/Jul/2026:17:02:45 +0300] "GET /wp-content/themes/twentytwentyfive/assets/fonts/manrope/Manrope-VariableFont_wght.woff2 HTTP/1.1" 200 53600 "https://primafg.com/%D0%BE%D0%B1%D0%BE%D1%80%D0%BE%D1%82%D0%BD%D0%BE-%D1%84%D0%B8%D0%BD%D0%B0%D0%BD%D1%81%D0%B8%D1%80%D0%B0%D0%BD%D0%B5/" "Mozilla/5.0 (Windows NT 10.0; Win64; x64) AppleWebKit/537.36 (KHTML, like Gecko) Chrome/149.0.0.0 Safari/537.36"
136.228.146.66 - - [10/Jul/2026:17:02:54 +0300] "GET /wp-content/sqlite.php HTTP/1.1" 404 56948 "-" "Mozilla/5.0 (Windows NT 10.0; Win64; x64) AppleWebKit/537.36 (KHTML, like Gecko) Chrome/149.0.0.0 Safari/537.36"
136.228.146.66 - - [10/Jul/2026:17:02:55 +0300] "GET /wp-content/themes/twentytwentyfive/assets/images/404-image.webp HTTP/1.1" 200 129970 "https://primafg.com/wp-content/sqlite.php" "Mozilla/5.0 (Windows NT 10.0; Win64; x64) AppleWebKit/537.36 (KHTML, like Gecko) Chrome/149.0.0.0 Safari/537.36"
136.228.146.66 - - [10/Jul/2026:17:02:56 +0300] "GET /wp-includes/js/dist/script-modules/block-library/navigation/view.min.js?ver=96a846e1d7b789c39ab9 HTTP/1.1" 200 3053 "https://primafg.com/wp-content/sqlite.php" "Mozilla/5.0 (Windows NT 10.0; Win64; x64) AppleWebKit/537.36 (KHTML, like Gecko) Chrome/149.0.0.0 Safari/537.36"
136.228.146.66 - - [10/Jul/2026:17:02:56 +0300] "GET /wp-includes/js/dist/script-modules/interactivity/index.min.js?ver=efaa5193bbad9c60ffd1 HTTP/1.1" 200 40106 "https://primafg.com/wp-content/sqlite.php" "Mozilla/5.0 (Windows NT 10.0; Win64; x64) AppleWebKit/537.36 (KHTML, like Gecko) Chrome/149.0.0.0 Safari/537.36"
136.228.146.66 - - [10/Jul/2026:17:02:56 +0300] "GET /wp-content/themes/twentytwentyfive/assets/fonts/manrope/Manrope-VariableFont_wght.woff2 HTTP/1.1" 200 53600 "https://primafg.com/wp-content/sqlite.php" "Mozilla/5.0 (Windows NT 10.0; Win64; x64) AppleWebKit/537.36 (KHTML, like Gecko) Chrome/149.0.0.0 Safari/537.36"
136.228.146.66 - - [10/Jul/2026:17:02:57 +0300] "GET /wp-includes/js/wp-emoji-release.min.js?ver=7.0.1 HTTP/1.1" 200 22752 "https://primafg.com/wp-content/sqlite.php" "Mozilla/5.0 (Windows NT 10.0; Win64; x64) AppleWebKit/537.36 (KHTML, like Gecko) Chrome/149.0.0.0 Safari/537.36"
136.228.146.66 - - [10/Jul/2026:17:02:58 +0300] "GET /favicon.ico HTTP/1.1" 302 0 "https://primafg.com/wp-content/sqlite.php" "Mozilla/5.0 (Windows NT 10.0; Win64; x64) AppleWebKit/537.36 (KHTML, like Gecko) Chrome/149.0.0.0 Safari/537.36"
136.228.146.66 - - [10/Jul/2026:17:02:58 +0300] "GET /wp-includes/images/w-logo-blue-white-bg.png HTTP/1.1" 200 4119 "https://primafg.com/wp-content/sqlite.php" "Mozilla/5.0 (Windows NT 10.0; Win64; x64) AppleWebKit/537.36 (KHTML, like Gecko) Chrome/149.0.0.0 Safari/537.36"
5.161.194.92 - - [10/Jul/2026:17:06:10 +0300] "HEAD / HTTP/1.1" 200 0 "https://primafg.com" "Mozilla/5.0+(compatible; UptimeRobot/2.0; http://www.uptimerobot.com/)"
18.116.205.62 - - [10/Jul/2026:17:11:16 +0300] "HEAD / HTTP/1.1" 200 0 "https://primafg.com" "Mozilla/5.0+(compatible; UptimeRobot/2.0; http://www.uptimerobot.com/)"
119.28.140.106 - - [10/Jul/2026:17:11:25 +0300] "GET / HTTP/1.1" 200 68283 "-" "Mozilla/5.0 (iPhone; CPU iPhone OS 13_2_3 like Mac OS X) AppleWebKit/605.1.15 (KHTML, like Gecko) Version/13.0.3 Mobile/15E148 Safari/604.1"
5.161.117.52 - - [10/Jul/2026:17:16:22 +0300] "HEAD / HTTP/1.1" 200 0 "https://primafg.com" "Mozilla/5.0+(compatible; UptimeRobot/2.0; http://www.uptimerobot.com/)"
105.67.2.188 - - [10/Jul/2026:17:17:12 +0300] "POST /xmlrpc.php HTTP/1.1" 200 403 "-" "Mozilla/5.0 (Macintosh; Intel Mac OS X 10_15_7; arm64) AppleWebKit/537.36 (KHTML, like Gecko) Opera/69.0.0.0 Safari/537.36"
105.67.2.188 - - [10/Jul/2026:17:21:08 +0300] "GET /wp-json/wp/v2/users HTTP/1.1" 200 761 "-" "Mozilla/4.0 (compatible; Win32; WinHttp.WinHttpRequest.5)"
178.156.189.249 - - [10/Jul/2026:17:21:28 +0300] "HEAD / HTTP/1.1" 200 0 "https://primafg.com" "Mozilla/5.0+(compatible; UptimeRobot/2.0; http://www.uptimerobot.com/)"
170.106.84.136 - - [10/Jul/2026:17:21:34 +0300] "GET /sample-page/ HTTP/1.1" 200 67946 "-" "Mozilla/5.0 (iPhone; CPU iPhone OS 13_2_3 like Mac OS X) AppleWebKit/605.1.15 (KHTML, like Gecko) Version/13.0.3 Mobile/15E148 Safari/604.1"
105.67.2.188 - - [10/Jul/2026:17:21:43 +0300] "POST /xmlrpc.php HTTP/1.1" 200 403 "-" "Mozilla/5.0 (Macintosh; Intel Mac OS X 10_15_7; arm64) AppleWebKit/537.36 (KHTML, like Gecko) Safari/14.0.0.0 Safari/537.36"
105.67.2.188 - - [10/Jul/2026:17:22:29 +0300] "POST /xmlrpc.php HTTP/1.1" 200 403 "-" "Mozilla/5.0 (Macintosh; Intel Mac OS X 10_15_7; x86) AppleWebKit/537.36 (KHTML, like Gecko) Opera/62.0.0.0 Safari/537.36"
105.67.2.188 - - [10/Jul/2026:17:23:07 +0300] "POST /xmlrpc.php HTTP/1.1" 200 403 "-" "Mozilla/5.0 (Windows NT 6.3; arm64) AppleWebKit/537.36 (KHTML, like Gecko) Chrome/106.0.0.0 Safari/537.36"
105.67.2.188 - - [10/Jul/2026:17:23:29 +0300] "POST /xmlrpc.php HTTP/1.1" 200 403 "-" "Mozilla/5.0 (X11; Ubuntu; Linux x86_64; x86) AppleWebKit/537.36 (KHTML, like Gecko) Chrome/114.0.0.0 Safari/537.36"
105.67.2.188 - - [10/Jul/2026:17:23:52 +0300] "POST /xmlrpc.php HTTP/1.1" 200 403 "-" "Mozilla/5.0 (Windows NT 6.3; x64) AppleWebKit/537.36 (KHTML, like Gecko) Edge/80.0.0.0 Safari/537.36"
105.67.2.188 - - [10/Jul/2026:17:24:23 +0300] "POST /xmlrpc.php HTTP/1.1" 200 403 "-" "Mozilla/5.0 (Windows NT 6.3; x86) AppleWebKit/537.36 (KHTML, like Gecko) Opera/68.0.0.0 Safari/537.36"
105.67.2.188 - - [10/Jul/2026:17:25:00 +0300] "POST /xmlrpc.php HTTP/1.1" 200 403 "-" "Mozilla/5.0 (Macintosh; Intel Mac OS X 10_15_7; x86) AppleWebKit/537.36 (KHTML, like Gecko) Chrome/110.0.0.0 Safari/537.36"
66.249.66.66 - - [10/Jul/2026:17:25:13 +0300] "GET /?feed=rss2 HTTP/1.1" 301 0 "-" "Mozilla/5.0 (Linux; Android 6.0.1; Nexus 5X Build/MMB29P) AppleWebKit/537.36 (KHTML, like Gecko) Chrome/150.0.7871.46 Mobile Safari/537.36 (compatible; Googlebot/2.1; +http://www.google.com/bot.html)"
66.249.66.66 - - [10/Jul/2026:17:25:14 +0300] "GET /feed/ HTTP/1.1" 200 1680 "-" "Mozilla/5.0 (Linux; Android 6.0.1; Nexus 5X Build/MMB29P) AppleWebKit/537.36 (KHTML, like Gecko) Chrome/150.0.7871.46 Mobile Safari/537.36 (compatible; Googlebot/2.1; +http://www.google.com/bot.html)"
105.67.2.188 - - [10/Jul/2026:17:25:26 +0300] "POST /xmlrpc.php HTTP/1.1" 200 403 "-" "Mozilla/5.0 (X11; Ubuntu; Linux x86_64; arm64) AppleWebKit/537.36 (KHTML, like Gecko) Chrome/104.0.0.0 Safari/537.36"
105.67.2.188 - - [10/Jul/2026:17:25:55 +0300] "POST /xmlrpc.php HTTP/1.1" 200 403 "-" "Mozilla/5.0 (Windows NT 6.2; x64) AppleWebKit/537.36 (KHTML, like Gecko) Chrome/114.0.0.0 Safari/537.36"
105.67.2.188 - - [10/Jul/2026:17:26:27 +0300] "POST /xmlrpc.php HTTP/1.1" 200 403 "-" "Mozilla/5.0 (X11; Ubuntu; Linux x86_64; arm64) AppleWebKit/537.36 (KHTML, like Gecko) Safari/11.0.0.0 Safari/537.36"
5.161.215.244 - - [10/Jul/2026:17:26:33 +0300] "HEAD / HTTP/1.1" 200 0 "https://primafg.com" "Mozilla/5.0+(compatible; UptimeRobot/2.0; http://www.uptimerobot.com/)"
105.67.2.188 - - [10/Jul/2026:17:26:54 +0300] "POST /xmlrpc.php HTTP/1.1" 200 403 "-" "Mozilla/5.0 (Windows NT 6.2; x86) AppleWebKit/537.36 (KHTML, like Gecko) Safari/14.0.0.0 Safari/537.36"
93.94.140.42 - - [10/Jul/2026:17:27:24 +0300] "POST /wp-cron.php?doing_wp_cron=1783693644.3148400783538818359375 HTTP/1.1" 200 0 "-" "WordPress/7.0.1; https://primafg.com"
105.67.2.188 - - [10/Jul/2026:17:27:24 +0300] "POST /xmlrpc.php HTTP/1.1" 200 403 "-" "Mozilla/5.0 (Windows NT 6.3; x86) AppleWebKit/537.36 (KHTML, like Gecko) Opera/78.0.0.0 Safari/537.36"
105.67.2.188 - - [10/Jul/2026:17:27:50 +0300] "POST /xmlrpc.php HTTP/1.1" 200 403 "-" "Mozilla/5.0 (Linux; Android 10; x86) AppleWebKit/537.36 (KHTML, like Gecko) Firefox/80.0.0.0 Safari/537.36"
105.67.2.188 - - [10/Jul/2026:17:28:14 +0300] "POST /xmlrpc.php HTTP/1.1" 200 403 "-" "Mozilla/5.0 (Windows NT 6.2; x64) AppleWebKit/537.36 (KHTML, like Gecko) Edge/98.0.0.0 Safari/537.36"
105.67.2.188 - - [10/Jul/2026:17:28:47 +0300] "POST /xmlrpc.php HTTP/1.1" 200 403 "-" "Mozilla/5.0 (Linux; Android 10; x64) AppleWebKit/537.36 (KHTML, like Gecko) Edge/80.0.0.0 Safari/537.36"
105.67.2.188 - - [10/Jul/2026:17:29:32 +0300] "POST /xmlrpc.php HTTP/1.1" 200 403 "-" "Mozilla/5.0 (X11; Ubuntu; Linux x86_64; x64) AppleWebKit/537.36 (KHTML, like Gecko) Edge/96.0.0.0 Safari/537.36"
105.67.2.188 - - [10/Jul/2026:17:30:00 +0300] "POST /xmlrpc.php HTTP/1.1" 200 403 "-" "Mozilla/5.0 (X11; Ubuntu; Linux x86_64; x86) AppleWebKit/537.36 (KHTML, like Gecko) Firefox/79.0.0.0 Safari/537.36"
105.67.2.188 - - [10/Jul/2026:17:30:27 +0300] "POST /xmlrpc.php HTTP/1.1" 200 403 "-" "Mozilla/5.0 (Linux; Android 10; arm64) AppleWebKit/537.36 (KHTML, like Gecko) Safari/15.0.0.0 Safari/537.36"
105.67.2.188 - - [10/Jul/2026:17:30:57 +0300] "POST /xmlrpc.php HTTP/1.1" 200 403 "-" "Mozilla/5.0 (Macintosh; Intel Mac OS X 10_15_7; x86) AppleWebKit/537.36 (KHTML, like Gecko) Opera/70.0.0.0 Safari/537.36"
105.67.2.188 - - [10/Jul/2026:17:31:19 +0300] "POST /xmlrpc.php HTTP/1.1" 200 403 "-" "Mozilla/5.0 (X11; Ubuntu; Linux x86_64; arm64) AppleWebKit/537.36 (KHTML, like Gecko) Safari/14.0.0.0 Safari/537.36"
43.133.253.253 - - [10/Jul/2026:17:31:20 +0300] "GET /2025/09/12/hello-world/ HTTP/1.1" 200 70475 "-" "Mozilla/5.0 (iPhone; CPU iPhone OS 13_2_3 like Mac OS X) AppleWebKit/605.1.15 (KHTML, like Gecko) Version/13.0.3 Mobile/15E148 Safari/604.1"
3.12.251.153 - - [10/Jul/2026:17:31:39 +0300] "HEAD / HTTP/1.1" 200 0 "https://primafg.com" "Mozilla/5.0+(compatible; UptimeRobot/2.0; http://www.uptimerobot.com/)"
105.67.2.188 - - [10/Jul/2026:17:31:42 +0300] "POST /xmlrpc.php HTTP/1.1" 200 403 "-" "Mozilla/5.0 (Macintosh; Intel Mac OS X 10_15_7; arm64) AppleWebKit/537.36 (KHTML, like Gecko) Chrome/103.0.0.0 Safari/537.36"
105.67.2.188 - - [10/Jul/2026:17:32:03 +0300] "POST /xmlrpc.php HTTP/1.1" 200 403 "-" "Mozilla/5.0 (Windows NT 6.3; x86) AppleWebKit/537.36 (KHTML, like Gecko) Opera/73.0.0.0 Safari/537.36"
105.67.2.188 - - [10/Jul/2026:17:32:29 +0300] "POST /xmlrpc.php HTTP/1.1" 200 403 "-" "Mozilla/5.0 (Windows NT 10.0; x64) AppleWebKit/537.36 (KHTML, like Gecko) Chrome/95.0.0.0 Safari/537.36"
105.67.2.188 - - [10/Jul/2026:17:32:49 +0300] "POST /xmlrpc.php HTTP/1.1" 200 403 "-" "Mozilla/5.0 (Macintosh; Intel Mac OS X 10_15_7; x86) AppleWebKit/537.36 (KHTML, like Gecko) Chrome/110.0.0.0 Safari/537.36"
105.67.2.188 - - [10/Jul/2026:17:33:08 +0300] "POST /xmlrpc.php HTTP/1.1" 200 403 "-" "Mozilla/5.0 (Windows NT 6.3; x64) AppleWebKit/537.36 (KHTML, like Gecko) Chrome/99.0.0.0 Safari/537.36"
105.67.2.188 - - [10/Jul/2026:17:33:28 +0300] "POST /xmlrpc.php HTTP/1.1" 200 403 "-" "Mozilla/5.0 (Windows NT 10.0; arm64) AppleWebKit/537.36 (KHTML, like Gecko) Edge/91.0.0.0 Safari/537.36"
105.67.2.188 - - [10/Jul/2026:17:34:07 +0300] "POST /xmlrpc.php HTTP/1.1" 200 403 "-" "Mozilla/5.0 (Macintosh; Intel Mac OS X 10_15_7; x86) AppleWebKit/537.36 (KHTML, like Gecko) Opera/68.0.0.0 Safari/537.36"
105.67.2.188 - - [10/Jul/2026:17:34:33 +0300] "POST /xmlrpc.php HTTP/1.1" 200 403 "-" "Mozilla/5.0 (Linux; Android 10; x86) AppleWebKit/537.36 (KHTML, like Gecko) Safari/13.0.0.0 Safari/537.36"
105.67.2.188 - - [10/Jul/2026:17:35:09 +0300] "POST /xmlrpc.php HTTP/1.1" 200 403 "-" "Mozilla/5.0 (Windows NT 10.0; arm64) AppleWebKit/537.36 (KHTML, like Gecko) Firefox/74.0.0.0 Safari/537.36"
105.67.2.188 - - [10/Jul/2026:17:35:52 +0300] "POST /xmlrpc.php HTTP/1.1" 200 403 "-" "Mozilla/5.0 (X11; Ubuntu; Linux x86_64; x64) AppleWebKit/537.36 (KHTML, like Gecko) Edge/86.0.0.0 Safari/537.36"
105.67.2.188 - - [10/Jul/2026:17:36:27 +0300] "POST /xmlrpc.php HTTP/1.1" 200 403 "-" "Mozilla/5.0 (X11; Ubuntu; Linux x86_64; x86) AppleWebKit/537.36 (KHTML, like Gecko) Chrome/98.0.0.0 Safari/537.36"
178.156.189.113 - - [10/Jul/2026:17:36:44 +0300] "HEAD / HTTP/1.1" 200 0 "https://primafg.com" "Mozilla/5.0+(compatible; UptimeRobot/2.0; http://www.uptimerobot.com/)"
105.67.2.188 - - [10/Jul/2026:17:37:07 +0300] "POST /xmlrpc.php HTTP/1.1" 200 403 "-" "Mozilla/5.0 (Windows NT 10.0; arm64) AppleWebKit/537.36 (KHTML, like Gecko) Opera/80.0.0.0 Safari/537.36"
105.67.2.188 - - [10/Jul/2026:17:37:50 +0300] "POST /xmlrpc.php HTTP/1.1" 200 403 "-" "Mozilla/5.0 (X11; Ubuntu; Linux x86_64; x86) AppleWebKit/537.36 (KHTML, like Gecko) Edge/96.0.0.0 Safari/537.36"
105.67.2.188 - - [10/Jul/2026:17:38:24 +0300] "POST /xmlrpc.php HTTP/1.1" 200 403 "-" "Mozilla/5.0 (Windows NT 6.3; x86) AppleWebKit/537.36 (KHTML, like Gecko) Chrome/107.0.0.0 Safari/537.36"
105.67.2.188 - - [10/Jul/2026:17:38:49 +0300] "POST /xmlrpc.php HTTP/1.1" 200 403 "-" "Mozilla/5.0 (Macintosh; Intel Mac OS X 10_15_7; x64) AppleWebKit/537.36 (KHTML, like Gecko) Chrome/115.0.0.0 Safari/537.36"
105.67.2.188 - - [10/Jul/2026:17:39:13 +0300] "POST /xmlrpc.php HTTP/1.1" 200 403 "-" "Mozilla/5.0 (Windows NT 6.2; arm64) AppleWebKit/537.36 (KHTML, like Gecko) Firefox/97.0.0.0 Safari/537.36"
105.67.2.188 - - [10/Jul/2026:17:39:35 +0300] "POST /xmlrpc.php HTTP/1.1" 200 403 "-" "Mozilla/5.0 (Windows NT 6.2; x64) AppleWebKit/537.36 (KHTML, like Gecko) Edge/99.0.0.0 Safari/537.36"
105.67.2.188 - - [10/Jul/2026:17:40:07 +0300] "POST /xmlrpc.php HTTP/1.1" 200 403 "-" "Mozilla/5.0 (Windows NT 6.2; arm64) AppleWebKit/537.36 (KHTML, like Gecko) Safari/12.0.0.0 Safari/537.36"
43.134.54.246 - - [10/Jul/2026:17:40:12 +0300] "GET /xmlrpc.php?rsd HTTP/1.1" 200 816 "-" "Mozilla/5.0 (iPhone; CPU iPhone OS 13_2_3 like Mac OS X) AppleWebKit/605.1.15 (KHTML, like Gecko) Version/13.0.3 Mobile/15E148 Safari/604.1"
105.67.2.188 - - [10/Jul/2026:17:40:31 +0300] "POST /xmlrpc.php HTTP/1.1" 200 403 "-" "Mozilla/5.0 (Linux; Android 10; arm64) AppleWebKit/537.36 (KHTML, like Gecko) Edge/85.0.0.0 Safari/537.36"
105.67.2.188 - - [10/Jul/2026:17:40:57 +0300] "POST /xmlrpc.php HTTP/1.1" 200 403 "-" "Mozilla/5.0 (Windows NT 10.0; arm64) AppleWebKit/537.36 (KHTML, like Gecko) Firefox/99.0.0.0 Safari/537.36"
105.67.2.188 - - [10/Jul/2026:17:41:19 +0300] "POST /xmlrpc.php HTTP/1.1" 200 403 "-" "Mozilla/5.0 (Linux; Android 10; arm64) AppleWebKit/537.36 (KHTML, like Gecko) Safari/15.0.0.0 Safari/537.36"
105.67.2.188 - - [10/Jul/2026:17:41:40 +0300] "POST /xmlrpc.php HTTP/1.1" 200 403 "-" "Mozilla/5.0 (Linux; Android 10; x64) AppleWebKit/537.36 (KHTML, like Gecko) Opera/77.0.0.0 Safari/537.36"
52.15.147.27 - - [10/Jul/2026:17:41:49 +0300] "HEAD / HTTP/1.1" 200 0 "https://primafg.com" "Mozilla/5.0+(compatible; UptimeRobot/2.0; http://www.uptimerobot.com/)"
105.67.2.188 - - [10/Jul/2026:17:41:59 +0300] "POST /xmlrpc.php HTTP/1.1" 200 403 "-" "Mozilla/5.0 (X11; Ubuntu; Linux x86_64; x64) AppleWebKit/537.36 (KHTML, like Gecko) Chrome/97.0.0.0 Safari/537.36"
105.67.2.188 - - [10/Jul/2026:17:42:28 +0300] "POST /xmlrpc.php HTTP/1.1" 200 403 "-" "Mozilla/5.0 (Linux; Android 10; x64) AppleWebKit/537.36 (KHTML, like Gecko) Safari/15.0.0.0 Safari/537.36"
105.67.2.188 - - [10/Jul/2026:17:43:19 +0300] "POST /xmlrpc.php HTTP/1.1" 200 403 "-" "Mozilla/5.0 (Windows NT 6.3; x86) AppleWebKit/537.36 (KHTML, like Gecko) Firefox/70.0.0.0 Safari/537.36"
105.67.2.188 - - [10/Jul/2026:17:43:52 +0300] "POST /xmlrpc.php HTTP/1.1" 200 403 "-" "Mozilla/5.0 (Windows NT 10.0; arm64) AppleWebKit/537.36 (KHTML, like Gecko) Edge/86.0.0.0 Safari/537.36"
105.67.2.188 - - [10/Jul/2026:17:44:13 +0300] "POST /xmlrpc.php HTTP/1.1" 200 403 "-" "Mozilla/5.0 (Macintosh; Intel Mac OS X 10_15_7; x64) AppleWebKit/537.36 (KHTML, like Gecko) Chrome/115.0.0.0 Safari/537.36"
66.249.66.66 - - [10/Jul/2026:17:44:37 +0300] "GET /shop.php?z=167629865 HTTP/1.1" 200 238135 "-" "Mozilla/5.0 (Linux; Android 6.0.1; Nexus 5X Build/MMB29P) AppleWebKit/537.36 (KHTML, like Gecko) Chrome/150.0.7871.46 Mobile Safari/537.36 (compatible; Googlebot/2.1; +http://www.google.com/bot.html)"
105.67.2.188 - - [10/Jul/2026:17:44:48 +0300] "POST /xmlrpc.php HTTP/1.1" 200 403 "-" "Mozilla/5.0 (Windows NT 6.2; arm64) AppleWebKit/537.36 (KHTML, like Gecko) Opera/80.0.0.0 Safari/537.36"
105.67.2.188 - - [10/Jul/2026:17:45:21 +0300] "POST /xmlrpc.php HTTP/1.1" 200 403 "-" "Mozilla/5.0 (Windows NT 10.0; x86) AppleWebKit/537.36 (KHTML, like Gecko) Chrome/95.0.0.0 Safari/537.36"
105.67.2.188 - - [10/Jul/2026:17:45:38 +0300] "POST /xmlrpc.php HTTP/1.1" 200 403 "-" "Mozilla/5.0 (Windows NT 10.0; arm64) AppleWebKit/537.36 (KHTML, like Gecko) Firefox/78.0.0.0 Safari/537.36"
105.67.2.188 - - [10/Jul/2026:17:46:12 +0300] "POST /xmlrpc.php HTTP/1.1" 200 403 "-" "Mozilla/5.0 (X11; Ubuntu; Linux x86_64; x64) AppleWebKit/537.36 (KHTML, like Gecko) Opera/67.0.0.0 Safari/537.36"
105.67.2.188 - - [10/Jul/2026:17:46:34 +0300] "POST /xmlrpc.php HTTP/1.1" 200 403 "-" "Mozilla/5.0 (Windows NT 10.0; x86) AppleWebKit/537.36 (KHTML, like Gecko) Edge/96.0.0.0 Safari/537.36"
3.133.226.214 - - [10/Jul/2026:17:46:54 +0300] "HEAD / HTTP/1.1" 200 0 "https://primafg.com" "Mozilla/5.0+(compatible; UptimeRobot/2.0; http://www.uptimerobot.com/)"
105.67.2.188 - - [10/Jul/2026:17:46:58 +0300] "POST /xmlrpc.php HTTP/1.1" 200 403 "-" "Mozilla/5.0 (Windows NT 10.0; x86) AppleWebKit/537.36 (KHTML, like Gecko) Safari/14.0.0.0 Safari/537.36"
105.67.2.188 - - [10/Jul/2026:17:47:19 +0300] "POST /xmlrpc.php HTTP/1.1" 200 403 "-" "Mozilla/5.0 (X11; Ubuntu; Linux x86_64; x86) AppleWebKit/537.36 (KHTML, like Gecko) Safari/12.0.0.0 Safari/537.36"
105.67.2.188 - - [10/Jul/2026:17:47:51 +0300] "POST /xmlrpc.php HTTP/1.1" 200 403 "-" "Mozilla/5.0 (Macintosh; Intel Mac OS X 10_15_7; x86) AppleWebKit/537.36 (KHTML, like Gecko) Edge/91.0.0.0 Safari/537.36"
105.67.2.188 - - [10/Jul/2026:17:48:15 +0300] "POST /xmlrpc.php HTTP/1.1" 200 403 "-" "Mozilla/5.0 (Windows NT 6.3; x64) AppleWebKit/537.36 (KHTML, like Gecko) Firefox/99.0.0.0 Safari/537.36"
105.67.2.188 - - [10/Jul/2026:17:48:42 +0300] "POST /xmlrpc.php HTTP/1.1" 200 403 "-" "Mozilla/5.0 (Windows NT 10.0; x64) AppleWebKit/537.36 (KHTML, like Gecko) Firefox/90.0.0.0 Safari/537.36"
105.67.2.188 - - [10/Jul/2026:17:49:46 +0300] "POST /xmlrpc.php HTTP/1.1" 200 403 "-" "Mozilla/5.0 (Macintosh; Intel Mac OS X 10_15_7; x86) AppleWebKit/537.36 (KHTML, like Gecko) Safari/14.0.0.0 Safari/537.36"
105.67.2.188 - - [10/Jul/2026:17:50:13 +0300] "POST /xmlrpc.php HTTP/1.1" 200 403 "-" "Mozilla/5.0 (Windows NT 6.3; x64) AppleWebKit/537.36 (KHTML, like Gecko) Firefox/95.0.0.0 Safari/537.36"
105.67.2.188 - - [10/Jul/2026:17:51:02 +0300] "POST /xmlrpc.php HTTP/1.1" 200 403 "-" "Mozilla/5.0 (Windows NT 10.0; x86) AppleWebKit/537.36 (KHTML, like Gecko) Firefox/96.0.0.0 Safari/537.36"
105.67.2.188 - - [10/Jul/2026:17:51:33 +0300] "POST /xmlrpc.php HTTP/1.1" 200 403 "-" "Mozilla/5.0 (Macintosh; Intel Mac OS X 10_15_7; x86) AppleWebKit/537.36 (KHTML, like Gecko) Safari/10.0.0.0 Safari/537.36"
5.161.113.195 - - [10/Jul/2026:17:52:00 +0300] "HEAD / HTTP/1.1" 200 0 "https://primafg.com" "Mozilla/5.0+(compatible; UptimeRobot/2.0; http://www.uptimerobot.com/)"
105.67.2.188 - - [10/Jul/2026:17:52:02 +0300] "POST /xmlrpc.php HTTP/1.1" 200 403 "-" "Mozilla/5.0 (Linux; Android 10; x64) AppleWebKit/537.36 (KHTML, like Gecko) Edge/86.0.0.0 Safari/537.36"
105.67.2.188 - - [10/Jul/2026:17:52:25 +0300] "POST /xmlrpc.php HTTP/1.1" 200 403 "-" "Mozilla/5.0 (Windows NT 10.0; arm64) AppleWebKit/537.36 (KHTML, like Gecko) Firefox/78.0.0.0 Safari/537.36"
105.67.2.188 - - [10/Jul/2026:17:52:48 +0300] "POST /xmlrpc.php HTTP/1.1" 200 403 "-" "Mozilla/5.0 (Windows NT 6.2; arm64) AppleWebKit/537.36 (KHTML, like Gecko) Chrome/102.0.0.0 Safari/537.36"
105.67.2.188 - - [10/Jul/2026:17:53:20 +0300] "POST /xmlrpc.php HTTP/1.1" 200 403 "-" "Mozilla/5.0 (Windows NT 6.2; x86) AppleWebKit/537.36 (KHTML, like Gecko) Edge/90.0.0.0 Safari/537.36"
105.67.2.188 - - [10/Jul/2026:17:53:49 +0300] "POST /xmlrpc.php HTTP/1.1" 200 403 "-" "Mozilla/5.0 (Macintosh; Intel Mac OS X 10_15_7; x86) AppleWebKit/537.36 (KHTML, like Gecko) Safari/10.0.0.0 Safari/537.36"
105.67.2.188 - - [10/Jul/2026:17:54:16 +0300] "POST /xmlrpc.php HTTP/1.1" 200 403 "-" "Mozilla/5.0 (Windows NT 6.3; x86) AppleWebKit/537.36 (KHTML, like Gecko) Chrome/89.0.0.0 Safari/537.36"
105.67.2.188 - - [10/Jul/2026:17:54:44 +0300] "POST /xmlrpc.php HTTP/1.1" 200 403 "-" "Mozilla/5.0 (Windows NT 10.0; x64) AppleWebKit/537.36 (KHTML, like Gecko) Safari/13.0.0.0 Safari/537.36"
105.67.2.188 - - [10/Jul/2026:17:55:09 +0300] "POST /xmlrpc.php HTTP/1.1" 200 403 "-" "Mozilla/5.0 (Windows NT 6.3; x86) AppleWebKit/537.36 (KHTML, like Gecko) Opera/71.0.0.0 Safari/537.36"
105.67.2.188 - - [10/Jul/2026:17:55:28 +0300] "POST /xmlrpc.php HTTP/1.1" 200 403 "-" "Mozilla/5.0 (Windows NT 10.0; x86) AppleWebKit/537.36 (KHTML, like Gecko) Chrome/113.0.0.0 Safari/537.36"
105.67.2.188 - - [10/Jul/2026:17:55:52 +0300] "POST /xmlrpc.php HTTP/1.1" 200 403 "-" "Mozilla/5.0 (Windows NT 10.0; x86) AppleWebKit/537.36 (KHTML, like Gecko) Safari/14.0.0.0 Safari/537.36"
105.67.2.188 - - [10/Jul/2026:17:56:23 +0300] "POST /xmlrpc.php HTTP/1.1" 200 403 "-" "Mozilla/5.0 (Windows NT 10.0; x64) AppleWebKit/537.36 (KHTML, like Gecko) Edge/88.0.0.0 Safari/537.36"
52.87.72.16 - - [10/Jul/2026:17:57:04 +0300] "HEAD / HTTP/1.1" 200 0 "https://primafg.com" "Mozilla/5.0+(compatible; UptimeRobot/2.0; http://www.uptimerobot.com/)"
105.67.2.188 - - [10/Jul/2026:17:57:08 +0300] "POST /xmlrpc.php HTTP/1.1" 200 403 "-" "Mozilla/5.0 (X11; Ubuntu; Linux x86_64; x86) AppleWebKit/537.36 (KHTML, like Gecko) Firefox/85.0.0.0 Safari/537.36"
105.67.2.188 - - [10/Jul/2026:17:57:29 +0300] "POST /xmlrpc.php HTTP/1.1" 200 403 "-" "Mozilla/5.0 (Windows NT 10.0; x86) AppleWebKit/537.36 (KHTML, like Gecko) Safari/10.0.0.0 Safari/537.36"
105.67.2.188 - - [10/Jul/2026:17:57:47 +0300] "POST /xmlrpc.php HTTP/1.1" 200 403 "-" "Mozilla/5.0 (Windows NT 6.3; arm64) AppleWebKit/537.36 (KHTML, like Gecko) Edge/87.0.0.0 Safari/537.36"
105.67.2.188 - - [10/Jul/2026:17:58:12 +0300] "POST /xmlrpc.php HTTP/1.1" 200 403 "-" "Mozilla/5.0 (Windows NT 6.3; arm64) AppleWebKit/537.36 (KHTML, like Gecko) Edge/88.0.0.0 Safari/537.36"
105.67.2.188 - - [10/Jul/2026:17:58:30 +0300] "POST /xmlrpc.php HTTP/1.1" 200 403 "-" "Mozilla/5.0 (Windows NT 6.2; arm64) AppleWebKit/537.36 (KHTML, like Gecko) Firefox/83.0.0.0 Safari/537.36"
66.249.66.65 - - [10/Jul/2026:17:58:39 +0300] "GET /shop.php?z=487792205 HTTP/1.1" 200 217965 "-" "Mozilla/5.0 (Linux; Android 6.0.1; Nexus 5X Build/MMB29P) AppleWebKit/537.36 (KHTML, like Gecko) Chrome/150.0.7871.46 Mobile Safari/537.36 (compatible; Googlebot/2.1; +http://www.google.com/bot.html)"
105.67.2.188 - - [10/Jul/2026:17:58:49 +0300] "POST /xmlrpc.php HTTP/1.1" 200 403 "-" "Mozilla/5.0 (Windows NT 10.0; x86) AppleWebKit/537.36 (KHTML, like Gecko) Opera/61.0.0.0 Safari/537.36"
105.67.2.188 - - [10/Jul/2026:17:59:06 +0300] "POST /xmlrpc.php HTTP/1.1" 200 403 "-" "Mozilla/5.0 (Windows NT 10.0; x86) AppleWebKit/537.36 (KHTML, like Gecko) Edge/83.0.0.0 Safari/537.36"
105.67.2.188 - - [10/Jul/2026:17:59:24 +0300] "POST /xmlrpc.php HTTP/1.1" 200 403 "-" "Mozilla/5.0 (Macintosh; Intel Mac OS X 10_15_7; x86) AppleWebKit/537.36 (KHTML, like Gecko) Edge/83.0.0.0 Safari/537.36"
105.67.2.188 - - [10/Jul/2026:17:59:39 +0300] "POST /xmlrpc.php HTTP/1.1" 200 403 "-" "Mozilla/5.0 (Windows NT 10.0; x64) AppleWebKit/537.36 (KHTML, like Gecko) Edge/83.0.0.0 Safari/537.36"
105.67.2.188 - - [10/Jul/2026:17:59:55 +0300] "POST /xmlrpc.php HTTP/1.1" 200 403 "-" "Mozilla/5.0 (Windows NT 10.0; x64) AppleWebKit/537.36 (KHTML, like Gecko) Opera/73.0.0.0 Safari/537.36"
105.67.2.188 - - [10/Jul/2026:18:00:14 +0300] "POST /xmlrpc.php HTTP/1.1" 200 403 "-" "Mozilla/5.0 (Macintosh; Intel Mac OS X 10_15_7; arm64) AppleWebKit/537.36 (KHTML, like Gecko) Safari/13.0.0.0 Safari/537.36"
105.67.2.188 - - [10/Jul/2026:18:00:30 +0300] "POST /xmlrpc.php HTTP/1.1" 200 403 "-" "Mozilla/5.0 (Macintosh; Intel Mac OS X 10_15_7; x64) AppleWebKit/537.36 (KHTML, like Gecko) Edge/98.0.0.0 Safari/537.36"
105.67.2.188 - - [10/Jul/2026:18:00:44 +0300] "POST /xmlrpc.php HTTP/1.1" 200 403 "-" "Mozilla/5.0 (Windows NT 6.3; x86) AppleWebKit/537.36 (KHTML, like Gecko) Opera/70.0.0.0 Safari/537.36"
105.67.2.188 - - [10/Jul/2026:18:01:01 +0300] "POST /xmlrpc.php HTTP/1.1" 200 403 "-" "Mozilla/5.0 (X11; Ubuntu; Linux x86_64; arm64) AppleWebKit/537.36 (KHTML, like Gecko) Opera/79.0.0.0 Safari/537.36"
105.67.2.188 - - [10/Jul/2026:18:01:23 +0300] "POST /xmlrpc.php HTTP/1.1" 200 403 "-" "Mozilla/5.0 (Windows NT 6.3; x86) AppleWebKit/537.36 (KHTML, like Gecko) Firefox/94.0.0.0 Safari/537.36"
43.130.37.243 - - [10/Jul/2026:18:01:32 +0300] "GET /comments/feed/ HTTP/1.1" 200 1637 "-" "Mozilla/5.0 (iPhone; CPU iPhone OS 13_2_3 like Mac OS X) AppleWebKit/605.1.15 (KHTML, like Gecko) Version/13.0.3 Mobile/15E148 Safari/604.1"
105.67.2.188 - - [10/Jul/2026:18:01:41 +0300] "POST /xmlrpc.php HTTP/1.1" 200 403 "-" "Mozilla/5.0 (Linux; Android 10; x86) AppleWebKit/537.36 (KHTML, like Gecko) Chrome/94.0.0.0 Safari/537.36"
105.67.2.188 - - [10/Jul/2026:18:01:58 +0300] "POST /xmlrpc.php HTTP/1.1" 200 403 "-" "Mozilla/5.0 (Windows NT 10.0; arm64) AppleWebKit/537.36 (KHTML, like Gecko) Safari/11.0.0.0 Safari/537.36"
52.15.147.27 - - [10/Jul/2026:18:02:10 +0300] "HEAD / HTTP/1.1" 200 0 "https://primafg.com" "Mozilla/5.0+(compatible; UptimeRobot/2.0; http://www.uptimerobot.com/)"
105.67.2.188 - - [10/Jul/2026:18:02:14 +0300] "POST /xmlrpc.php HTTP/1.1" 200 403 "-" "Mozilla/5.0 (Windows NT 6.2; x86) AppleWebKit/537.36 (KHTML, like Gecko) Chrome/86.0.0.0 Safari/537.36"
105.67.2.188 - - [10/Jul/2026:18:02:30 +0300] "POST /xmlrpc.php HTTP/1.1" 200 403 "-" "Mozilla/5.0 (Windows NT 6.3; x86) AppleWebKit/537.36 (KHTML, like Gecko) Edge/84.0.0.0 Safari/537.36"
105.67.2.188 - - [10/Jul/2026:18:02:46 +0300] "POST /xmlrpc.php HTTP/1.1" 200 403 "-" "Mozilla/5.0 (Windows NT 6.2; arm64) AppleWebKit/537.36 (KHTML, like Gecko) Opera/73.0.0.0 Safari/537.36"
105.67.2.188 - - [10/Jul/2026:18:03:02 +0300] "POST /xmlrpc.php HTTP/1.1" 200 403 "-" "Mozilla/5.0 (Linux; Android 10; x64) AppleWebKit/537.36 (KHTML, like Gecko) Opera/61.0.0.0 Safari/537.36"
66.249.66.65 - - [10/Jul/2026:18:03:06 +0300] "GET /shop.php?z=2633113494 HTTP/1.1" 200 191240 "-" "Mozilla/5.0 (Linux; Android 6.0.1; Nexus 5X Build/MMB29P) AppleWebKit/537.36 (KHTML, like Gecko) Chrome/150.0.7871.46 Mobile Safari/537.36 (compatible; Googlebot/2.1; +http://www.google.com/bot.html)"
105.67.2.188 - - [10/Jul/2026:18:03:18 +0300] "POST /xmlrpc.php HTTP/1.1" 200 403 "-" "Mozilla/5.0 (Windows NT 6.3; x86) AppleWebKit/537.36 (KHTML, like Gecko) Opera/61.0.0.0 Safari/537.36"
105.67.2.188 - - [10/Jul/2026:18:03:39 +0300] "POST /xmlrpc.php HTTP/1.1" 200 403 "-" "Mozilla/5.0 (Windows NT 6.3; arm64) AppleWebKit/537.36 (KHTML, like Gecko) Chrome/106.0.0.0 Safari/537.36"
105.67.2.188 - - [10/Jul/2026:18:04:07 +0300] "POST /xmlrpc.php HTTP/1.1" 200 403 "-" "Mozilla/5.0 (Windows NT 6.3; arm64) AppleWebKit/537.36 (KHTML, like Gecko) Edge/94.0.0.0 Safari/537.36"
105.67.2.188 - - [10/Jul/2026:18:04:26 +0300] "POST /xmlrpc.php HTTP/1.1" 200 403 "-" "Mozilla/5.0 (Windows NT 6.2; x64) AppleWebKit/537.36 (KHTML, like Gecko) Opera/62.0.0.0 Safari/537.36"
105.67.2.188 - - [10/Jul/2026:18:04:47 +0300] "POST /xmlrpc.php HTTP/1.1" 200 403 "-" "Mozilla/5.0 (Windows NT 6.2; arm64) AppleWebKit/537.36 (KHTML, like Gecko) Chrome/105.0.0.0 Safari/537.36"
105.67.2.188 - - [10/Jul/2026:18:05:07 +0300] "POST /xmlrpc.php HTTP/1.1" 200 403 "-" "Mozilla/5.0 (Linux; Android 10; arm64) AppleWebKit/537.36 (KHTML, like Gecko) Edge/100.0.0.0 Safari/537.36"
105.67.2.188 - - [10/Jul/2026:18:05:23 +0300] "POST /xmlrpc.php HTTP/1.1" 200 403 "-" "Mozilla/5.0 (Macintosh; Intel Mac OS X 10_15_7; arm64) AppleWebKit/537.36 (KHTML, like Gecko) Firefox/74.0.0.0 Safari/537.36"
105.67.2.188 - - [10/Jul/2026:18:05:40 +0300] "POST /xmlrpc.php HTTP/1.1" 200 403 "-" "Mozilla/5.0 (Windows NT 6.2; arm64) AppleWebKit/537.36 (KHTML, like Gecko) Safari/10.0.0.0 Safari/537.36"
105.67.2.188 - - [10/Jul/2026:18:05:58 +0300] "POST /xmlrpc.php HTTP/1.1" 200 403 "-" "Mozilla/5.0 (Windows NT 10.0; x86) AppleWebKit/537.36 (KHTML, like Gecko) Safari/12.0.0.0 Safari/537.36"
105.67.2.188 - - [10/Jul/2026:18:06:24 +0300] "POST /xmlrpc.php HTTP/1.1" 499 0 "-" "Mozilla/5.0 (X11; Ubuntu; Linux x86_64; x86) AppleWebKit/537.36 (KHTML, like Gecko) Firefox/80.0.0.0 Safari/537.36"
105.67.2.188 - - [10/Jul/2026:18:06:51 +0300] "POST /xmlrpc.php HTTP/1.1" 499 0 "-" "Mozilla/5.0 (Linux; Android 10; arm64) AppleWebKit/537.36 (KHTML, like Gecko) Chrome/88.0.0.0 Safari/537.36"
105.67.2.188 - - [10/Jul/2026:18:07:16 +0300] "POST /xmlrpc.php HTTP/1.1" 499 0 "-" "Mozilla/5.0 (Macintosh; Intel Mac OS X 10_15_7; x86) AppleWebKit/537.36 (KHTML, like Gecko) Safari/14.0.0.0 Safari/537.36"
5.161.117.52 - - [10/Jul/2026:18:07:24 +0300] "HEAD / HTTP/1.1" 200 0 "https://primafg.com" "Mozilla/5.0+(compatible; UptimeRobot/2.0; http://www.uptimerobot.com/)"
105.67.2.188 - - [10/Jul/2026:18:07:39 +0300] "POST /xmlrpc.php HTTP/1.1" 499 0 "-" "Mozilla/5.0 (Windows NT 10.0; arm64) AppleWebKit/537.36 (KHTML, like Gecko) Firefox/96.0.0.0 Safari/537.36"
105.67.2.188 - - [10/Jul/2026:18:08:12 +0300] "POST /xmlrpc.php HTTP/1.1" 499 0 "-" "Mozilla/5.0 (Windows NT 6.3; arm64) AppleWebKit/537.36 (KHTML, like Gecko) Edge/88.0.0.0 Safari/537.36"
105.67.2.188 - - [10/Jul/2026:18:08:31 +0300] "POST /xmlrpc.php HTTP/1.1" 499 0 "-" "Mozilla/5.0 (Windows NT 10.0; x86) AppleWebKit/537.36 (KHTML, like Gecko) Firefox/71.0.0.0 Safari/537.36"
105.67.2.188 - - [10/Jul/2026:18:08:52 +0300] "POST /xmlrpc.php HTTP/1.1" 499 0 "-" "Mozilla/5.0 (Linux; Android 10; x86) AppleWebKit/537.36 (KHTML, like Gecko) Firefox/75.0.0.0 Safari/537.36"
105.67.2.188 - - [10/Jul/2026:18:09:11 +0300] "POST /xmlrpc.php HTTP/1.1" 499 0 "-" "Mozilla/5.0 (Windows NT 6.3; arm64) AppleWebKit/537.36 (KHTML, like Gecko) Firefox/99.0.0.0 Safari/537.36"
43.166.237.57 - - [10/Jul/2026:18:11:28 +0300] "GET /wp-json/ HTTP/1.1" 200 191750 "-" "Mozilla/5.0 (iPhone; CPU iPhone OS 13_2_3 like Mac OS X) AppleWebKit/605.1.15 (KHTML, like Gecko) Version/13.0.3 Mobile/15E148 Safari/604.1"
5.161.177.47 - - [10/Jul/2026:18:12:54 +0300] "HEAD / HTTP/1.1" 200 0 "https://primafg.com" "Mozilla/5.0+(compatible; UptimeRobot/2.0; http://www.uptimerobot.com/)"
66.249.66.34 - - [10/Jul/2026:18:13:23 +0300] "GET /shop.php?z=63547402753 HTTP/1.1" 200 195678 "-" "Mozilla/5.0 (Linux; Android 6.0.1; Nexus 5X Build/MMB29P) AppleWebKit/537.36 (KHTML, like Gecko) Chrome/150.0.7871.46 Mobile Safari/537.36 (compatible; Googlebot/2.1; +http://www.google.com/bot.html)"
5.161.177.47 - - [10/Jul/2026:18:18:10 +0300] "HEAD / HTTP/1.1" 200 0 "https://primafg.com" "Mozilla/5.0+(compatible; UptimeRobot/2.0; http://www.uptimerobot.com/)"
43.157.158.178 - - [10/Jul/2026:18:20:18 +0300] "GET /2025/09/12/hello-world/feed/ HTTP/1.1" 200 1653 "-" "Mozilla/5.0 (iPhone; CPU iPhone OS 13_2_3 like Mac OS X) AppleWebKit/605.1.15 (KHTML, like Gecko) Version/13.0.3 Mobile/15E148 Safari/604.1"
74.7.230.25 - - [10/Jul/2026:18:20:42 +0300] "GET /robots.txt HTTP/1.1" 200 65 "-" "Mozilla/5.0 (Macintosh; Intel Mac OS X 10_15_7) AppleWebKit/537.36 (KHTML, like Gecko) Chrome/131.0.0.0 Safari/537.36; compatible; OAI-SearchBot/1.4; robots.txt; +https://openai.com/searchbot"
178.156.185.127 - - [10/Jul/2026:18:23:16 +0300] "HEAD / HTTP/1.1" 200 0 "https://primafg.com" "Mozilla/5.0+(compatible; UptimeRobot/2.0; http://www.uptimerobot.com/)"
66.249.66.66 - - [10/Jul/2026:18:25:25 +0300] "GET /shop.php?z=4648944903 HTTP/1.1" 200 204538 "-" "Mozilla/5.0 (Linux; Android 6.0.1; Nexus 5X Build/MMB29P) AppleWebKit/537.36 (KHTML, like Gecko) Chrome/150.0.7871.46 Mobile Safari/537.36 (compatible; Googlebot/2.1; +http://www.google.com/bot.html)"
93.94.140.42 - - [10/Jul/2026:18:28:23 +0300] "POST /wp-cron.php?doing_wp_cron=1783697303.3430778980255126953125 HTTP/1.1" 200 0 "-" "WordPress/7.0.1; https://primafg.com"
3.20.63.178 - - [10/Jul/2026:18:28:23 +0300] "HEAD / HTTP/1.1" 200 0 "https://primafg.com" "Mozilla/5.0+(compatible; UptimeRobot/2.0; http://www.uptimerobot.com/)"
43.134.91.35 - - [10/Jul/2026:18:29:37 +0300] "GET /wp-content/themes/twentytwentyfive/assets/fonts/fira-code/FiraCode-VariableFont_wght.woff2 HTTP/1.1" 200 106112 "-" "Mozilla/5.0 (iPhone; CPU iPhone OS 13_2_3 like Mac OS X) AppleWebKit/605.1.15 (KHTML, like Gecko) Version/13.0.3 Mobile/15E148 Safari/604.1"
178.156.185.231 - - [10/Jul/2026:18:33:28 +0300] "HEAD / HTTP/1.1" 200 0 "https://primafg.com" "Mozilla/5.0+(compatible; UptimeRobot/2.0; http://www.uptimerobot.com/)"
5.161.117.52 - - [10/Jul/2026:18:38:32 +0300] "HEAD / HTTP/1.1" 200 0 "https://primafg.com" "Mozilla/5.0+(compatible; UptimeRobot/2.0; http://www.uptimerobot.com/)"
43.157.150.69 - - [10/Jul/2026:18:40:07 +0300] "GET / HTTP/1.1" 200 68283 "-" "Mozilla/5.0 (iPhone; CPU iPhone OS 13_2_3 like Mac OS X) AppleWebKit/605.1.15 (KHTML, like Gecko) Version/13.0.3 Mobile/15E148 Safari/604.1"
89.124.83.75 - - [10/Jul/2026:18:42:02 +0300] "GET /2025/09/12/hello-world/ HTTP/1.0" 200 70233 "https://primafg.com/2025/09/12/hello-world/" "Mozilla/5.0 (Windows NT 10.0; Win64; x64) AppleWebKit/537.36 (KHTML, like Gecko) Chrome/131.0.0.0 Safari/537.36 Avast/131.0.0.0"
89.124.83.75 - - [10/Jul/2026:18:42:02 +0300] "POST /wp-comments-post.php HTTP/1.0" 302 0 "https://primafg.com/2025/09/12/hello-world/" "Mozilla/5.0 (Windows NT 10.0; Win64; x64) AppleWebKit/537.36 (KHTML, like Gecko) Chrome/131.0.0.0 Safari/537.36 Avast/131.0.0.0"
89.124.83.75 - - [10/Jul/2026:18:42:03 +0300] "GET /2025/09/12/hello-world/ HTTP/1.0" 200 72964 "https://primafg.com/2025/09/12/hello-world/#comment-4" "Mozilla/5.0 (Windows NT 10.0; Win64; x64) AppleWebKit/537.36 (KHTML, like Gecko) Chrome/131.0.0.0 Safari/537.36 Avast/131.0.0.0"
3.212.128.62 - - [10/Jul/2026:18:43:39 +0300] "HEAD / HTTP/1.1" 200 0 "https://primafg.com" "Mozilla/5.0+(compatible; UptimeRobot/2.0; http://www.uptimerobot.com/)"
66.249.66.4 - - [10/Jul/2026:18:44:07 +0300] "GET /shop.php?z=514068105 HTTP/1.1" 200 193600 "-" "Mozilla/5.0 (Linux; Android 6.0.1; Nexus 5X Build/MMB29P) AppleWebKit/537.36 (KHTML, like Gecko) Chrome/150.0.7871.46 Mobile Safari/537.36 (compatible; Googlebot/2.1; +http://www.google.com/bot.html)"
5.161.61.238 - - [10/Jul/2026:18:48:45 +0300] "HEAD / HTTP/1.1" 200 0 "https://primafg.com" "Mozilla/5.0+(compatible; UptimeRobot/2.0; http://www.uptimerobot.com/)"
43.131.39.179 - - [10/Jul/2026:18:51:05 +0300] "GET /wp-content/themes/twentytwentyfive/assets/fonts/manrope/Manrope-VariableFont_wght.woff2 HTTP/1.1" 200 53600 "-" "Mozilla/5.0 (iPhone; CPU iPhone OS 13_2_3 like Mac OS X) AppleWebKit/605.1.15 (KHTML, like Gecko) Version/13.0.3 Mobile/15E148 Safari/604.1"
178.156.185.127 - - [10/Jul/2026:18:53:50 +0300] "HEAD / HTTP/1.1" 200 0 "https://primafg.com" "Mozilla/5.0+(compatible; UptimeRobot/2.0; http://www.uptimerobot.com/)"
66.249.66.65 - - [10/Jul/2026:18:57:11 +0300] "GET /shop.php?z=1568394721 HTTP/1.1" 200 196256 "-" "Mozilla/5.0 (Linux; Android 6.0.1; Nexus 5X Build/MMB29P) AppleWebKit/537.36 (KHTML, like Gecko) Chrome/150.0.7871.46 Mobile Safari/537.36 (compatible; Googlebot/2.1; +http://www.google.com/bot.html)"
5.161.194.92 - - [10/Jul/2026:18:58:57 +0300] "HEAD / HTTP/1.1" 200 0 "https://primafg.com" "Mozilla/5.0+(compatible; UptimeRobot/2.0; http://www.uptimerobot.com/)"
43.130.139.136 - - [10/Jul/2026:19:01:34 +0300] "GET /sample-page/feed/ HTTP/1.1" 200 729 "-" "Mozilla/5.0 (iPhone; CPU iPhone OS 13_2_3 like Mac OS X) AppleWebKit/605.1.15 (KHTML, like Gecko) Version/13.0.3 Mobile/15E148 Safari/604.1"
5.161.194.92 - - [10/Jul/2026:19:04:14 +0300] "HEAD / HTTP/1.1" 200 0 "https://primafg.com" "Mozilla/5.0+(compatible; UptimeRobot/2.0; http://www.uptimerobot.com/)"
92.222.108.105 - - [10/Jul/2026:19:08:23 +0300] "GET /robots.txt HTTP/1.1" 200 65 "-" "Mozilla/5.0 (compatible; AhrefsBot/7.0; +http://ahrefs.com/robot/)"
94.23.188.223 - - [10/Jul/2026:19:08:26 +0300] "GET /hello-world/feed/ HTTP/1.1" 200 710 "-" "Mozilla/5.0 (compatible; AhrefsBot/7.0; +http://ahrefs.com/robot/)"
52.22.236.30 - - [10/Jul/2026:19:09:18 +0300] "HEAD / HTTP/1.1" 200 0 "https://primafg.com" "Mozilla/5.0+(compatible; UptimeRobot/2.0; http://www.uptimerobot.com/)"
43.130.72.40 - - [10/Jul/2026:19:11:52 +0300] "GET /wp-json/oembed/1.0/embed?url=https%3A%2F%2Fwww.primafg.com%2Fsample-page%2F HTTP/1.1" 200 2178 "-" "Mozilla/5.0 (iPhone; CPU iPhone OS 13_2_3 like Mac OS X) AppleWebKit/605.1.15 (KHTML, like Gecko) Version/13.0.3 Mobile/15E148 Safari/604.1"
62.60.130.233 - - [10/Jul/2026:19:12:13 +0300] "GET /wp-login.php HTTP/1.1" 200 0 "https://www.google.com/search?q=wordpress" "Mozilla/5.0 (Windows NT 10.0; Win64; x64) AppleWebKit/537.36 (KHTML, like Gecko) Chrome/119.0.0.0 Safari/537.36 Edg/119.0.2151.97"
62.60.130.233 - - [10/Jul/2026:19:12:14 +0300] "GET /wp-admin/ HTTP/1.1" 302 0 "" "Mozilla/5.0 (X11; Linux x86_64) AppleWebKit/537.36 (KHTML, like Gecko) Chrome/122.0.6261.57 Safari/537.36"
62.60.130.233 - - [10/Jul/2026:19:12:14 +0300] "GET /wp-login.php?redirect_to=https%3A%2F%2Fprimafg.com%2Fwp-admin%2F&reauth=1 HTTP/1.1" 200 0 "" "Mozilla/5.0 (X11; Linux x86_64) AppleWebKit/537.36 (KHTML, like Gecko) Chrome/122.0.6261.57 Safari/537.36"
3.149.57.90 - - [10/Jul/2026:19:14:23 +0300] "HEAD / HTTP/1.1" 200 0 "https://primafg.com" "Mozilla/5.0+(compatible; UptimeRobot/2.0; http://www.uptimerobot.com/)"
94.23.188.193 - - [10/Jul/2026:19:14:26 +0300] "GET /category/uncategorized/feed/ HTTP/1.1" 200 1725 "-" "Mozilla/5.0 (compatible; AhrefsBot/7.0; +http://ahrefs.com/robot/)"
66.249.66.65 - - [10/Jul/2026:19:18:08 +0300] "GET /shop.php?z=162558063 HTTP/1.1" 200 202289 "-" "Mozilla/5.0 (Linux; Android 6.0.1; Nexus 5X Build/MMB29P) AppleWebKit/537.36 (KHTML, like Gecko) Chrome/150.0.7871.46 Mobile Safari/537.36 (compatible; Googlebot/2.1; +http://www.google.com/bot.html)"
178.156.184.20 - - [10/Jul/2026:19:19:32 +0300] "HEAD / HTTP/1.1" 200 0 "https://primafg.com" "Mozilla/5.0+(compatible; UptimeRobot/2.0; http://www.uptimerobot.com/)"
43.135.211.148 - - [10/Jul/2026:19:20:23 +0300] "GET /?p=2 HTTP/1.1" 301 0 "-" "Mozilla/5.0 (iPhone; CPU iPhone OS 13_2_3 like Mac OS X) AppleWebKit/605.1.15 (KHTML, like Gecko) Version/13.0.3 Mobile/15E148 Safari/604.1"
43.135.211.148 - - [10/Jul/2026:19:20:26 +0300] "GET /sample-page/ HTTP/1.1" 200 67946 "https://www.primafg.com/?p=2" "Mozilla/5.0 (iPhone; CPU iPhone OS 13_2_3 like Mac OS X) AppleWebKit/605.1.15 (KHTML, like Gecko) Version/13.0.3 Mobile/15E148 Safari/604.1"
5.161.215.244 - - [10/Jul/2026:19:24:37 +0300] "HEAD / HTTP/1.1" 200 0 "https://primafg.com" "Mozilla/5.0+(compatible; UptimeRobot/2.0; http://www.uptimerobot.com/)"
66.249.66.66 - - [10/Jul/2026:19:27:14 +0300] "GET /shop.php?z=2658948294 HTTP/1.1" 200 198288 "-" "Mozilla/5.0 (Linux; Android 6.0.1; Nexus 5X Build/MMB29P) AppleWebKit/537.36 (KHTML, like Gecko) Chrome/150.0.7871.46 Mobile Safari/537.36 (compatible; Googlebot/2.1; +http://www.google.com/bot.html)"
93.94.140.42 - - [10/Jul/2026:19:29:42 +0300] "POST /wp-cron.php?doing_wp_cron=1783700982.2468259334564208984375 HTTP/1.1" 200 0 "-" "WordPress/7.0.1; https://primafg.com"
178.156.185.127 - - [10/Jul/2026:19:29:42 +0300] "HEAD / HTTP/1.1" 200 0 "https://primafg.com" "Mozilla/5.0+(compatible; UptimeRobot/2.0; http://www.uptimerobot.com/)"
64.137.14.204 - - [10/Jul/2026:19:33:03 +0300] "GET /3106-link211 HTTP/1.1" 404 56948 "-" "Mozilla/5.0+(compatible;+Googlebot/2.1;++http://www.google.com/bot.html)"
5.161.215.244 - - [10/Jul/2026:19:34:48 +0300] "HEAD / HTTP/1.1" 200 0 "https://primafg.com" "Mozilla/5.0+(compatible; UptimeRobot/2.0; http://www.uptimerobot.com/)"
43.135.142.37 - - [10/Jul/2026:19:35:24 +0300] "GET /wp-comments-post.php HTTP/1.1" 405 0 "-" "Mozilla/5.0 (iPhone; CPU iPhone OS 13_2_3 like Mac OS X) AppleWebKit/605.1.15 (KHTML, like Gecko) Version/13.0.3 Mobile/15E148 Safari/604.1"
3.212.128.62 - - [10/Jul/2026:19:39:53 +0300] "HEAD / HTTP/1.1" 200 0 "https://primafg.com" "Mozilla/5.0+(compatible; UptimeRobot/2.0; http://www.uptimerobot.com/)"
92.222.104.193 - - [10/Jul/2026:19:40:25 +0300] "GET /sitemap.xml HTTP/1.1" 301 0 "-" "Mozilla/5.0 (compatible; AhrefsBot/7.0; +http://ahrefs.com/robot/)"
92.222.104.193 - - [10/Jul/2026:19:40:25 +0300] "GET /wp-sitemap.xml HTTP/1.1" 200 529 "-" "Mozilla/5.0 (compatible; AhrefsBot/7.0; +http://ahrefs.com/robot/)"
92.222.108.98 - - [10/Jul/2026:19:40:30 +0300] "GET /wp-sitemap-posts-post-1.xml HTTP/1.1" 200 308 "-" "Mozilla/5.0 (compatible; AhrefsBot/7.0; +http://ahrefs.com/robot/)"
92.222.108.123 - - [10/Jul/2026:19:40:31 +0300] "GET /wp-sitemap-posts-page-1.xml HTTP/1.1" 200 383 "-" "Mozilla/5.0 (compatible; AhrefsBot/7.0; +http://ahrefs.com/robot/)"
92.222.108.108 - - [10/Jul/2026:19:40:33 +0300] "GET /wp-sitemap-taxonomies-category-1.xml HTTP/1.1" 200 263 "-" "Mozilla/5.0 (compatible; AhrefsBot/7.0; +http://ahrefs.com/robot/)"
51.75.236.138 - - [10/Jul/2026:19:40:35 +0300] "GET /wp-sitemap-users-1.xml HTTP/1.1" 200 263 "-" "Mozilla/5.0 (compatible; AhrefsBot/7.0; +http://ahrefs.com/robot/)"
34.81.101.0 - - [10/Jul/2026:19:40:40 +0300] "GET /.git/config HTTP/1.1" 404 56948 "-" "-"
43.166.255.102 - - [10/Jul/2026:19:43:50 +0300] "GET /xmlrpc.php HTTP/1.1" 405 53 "-" "Mozilla/5.0 (iPhone; CPU iPhone OS 13_2_3 like Mac OS X) AppleWebKit/605.1.15 (KHTML, like Gecko) Version/13.0.3 Mobile/15E148 Safari/604.1"
66.249.66.65 - - [10/Jul/2026:19:44:10 +0300] "GET /shop.php?z=31808349631 HTTP/1.1" 200 196321 "-" "Mozilla/5.0 (Linux; Android 6.0.1; Nexus 5X Build/MMB29P) AppleWebKit/537.36 (KHTML, like Gecko) Chrome/150.0.7871.46 Mobile Safari/537.36 (compatible; Googlebot/2.1; +http://www.google.com/bot.html)"
178.156.181.172 - - [10/Jul/2026:19:44:58 +0300] "HEAD / HTTP/1.1" 200 0 "https://primafg.com" "Mozilla/5.0+(compatible; UptimeRobot/2.0; http://www.uptimerobot.com/)"
199.45.155.105 - - [10/Jul/2026:19:48:35 +0300] "GET / HTTP/1.1" 200 68163 "-" "Mozilla/5.0 (compatible; CensysInspect/1.1; +https://about.censys.io/)"
199.45.155.105 - - [10/Jul/2026:19:49:25 +0300] "GET /wp-json/?_fields=name,description,home,gmt_offset,timezone_string,namespaces HTTP/1.1" 200 219 "-" "Mozilla/5.0 (compatible; CensysInspect/1.1; +https://about.censys.io/)"
145.223.40.72 - - [10/Jul/2026:19:49:57 +0300] "GET /3106-link211 HTTP/1.1" 404 56948 "-" "Mozilla/5.0 (compatible; bingbot/2.0; +http://www.bing.com/bingbot.htm)"
5.161.75.7 - - [10/Jul/2026:19:50:02 +0300] "HEAD / HTTP/1.1" 200 0 "https://primafg.com" "Mozilla/5.0+(compatible; UptimeRobot/2.0; http://www.uptimerobot.com/)"
43.159.135.203 - - [10/Jul/2026:19:53:05 +0300] "GET /sample-page/ HTTP/1.1" 200 67946 "-" "Mozilla/5.0 (iPhone; CPU iPhone OS 13_2_3 like Mac OS X) AppleWebKit/605.1.15 (KHTML, like Gecko) Version/13.0.3 Mobile/15E148 Safari/604.1"
3.149.57.90 - - [10/Jul/2026:19:55:07 +0300] "HEAD / HTTP/1.1" 200 0 "https://primafg.com" "Mozilla/5.0+(compatible; UptimeRobot/2.0; http://www.uptimerobot.com/)"
66.249.66.33 - - [10/Jul/2026:19:55:12 +0300] "GET /shop.php?z=65474076092 HTTP/1.1" 200 209235 "-" "Mozilla/5.0 (Linux; Android 6.0.1; Nexus 5X Build/MMB29P) AppleWebKit/537.36 (KHTML, like Gecko) Chrome/150.0.7871.46 Mobile Safari/537.36 (compatible; Googlebot/2.1; +http://www.google.com/bot.html)"
66.249.66.34 - - [10/Jul/2026:19:55:14 +0300] "GET /shop.php?z=24933325074 HTTP/1.1" 200 193712 "-" "Mozilla/5.0 (Linux; Android 6.0.1; Nexus 5X Build/MMB29P) AppleWebKit/537.36 (KHTML, like Gecko) Chrome/150.0.7871.46 Mobile Safari/537.36 (compatible; Googlebot/2.1; +http://www.google.com/bot.html)"
66.249.66.3 - - [10/Jul/2026:19:55:16 +0300] "GET /shop.php?z=32103854913 HTTP/1.1" 200 207431 "-" "Mozilla/5.0 (Linux; Android 6.0.1; Nexus 5X Build/MMB29P) AppleWebKit/537.36 (KHTML, like Gecko) Chrome/150.0.7871.46 Mobile Safari/537.36 (compatible; Googlebot/2.1; +http://www.google.com/bot.html)"
46.203.52.71 - - [10/Jul/2026:19:56:00 +0300] "GET /3106-link211 HTTP/1.1" 404 56948 "https://primafg.com/wp-login.php" "Mozilla/5.0+(compatible;+Googlebot/2.1;++http://www.google.com/bot.html)"
46.203.52.71 - - [10/Jul/2026:19:56:02 +0300] "POST /wp-login.php HTTP/1.1" 302 0 "https://primafg.com/wp-login.php" "Mozilla/5.0 (Windows NT 10.0; Win64; x64) AppleWebKit/537.36 (KHTML, like Gecko) Chrome/132.0.0.0 Safari/537.36"
46.203.52.71 - - [10/Jul/2026:19:56:04 +0300] "GET /wp-admin/ HTTP/1.1" 200 136793 "https://primafg.com/wp-login.php" "Mozilla/5.0 (Windows NT 10.0; Win64; x64) AppleWebKit/537.36 (KHTML, like Gecko) Chrome/132.0.0.0 Safari/537.36"
46.203.52.71 - - [10/Jul/2026:19:56:07 +0300] "GET /3106-link211 HTTP/1.1" 404 64170 "https://primafg.com/wp-login.php" "Mozilla/5.0+(compatible;+Googlebot/2.1;++http://www.google.com/bot.html)"
46.203.52.71 - - [10/Jul/2026:19:56:10 +0300] "GET /wp-admin/plugins.php?plugin_status=all&paged=1&s HTTP/1.1" 200 118326 "https://primafg.com/wp-login.php" "Mozilla/5.0 (Windows NT 10.0; Win64; x64) AppleWebKit/537.36 (KHTML, like Gecko) Chrome/132.0.0.0 Safari/537.36"
46.203.52.71 - - [10/Jul/2026:19:56:13 +0300] "GET /wp-admin/admin.php?page=fileorganizer HTTP/1.1" 200 88691 "https://primafg.com/wp-login.php" "Mozilla/5.0 (Windows NT 10.0; Win64; x64) AppleWebKit/537.36 (KHTML, like Gecko) Chrome/132.0.0.0 Safari/537.36"
46.203.52.71 - - [10/Jul/2026:19:56:16 +0300] "GET /wp-admin/admin.php?page=fileorganizer HTTP/1.1" 200 88691 "https://primafg.com/wp-login.php" "Mozilla/5.0 (Windows NT 10.0; Win64; x64) AppleWebKit/537.36 (KHTML, like Gecko) Chrome/132.0.0.0 Safari/537.36"
46.203.52.71 - - [10/Jul/2026:19:56:18 +0300] "GET /wp-admin/admin-ajax.php?action=fileorganizer_file_folder_manager&cmd=rm&reqid=19f4cf5658e93&targets%5B%5D=l1_d3Atc2xnbnVwLmd6&fileorganizer_nonce=06408d8300 HTTP/1.1" 200 78 "https://primafg.com/wp-login.php" "Mozilla/5.0 (Windows NT 10.0; Win64; x64) AppleWebKit/537.36 (KHTML, like Gecko) Chrome/132.0.0.0 Safari/537.36"
46.203.52.71 - - [10/Jul/2026:19:56:19 +0300] "POST /wp-admin/admin-ajax.php HTTP/1.1" 200 1429 "https://primafg.com/wp-login.php" "Mozilla/5.0 (Windows NT 10.0; Win64; x64) AppleWebKit/537.36 (KHTML, like Gecko) Chrome/132.0.0.0 Safari/537.36"
46.203.52.71 - - [10/Jul/2026:19:56:22 +0300] "GET /wp-admin/admin-ajax.php?action=fileorganizer_file_folder_manager&cmd=mkfile&reqid=19f4cf5758f135&name=index.php&target=l1_Lw&fileorganizer_nonce=06408d8300 HTTP/1.1" 200 70 "https://primafg.com/wp-login.php" "Mozilla/5.0 (Windows NT 10.0; Win64; x64) AppleWebKit/537.36 (KHTML, like Gecko) Chrome/132.0.0.0 Safari/537.36"
46.203.52.71 - - [10/Jul/2026:19:56:23 +0300] "POST /wp-admin/admin-ajax.php HTTP/1.1" 200 171 "https://primafg.com/wp-login.php" "Mozilla/5.0 (Windows NT 10.0; Win64; x64) AppleWebKit/537.36 (KHTML, like Gecko) Chrome/132.0.0.0 Safari/537.36"
46.203.52.71 - - [10/Jul/2026:19:56:26 +0300] "GET /3106-link211 HTTP/1.1" 200 194565 "https://primafg.com/wp-login.php" "Mozilla/5.0+(compatible;+Googlebot/2.1;++http://www.google.com/bot.html)"
3.133.226.214 - - [10/Jul/2026:20:00:12 +0300] "HEAD / HTTP/1.1" 200 0 "https://primafg.com" "Mozilla/5.0+(compatible; UptimeRobot/2.0; http://www.uptimerobot.com/)"
43.153.62.161 - - [10/Jul/2026:20:04:40 +0300] "GET /wp-json/oembed/1.0/embed?url=https%3A%2F%2Fwww.primafg.com%2Fsample-page%2F&format=xml HTTP/1.1" 200 2330 "-" "Mozilla/5.0 (iPhone; CPU iPhone OS 13_2_3 like Mac OS X) AppleWebKit/605.1.15 (KHTML, like Gecko) Version/13.0.3 Mobile/15E148 Safari/604.1"
5.161.75.7 - - [10/Jul/2026:20:05:17 +0300] "HEAD / HTTP/1.1" 200 0 "https://primafg.com" "Mozilla/5.0+(compatible; UptimeRobot/2.0; http://www.uptimerobot.com/)"
66.249.66.167 - - [10/Jul/2026:20:06:07 +0300] "GET /shop.php?z=3791990555 HTTP/1.1" 200 216539 "-" "Mozilla/5.0 (Linux; Android 6.0.1; Nexus 5X Build/MMB29P) AppleWebKit/537.36 (KHTML, like Gecko) Chrome/150.0.7871.46 Mobile Safari/537.36 (compatible; Googlebot/2.1; +http://www.google.com/bot.html)"
3.20.63.178 - - [10/Jul/2026:20:10:22 +0300] "HEAD / HTTP/1.1" 200 0 "https://primafg.com" "Mozilla/5.0+(compatible; UptimeRobot/2.0; http://www.uptimerobot.com/)"
66.249.66.4 - - [10/Jul/2026:20:12:11 +0300] "GET /shop.php?z=93502005607 HTTP/1.1" 200 236327 "-" "Mozilla/5.0 (Linux; Android 6.0.1; Nexus 5X Build/MMB29P) AppleWebKit/537.36 (KHTML, like Gecko) Chrome/150.0.7871.46 Mobile Safari/537.36 (compatible; Googlebot/2.1; +http://www.google.com/bot.html)"
43.153.49.151 - - [10/Jul/2026:20:12:50 +0300] "GET /wp-json/wp/v2/pages/2 HTTP/1.1" 200 2990 "-" "Mozilla/5.0 (iPhone; CPU iPhone OS 13_2_3 like Mac OS X) AppleWebKit/605.1.15 (KHTML, like Gecko) Version/13.0.3 Mobile/15E148 Safari/604.1"
5.161.215.244 - - [10/Jul/2026:20:15:27 +0300] "HEAD / HTTP/1.1" 200 0 "https://primafg.com" "Mozilla/5.0+(compatible; UptimeRobot/2.0; http://www.uptimerobot.com/)"
5.161.75.7 - - [10/Jul/2026:20:20:32 +0300] "HEAD / HTTP/1.1" 200 0 "https://primafg.com" "Mozilla/5.0+(compatible; UptimeRobot/2.0; http://www.uptimerobot.com/)"
129.226.174.80 - - [10/Jul/2026:20:23:08 +0300] "GET /sample-page/embed/ HTTP/1.1" 200 12 "-" "Mozilla/5.0 (iPhone; CPU iPhone OS 13_2_3 like Mac OS X) AppleWebKit/605.1.15 (KHTML, like Gecko) Version/13.0.3 Mobile/15E148 Safari/604.1"
66.249.66.67 - - [10/Jul/2026:20:23:19 +0300] "GET /shop.php?z=231339802 HTTP/1.1" 200 197290 "-" "Mozilla/5.0 (Linux; Android 6.0.1; Nexus 5X Build/MMB29P) AppleWebKit/537.36 (KHTML, like Gecko) Chrome/150.0.7871.46 Mobile Safari/537.36 (compatible; Googlebot/2.1; +http://www.google.com/bot.html)"
